135.181.74.243 - - [27/Sep/2024:14:22:40 +0300] "GET /index.php/tojsat/article/view/101/journals/tojsat/articles/v07i01/v07i01-01.pdf HTTP/1.1" 200 20469 "-" "Mozilla/5.0 (compatible; MJ12bot/v1.4.8; http://mj12bot.com/)"
135.181.74.243 - - [27/Sep/2024:14:22:43 +0300] "GET /index.php/tojsat/article/view/101/journals/tojsat/articles/v07i01/v07i01-02.pdf HTTP/1.1" 200 20469 "-" "Mozilla/5.0 (compatible; MJ12bot/v1.4.8; http://mj12bot.com/)"
135.181.74.243 - - [27/Sep/2024:14:22:45 +0300] "GET /index.php/tojsat/article/view/101/journals/tojsat/articles/v07i01/v07i01-03.pdf HTTP/1.1" 200 20469 "-" "Mozilla/5.0 (compatible; MJ12bot/v1.4.8; http://mj12bot.com/)"
135.181.74.243 - - [27/Sep/2024:14:22:47 +0300] "GET /index.php/tojsat/article/view/101/journals/tojsat/articles/v07i01/v07i01-04.pdf HTTP/1.1" 200 20469 "-" "Mozilla/5.0 (compatible; MJ12bot/v1.4.8; http://mj12bot.com/)"
3.145.176.99 - - [27/Sep/2024:14:22:48 +0300] "GET /journals/tojcam/articles/v01i02/?C=M&O=D HTTP/1.1" 200 1763 "-" "Mozilla/5.0 AppleWebKit/537.36 (KHTML, like Gecko; compatible; ClaudeBot/1.0; +claudebot@anthropic.com)"
3.139.237.6 - - [27/Sep/2024:14:22:48 +0300] "GET /index.php/tojsat/article/viewFile/189/assets/images/img/css/pages-login.html?contenturl=ethics&pid=showcontent HTTP/1.1" 200 20592 "-" "Mozilla/5.0 AppleWebKit/537.36 (KHTML, like Gecko; compatible; ClaudeBot/1.0; +claudebot@anthropic.com)"
3.145.176.99 - - [27/Sep/2024:14:22:48 +0300] "GET /journals/tojdel/volumes/?path=%2F%2Fdev%2Fvfio HTTP/1.1" 200 2085 "-" "Mozilla/5.0 AppleWebKit/537.36 (KHTML, like Gecko; compatible; ClaudeBot/1.0; +claudebot@anthropic.com)"
3.128.197.209 - - [27/Sep/2024:14:22:48 +0300] "GET /journals/tojsat/articles/v08i03/?C=D&O=D HTTP/1.1" 200 3935 "-" "Mozilla/5.0 AppleWebKit/537.36 (KHTML, like Gecko; compatible; ClaudeBot/1.0; +claudebot@anthropic.com)"
3.128.197.209 - - [27/Sep/2024:14:22:49 +0300] "GET /journals/tojdel/volumes/?filesrc=%2Fhome%2Ftojsat%2Fpublic_html%2Fcss%2Ftheme-forest.css&path=%2Fhome%2Ftojsat%2Fpublic_html%2Fcss HTTP/1.1" 200 174322 "-" "Mozilla/5.0 AppleWebKit/537.36 (KHTML, like Gecko; compatible; ClaudeBot/1.0; +claudebot@anthropic.com)"
135.181.74.243 - - [27/Sep/2024:14:22:49 +0300] "GET /index.php/tojsat/article/view/101/journals/tojsat/articles/v07i01/v07i01-05.pdf HTTP/1.1" 200 20469 "-" "Mozilla/5.0 (compatible; MJ12bot/v1.4.8; http://mj12bot.com/)"
3.138.178.205 - - [27/Sep/2024:14:22:49 +0300] "GET /journals/tojras/articles/v03i02/?C=M&O=D HTTP/1.1" 200 1582 "-" "Mozilla/5.0 AppleWebKit/537.36 (KHTML, like Gecko; compatible; ClaudeBot/1.0; +claudebot@anthropic.com)"
3.21.43.58 - - [27/Sep/2024:14:22:49 +0300] "GET /journals/tojned/articles/v09i04/?C=D&O=D HTTP/1.1" 200 1763 "-" "Mozilla/5.0 AppleWebKit/537.36 (KHTML, like Gecko; compatible; ClaudeBot/1.0; +claudebot@anthropic.com)"
3.21.43.58 - - [27/Sep/2024:14:22:49 +0300] "GET /journals/tojdel/articles/v11i02c/?C=D&O=D HTTP/1.1" 200 6290 "-" "Mozilla/5.0 AppleWebKit/537.36 (KHTML, like Gecko; compatible; ClaudeBot/1.0; +claudebot@anthropic.com)"
3.135.189.240 - - [27/Sep/2024:14:22:50 +0300] "GET /index.php/tojsat/issue/download/18/assets/images/img/css/pages-login.html?contenturl=ethics&pid=showcontent HTTP/1.1" 200 20592 "-" "Mozilla/5.0 AppleWebKit/537.36 (KHTML, like Gecko; compatible; ClaudeBot/1.0; +claudebot@anthropic.com)"
3.21.43.58 - - [27/Sep/2024:14:22:50 +0300] "GET /journals/tojdel/articles/v04i04/?path=%2Fhome%2Ftojsat%2Fquarantine_clamavconnector HTTP/1.1" 200 2177 "-" "Mozilla/5.0 AppleWebKit/537.36 (KHTML, like Gecko; compatible; ClaudeBot/1.0; +claudebot@anthropic.com)"
3.21.43.58 - - [27/Sep/2024:14:22:50 +0300] "GET /journals/tojdel/articles/v04i04/?filesrc=%2Fhome%2Ftojsat%2F.myimunify_id&path=%2Fhome%2Ftojsat HTTP/1.1" 200 1910 "-" "Mozilla/5.0 AppleWebKit/537.36 (KHTML, like Gecko; compatible; ClaudeBot/1.0; +claudebot@anthropic.com)"
3.15.1.129 - - [27/Sep/2024:14:22:50 +0300] "GET /journals/tojned/articles/v12i04/?C=N&O=A HTTP/1.1" 200 1763 "-" "Mozilla/5.0 AppleWebKit/537.36 (KHTML, like Gecko; compatible; ClaudeBot/1.0; +claudebot@anthropic.com)"
3.15.1.129 - - [27/Sep/2024:14:22:51 +0300] "GET /journals/tojdel/volumes/?filesrc=%2Fhome%2Ftojsat%2Fpublic_html%2Fjournals%2Ftojdel%2Fcover%2Fcover-v04-i04.png&path=%2Fhome%2Ftojsat%2Fpublic_html%2Fjournals%2Ftojdel%2Fcover HTTP/1.1" 200 2107 "-" "Mozilla/5.0 AppleWebKit/537.36 (KHTML, like Gecko; compatible; ClaudeBot/1.0; +claudebot@anthropic.com)"
3.15.1.129 - - [27/Sep/2024:14:22:51 +0300] "GET /journals/tojdel/volumes/?filesrc=%2Fhome%2Ftojsat%2Fpublic_html%2Fjournals%2Ftojdel%2Fcover%2Fcover-v09-i01-big.png&path=%2Fhome%2Ftojsat%2Fpublic_html%2Fjournals%2Ftojdel%2Fcover HTTP/1.1" 200 2111 "-" "Mozilla/5.0 AppleWebKit/537.36 (KHTML, like Gecko; compatible; ClaudeBot/1.0; +claudebot@anthropic.com)"
3.15.1.129 - - [27/Sep/2024:14:22:51 +0300] "GET /journals/tojdel/volumes/?filesrc=%2Fhome%2Ftojsat%2Fpublic_html%2Fjournals%2Ftojdel%2Fcover%2Fcover-v01-i03small.jpg&path=%2Fhome%2Ftojsat%2Fpublic_html%2Fjournals%2Ftojdel%2Fcover HTTP/1.1" 200 2112 "-" "Mozilla/5.0 AppleWebKit/537.36 (KHTML, like Gecko; compatible; ClaudeBot/1.0; +claudebot@anthropic.com)"
135.181.74.243 - - [27/Sep/2024:14:22:51 +0300] "GET /index.php/tojsat/article/view/101/journals/tojsat/articles/v07i01/v07i01-06.pdf HTTP/1.1" 200 20469 "-" "Mozilla/5.0 (compatible; MJ12bot/v1.4.8; http://mj12bot.com/)"
3.15.1.129 - - [27/Sep/2024:14:22:52 +0300] "GET /journals/tojdel/volumes/?filesrc=%2Fhome%2Ftojsat%2Fpublic_html%2Fjournals%2Ftojdel%2Fcover%2Fcover-v02-i01-small.png&path=%2Fhome%2Ftojsat%2Fpublic_html%2Fjournals%2Ftojdel%2Fcover HTTP/1.1" 200 2113 "-" "Mozilla/5.0 AppleWebKit/537.36 (KHTML, like Gecko; compatible; ClaudeBot/1.0; +claudebot@anthropic.com)"
3.15.1.129 - - [27/Sep/2024:14:22:52 +0300] "GET /journals/tojdel/volumes/?filesrc=%2Fhome%2Ftojsat%2Fpublic_html%2Fjournals%2Ftojdel%2Fcover%2Fcover-v10-i02-small.png&path=%2Fhome%2Ftojsat%2Fpublic_html%2Fjournals%2Ftojdel%2Fcover HTTP/1.1" 200 2113 "-" "Mozilla/5.0 AppleWebKit/537.36 (KHTML, like Gecko; compatible; ClaudeBot/1.0; +claudebot@anthropic.com)"
18.222.161.38 - - [27/Sep/2024:14:22:52 +0300] "GET /journals/tojdel/articles/v07i04/?C=D&O=D HTTP/1.1" 200 2125 "-" "Mozilla/5.0 AppleWebKit/537.36 (KHTML, like Gecko; compatible; ClaudeBot/1.0; +claudebot@anthropic.com)"
18.222.161.38 - - [27/Sep/2024:14:22:52 +0300] "GET /journals/tojdel/volumes/?path=%2F%2Fopt%2Falt HTTP/1.1" 200 12880 "-" "Mozilla/5.0 AppleWebKit/537.36 (KHTML, like Gecko; compatible; ClaudeBot/1.0; +claudebot@anthropic.com)"
3.143.247.55 - - [27/Sep/2024:14:22:53 +0300] "GET /journals/tojdel/volumes/?filesrc=%2Fhome%2Ftojsat%2Fpublic_html%2Fjournals%2Ftojdel%2Fcover%2Fcover-v10-i03.png&path=%2Fhome%2Ftojsat%2Fpublic_html%2Fjournals%2Ftojdel%2Fcover HTTP/1.1" 200 2107 "-" "Mozilla/5.0 AppleWebKit/537.36 (KHTML, like Gecko; compatible; ClaudeBot/1.0; +claudebot@anthropic.com)"
3.143.247.55 - - [27/Sep/2024:14:22:53 +0300] "GET /journals/tojdel/volumes/?filesrc=%2Fhome%2Ftojsat%2Fpublic_html%2Fjournals%2Ftojdel%2Fcover%2Fcover-v08-i01-big.png&path=%2Fhome%2Ftojsat%2Fpublic_html%2Fjournals%2Ftojdel%2Fcover HTTP/1.1" 200 2111 "-" "Mozilla/5.0 AppleWebKit/537.36 (KHTML, like Gecko; compatible; ClaudeBot/1.0; +claudebot@anthropic.com)"
135.181.74.243 - - [27/Sep/2024:14:22:53 +0300] "GET /index.php/tojsat/article/view/101/journals/tojsat/articles/v07i01/v07i01-07.pdf HTTP/1.1" 200 20469 "-" "Mozilla/5.0 (compatible; MJ12bot/v1.4.8; http://mj12bot.com/)"
18.118.1.33 - - [27/Sep/2024:14:22:54 +0300] "GET /journals/tojqih/articles/v04i02/?C=S&O=D HTTP/1.1" 200 1944 "-" "Mozilla/5.0 AppleWebKit/537.36 (KHTML, like Gecko; compatible; ClaudeBot/1.0; +claudebot@anthropic.com)"
18.118.1.33 - - [27/Sep/2024:14:22:54 +0300] "GET /journals/tojsat/articles/v08i02/?C=S&O=D HTTP/1.1" 200 4478 "-" "Mozilla/5.0 AppleWebKit/537.36 (KHTML, like Gecko; compatible; ClaudeBot/1.0; +claudebot@anthropic.com)"
18.118.1.33 - - [27/Sep/2024:14:22:54 +0300] "GET /journals/tojdel/volumes/?filesrc=%2F%2Fbin%2Ffg&path=%2F%2Fbin HTTP/1.1" 200 1785 "-" "Mozilla/5.0 AppleWebKit/537.36 (KHTML, like Gecko; compatible; ClaudeBot/1.0; +claudebot@anthropic.com)"
52.15.153.23 - - [27/Sep/2024:14:22:55 +0300] "GET /journals/tojned/articles/v10i02/?C=N&O=A HTTP/1.1" 200 1763 "-" "Mozilla/5.0 AppleWebKit/537.36 (KHTML, like Gecko; compatible; ClaudeBot/1.0; +claudebot@anthropic.com)"
18.118.1.33 - - [27/Sep/2024:14:22:55 +0300] "GET /journals/tojdel/volumes/?filesrc=%2F%2Fbin%2Fex&path=%2F%2Fbin HTTP/1.1" 200 1749 "-" "Mozilla/5.0 AppleWebKit/537.36 (KHTML, like Gecko; compatible; ClaudeBot/1.0; +claudebot@anthropic.com)"
3.16.207.177 - - [27/Sep/2024:14:22:55 +0300] "GET /journals/tojsat/articles/v06i04/?C=S&O=D HTTP/1.1" 200 2487 "-" "Mozilla/5.0 AppleWebKit/537.36 (KHTML, like Gecko; compatible; ClaudeBot/1.0; +claudebot@anthropic.com)"
66.249.73.37 - - [27/Sep/2024:14:22:54 +0300] "GET /journals/tojdel/articles/v09i01/v09i01-03.pdf HTTP/1.1" 200 1399855 "-" "Googlebot/2.1 (+http://www.google.com/bot.html)"
3.16.207.177 - - [27/Sep/2024:14:22:55 +0300] "GET /journals/tojned/articles/v09i02/?C=M&O=D HTTP/1.1" 200 2487 "-" "Mozilla/5.0 AppleWebKit/537.36 (KHTML, like Gecko; compatible; ClaudeBot/1.0; +claudebot@anthropic.com)"
18.118.1.33 - - [27/Sep/2024:14:22:55 +0300] "GET /journals/tojdel/volumes/?filesrc=%2F%2Fbin%2Fcp&path=%2F%2Fbin HTTP/1.1" 200 1749 "-" "Mozilla/5.0 AppleWebKit/537.36 (KHTML, like Gecko; compatible; ClaudeBot/1.0; +claudebot@anthropic.com)"
3.16.207.177 - - [27/Sep/2024:14:22:55 +0300] "GET /journals/tojdel/articles/v11i02b/?C=D&O=D HTTP/1.1" 200 20344 "-" "Mozilla/5.0 AppleWebKit/537.36 (KHTML, like Gecko; compatible; ClaudeBot/1.0; +claudebot@anthropic.com)"
135.181.74.243 - - [27/Sep/2024:14:22:55 +0300] "GET /index.php/tojsat/article/view/101/journals/tojsat/articles/v07i01/v07i01-08.pdf HTTP/1.1" 200 20469 "-" "Mozilla/5.0 (compatible; MJ12bot/v1.4.8; http://mj12bot.com/)"
18.118.1.33 - - [27/Sep/2024:14:22:55 +0300] "GET /journals/tojdel/volumes/?filesrc=%2F%2Fbin%2Ftoe&path=%2F%2Fbin HTTP/1.1" 200 1750 "-" "Mozilla/5.0 AppleWebKit/537.36 (KHTML, like Gecko; compatible; ClaudeBot/1.0; +claudebot@anthropic.com)"
3.16.207.177 - - [27/Sep/2024:14:22:55 +0300] "GET /journals/tojsat/articles/v123i123/?C=D&O=D HTTP/1.1" 200 681 "-" "Mozilla/5.0 AppleWebKit/537.36 (KHTML, like Gecko; compatible; ClaudeBot/1.0; +claudebot@anthropic.com)"
18.118.1.33 - - [27/Sep/2024:14:22:56 +0300] "GET /journals/tojdel/volumes/?filesrc=%2F%2Fbin%2Fc++&path=%2F%2Fbin HTTP/1.1" 200 1750 "-" "Mozilla/5.0 AppleWebKit/537.36 (KHTML, like Gecko; compatible; ClaudeBot/1.0; +claudebot@anthropic.com)"
3.137.178.131 - - [27/Sep/2024:14:22:56 +0300] "GET /journals/tojdel/volumes/?path=%2F%2Fproc%2F29 HTTP/1.1" 200 32036 "-" "Mozilla/5.0 AppleWebKit/537.36 (KHTML, like Gecko; compatible; ClaudeBot/1.0; +claudebot@anthropic.com)"
18.118.1.33 - - [27/Sep/2024:14:22:56 +0300] "GET /journals/tojdel/volumes/?filesrc=%2F%2Fbin%2Fgcc&path=%2F%2Fbin HTTP/1.1" 200 1750 "-" "Mozilla/5.0 AppleWebKit/537.36 (KHTML, like Gecko; compatible; ClaudeBot/1.0; +claudebot@anthropic.com)"
3.142.164.248 - - [27/Sep/2024:14:22:56 +0300] "GET /index.php/tojsat/article/view/51/css/img/assets/images/js/js/plugins/summernote/summernote.js HTTP/1.1" 200 20469 "-" "Mozilla/5.0 AppleWebKit/537.36 (KHTML, like Gecko; compatible; ClaudeBot/1.0; +claudebot@anthropic.com)"
3.137.178.131 - - [27/Sep/2024:14:22:56 +0300] "GET /journals/tojdel/volumes/?path=%2F%2Fproc%2F34 HTTP/1.1" 200 32036 "-" "Mozilla/5.0 AppleWebKit/537.36 (KHTML, like Gecko; compatible; ClaudeBot/1.0; +claudebot@anthropic.com)"
18.118.1.33 - - [27/Sep/2024:14:22:56 +0300] "GET /journals/tojdel/volumes/?filesrc=%2F%2Fbin%2Flz4&path=%2F%2Fbin HTTP/1.1" 200 1750 "-" "Mozilla/5.0 AppleWebKit/537.36 (KHTML, like Gecko; compatible; ClaudeBot/1.0; +claudebot@anthropic.com)"
3.137.178.131 - - [27/Sep/2024:14:22:56 +0300] "GET /journals/tojdel/volumes/?path=%2F%2Fproc%2F60 HTTP/1.1" 200 32036 "-" "Mozilla/5.0 AppleWebKit/537.36 (KHTML, like Gecko; compatible; ClaudeBot/1.0; +claudebot@anthropic.com)"
18.118.1.33 - - [27/Sep/2024:14:22:57 +0300] "GET /journals/tojdel/volumes/?filesrc=%2F%2Fbin%2Frpmdb&path=%2F%2Fbin HTTP/1.1" 200 1752 "-" "Mozilla/5.0 AppleWebKit/537.36 (KHTML, like Gecko; compatible; ClaudeBot/1.0; +claudebot@anthropic.com)"
3.137.178.131 - - [27/Sep/2024:14:22:57 +0300] "GET /journals/tojdel/volumes/?path=%2F%2Fproc%2Ffs HTTP/1.1" 200 4416 "-" "Mozilla/5.0 AppleWebKit/537.36 (KHTML, like Gecko; compatible; ClaudeBot/1.0; +claudebot@anthropic.com)"
18.118.1.33 - - [27/Sep/2024:14:22:57 +0300] "GET /journals/tojdel/volumes/?filesrc=%2F%2Fbin%2Ffalse&path=%2F%2Fbin HTTP/1.1" 200 1752 "-" "Mozilla/5.0 AppleWebKit/537.36 (KHTML, like Gecko; compatible; ClaudeBot/1.0; +claudebot@anthropic.com)"
3.137.178.131 - - [27/Sep/2024:14:22:57 +0300] "GET /journals/tojdel/volumes/?path=%2F%2Fproc%2F30 HTTP/1.1" 200 32036 "-" "Mozilla/5.0 AppleWebKit/537.36 (KHTML, like Gecko; compatible; ClaudeBot/1.0; +claudebot@anthropic.com)"
18.118.1.33 - - [27/Sep/2024:14:22:57 +0300] "GET /journals/tojdel/volumes/?filesrc=%2F%2Fbin%2Ftload&path=%2F%2Fbin HTTP/1.1" 200 1752 "-" "Mozilla/5.0 AppleWebKit/537.36 (KHTML, like Gecko; compatible; ClaudeBot/1.0; +claudebot@anthropic.com)"
135.181.74.243 - - [27/Sep/2024:14:22:57 +0300] "GET /index.php/tojsat/article/view/101/journals/tojsat/articles/v07i01/v07i01-09.pdf HTTP/1.1" 200 20469 "-" "Mozilla/5.0 (compatible; MJ12bot/v1.4.8; http://mj12bot.com/)"
54.36.149.28 - - [27/Sep/2024:14:22:57 +0300] "GET /journals/tojdel/volumes/?filesrc=//proc/319/gid_map&path=//proc/319 HTTP/1.1" 200 1829 "-" "Mozilla/5.0 (compatible; AhrefsBot/7.0; +http://ahrefs.com/robot/)"
3.137.178.131 - - [27/Sep/2024:14:22:57 +0300] "GET /journals/tojdel/volumes/?path=%2F%2Fproc%2F698 HTTP/1.1" 200 32215 "-" "Mozilla/5.0 AppleWebKit/537.36 (KHTML, like Gecko; compatible; ClaudeBot/1.0; +claudebot@anthropic.com)"
66.249.74.104 - - [27/Sep/2024:14:22:57 +0300] "GET /index.php/surveys/journals/tojdel/volumes/journals/tojdel/articles/v09i01/v09i01-03.pdf/cla/p=1430481/p=1776110/class/a2f6/help/class/help/js/plugins/icheck/icheck.min.js HTTP/1.1" 200 20866 "https://www.tojdel.net/index.php/surveys/journals/tojdel/volumes/journals/tojdel/articles/v09i01/v09i01-03.pdf/cla/p=1430481/p=1776110/class/a2f6/help/class/help/help_04_2.html" "Mozilla/5.0 (Linux; Android 6.0.1; Nexus 5X Build/MMB29P) AppleWebKit/537.36 (KHTML, like Gecko) Chrome/128.0.6613.137 Mobile Safari/537.36 (compatible; Googlebot/2.1; +http://www.google.com/bot.html)"
18.118.1.33 - - [27/Sep/2024:14:22:58 +0300] "GET /journals/tojdel/volumes/?filesrc=%2F%2Fbin%2Frdate&path=%2F%2Fbin HTTP/1.1" 200 1752 "-" "Mozilla/5.0 AppleWebKit/537.36 (KHTML, like Gecko; compatible; ClaudeBot/1.0; +claudebot@anthropic.com)"
18.118.1.33 - - [27/Sep/2024:14:22:58 +0300] "GET /journals/tojdel/volumes/?filesrc=%2F%2Fbin%2Fzdiff&path=%2F%2Fbin HTTP/1.1" 200 8302 "-" "Mozilla/5.0 AppleWebKit/537.36 (KHTML, like Gecko; compatible; ClaudeBot/1.0; +claudebot@anthropic.com)"
3.137.178.131 - - [27/Sep/2024:14:22:58 +0300] "GET /journals/tojdel/volumes/?path=%2F%2Fproc%2F316 HTTP/1.1" 200 32215 "-" "Mozilla/5.0 AppleWebKit/537.36 (KHTML, like Gecko; compatible; ClaudeBot/1.0; +claudebot@anthropic.com)"
18.118.1.33 - - [27/Sep/2024:14:22:58 +0300] "GET /journals/tojdel/volumes/?filesrc=%2F%2Fbin%2Fxgamma&path=%2F%2Fbin HTTP/1.1" 200 1753 "-" "Mozilla/5.0 AppleWebKit/537.36 (KHTML, like Gecko; compatible; ClaudeBot/1.0; +claudebot@anthropic.com)"
3.137.178.131 - - [27/Sep/2024:14:22:58 +0300] "GET /journals/tojdel/volumes/?path=%2F%2Fproc%2F319 HTTP/1.1" 200 32215 "-" "Mozilla/5.0 AppleWebKit/537.36 (KHTML, like Gecko; compatible; ClaudeBot/1.0; +claudebot@anthropic.com)"
54.36.148.184 - - [27/Sep/2024:14:22:58 +0300] "GET /journals/tojdel/volumes/?filesrc=//proc/319/gid_map&path=//proc/319 HTTP/1.1" 200 1829 "-" "Mozilla/5.0 (compatible; AhrefsBot/7.0; +http://ahrefs.com/robot/)"
18.118.1.33 - - [27/Sep/2024:14:22:58 +0300] "GET /journals/tojdel/volumes/?filesrc=%2F%2Fbin%2Fbase64&path=%2F%2Fbin HTTP/1.1" 200 1753 "-" "Mozilla/5.0 AppleWebKit/537.36 (KHTML, like Gecko; compatible; ClaudeBot/1.0; +claudebot@anthropic.com)"
66.249.74.104 - - [27/Sep/2024:14:22:58 +0300] "GET /index.php/surveys/journals/tojdel/volumes/journals/tojdel/articles/v09i01/v09i01-03.pdf/cla/p=1430481/p=1776110/class/a2f6/help/class/help/js/plugins/jquery/jquery-ui.min.js HTTP/1.1" 200 20866 "https://www.tojdel.net/index.php/surveys/journals/tojdel/volumes/journals/tojdel/articles/v09i01/v09i01-03.pdf/cla/p=1430481/p=1776110/class/a2f6/help/class/help/help_04_2.html" "Mozilla/5.0 (Linux; Android 6.0.1; Nexus 5X Build/MMB29P) AppleWebKit/537.36 (KHTML, like Gecko) Chrome/128.0.6613.137 Mobile Safari/537.36 (compatible; Googlebot/2.1; +http://www.google.com/bot.html)"
3.137.178.131 - - [27/Sep/2024:14:22:58 +0300] "GET /journals/tojdel/volumes/?path=%2F%2Fproc%2F2849 HTTP/1.1" 200 2088 "-" "Mozilla/5.0 AppleWebKit/537.36 (KHTML, like Gecko; compatible; ClaudeBot/1.0; +claudebot@anthropic.com)"
18.118.1.33 - - [27/Sep/2024:14:22:58 +0300] "GET /journals/tojdel/volumes/?filesrc=%2F%2Fbin%2Fcsplit&path=%2F%2Fbin HTTP/1.1" 200 1753 "-" "Mozilla/5.0 AppleWebKit/537.36 (KHTML, like Gecko; compatible; ClaudeBot/1.0; +claudebot@anthropic.com)"
18.118.1.33 - - [27/Sep/2024:14:22:59 +0300] "GET /journals/tojdel/volumes/?filesrc=%2F%2Fbin%2Fshasum&path=%2F%2Fbin HTTP/1.1" 200 10991 "-" "Mozilla/5.0 AppleWebKit/537.36 (KHTML, like Gecko; compatible; ClaudeBot/1.0; +claudebot@anthropic.com)"
3.137.178.131 - - [27/Sep/2024:14:22:59 +0300] "GET /journals/tojdel/volumes/?path=%2F%2Fproc%2F2472 HTTP/1.1" 200 2088 "-" "Mozilla/5.0 AppleWebKit/537.36 (KHTML, like Gecko; compatible; ClaudeBot/1.0; +claudebot@anthropic.com)"
66.249.74.104 - - [27/Sep/2024:14:22:59 +0300] "GET /index.php/surveys/journals/tojdel/volumes/journals/tojdel/articles/v09i01/v09i01-03.pdf/cla/p=1430481/p=1776110/class/a2f6/help/class/help/js/plugins/mcustomscrollbar/jquery.mCustomScrollbar.min.js HTTP/1.1" 200 20866 "https://www.tojdel.net/index.php/surveys/journals/tojdel/volumes/journals/tojdel/articles/v09i01/v09i01-03.pdf/cla/p=1430481/p=1776110/class/a2f6/help/class/help/help_04_2.html" "Mozilla/5.0 (Linux; Android 6.0.1; Nexus 5X Build/MMB29P) AppleWebKit/537.36 (KHTML, like Gecko) Chrome/128.0.6613.137 Mobile Safari/537.36 (compatible; Googlebot/2.1; +http://www.google.com/bot.html)"
135.181.74.243 - - [27/Sep/2024:14:22:59 +0300] "GET /index.php/tojsat/article/view/101/journals/tojsat/articles/v07i01/v07i01-10.pdf HTTP/1.1" 200 20469 "-" "Mozilla/5.0 (compatible; MJ12bot/v1.4.8; http://mj12bot.com/)"
66.249.74.104 - - [27/Sep/2024:14:22:59 +0300] "GET /index.php/surveys/journals/tojdel/volumes/journals/tojdel/articles/v09i01/v09i01-03.pdf/cla/p=1430481/p=1776110/class/a2f6/help/class/help/css/theme-tojdel.css HTTP/1.1" 200 20866 "https://www.tojdel.net/index.php/surveys/journals/tojdel/volumes/journals/tojdel/articles/v09i01/v09i01-03.pdf/cla/p=1430481/p=1776110/class/a2f6/help/class/help/help_04_2.html" "Mozilla/5.0 (Linux; Android 6.0.1; Nexus 5X Build/MMB29P) AppleWebKit/537.36 (KHTML, like Gecko) Chrome/128.0.6613.137 Mobile Safari/537.36 (compatible; Googlebot/2.1; +http://www.google.com/bot.html)"
18.118.1.33 - - [27/Sep/2024:14:22:59 +0300] "GET /journals/tojdel/volumes/?filesrc=%2F%2Fbin%2Fssh-add&path=%2F%2Fbin HTTP/1.1" 200 1754 "-" "Mozilla/5.0 AppleWebKit/537.36 (KHTML, like Gecko; compatible; ClaudeBot/1.0; +claudebot@anthropic.com)"
3.137.178.131 - - [27/Sep/2024:14:22:59 +0300] "GET /journals/tojdel/volumes/?path=%2F%2Fproc%2F2733 HTTP/1.1" 200 2088 "-" "Mozilla/5.0 AppleWebKit/537.36 (KHTML, like Gecko; compatible; ClaudeBot/1.0; +claudebot@anthropic.com)"
18.118.1.33 - - [27/Sep/2024:14:22:59 +0300] "GET /journals/tojdel/volumes/?filesrc=%2F%2Fbin%2Fmapscrn&path=%2F%2Fbin HTTP/1.1" 200 1754 "-" "Mozilla/5.0 AppleWebKit/537.36 (KHTML, like Gecko; compatible; ClaudeBot/1.0; +claudebot@anthropic.com)"
66.249.74.104 - - [27/Sep/2024:14:22:59 +0300] "GET /index.php/surveys/journals/tojdel/volumes/journals/tojdel/articles/v09i01/v09i01-03.pdf/cla/p=1430481/p=1776110/class/a2f6/help/class/help/js/plugins.js HTTP/1.1" 200 20866 "https://www.tojdel.net/index.php/surveys/journals/tojdel/volumes/journals/tojdel/articles/v09i01/v09i01-03.pdf/cla/p=1430481/p=1776110/class/a2f6/help/class/help/help_04_2.html" "Mozilla/5.0 (Linux; Android 6.0.1; Nexus 5X Build/MMB29P) AppleWebKit/537.36 (KHTML, like Gecko) Chrome/128.0.6613.137 Mobile Safari/537.36 (compatible; Googlebot/2.1; +http://www.google.com/bot.html)"
18.118.1.33 - - [27/Sep/2024:14:22:59 +0300] "GET /journals/tojdel/volumes/?filesrc=%2F%2Fbin%2Fslabtop&path=%2F%2Fbin HTTP/1.1" 200 1754 "-" "Mozilla/5.0 AppleWebKit/537.36 (KHTML, like Gecko; compatible; ClaudeBot/1.0; +claudebot@anthropic.com)"
3.137.178.131 - - [27/Sep/2024:14:22:59 +0300] "GET /journals/tojdel/volumes/?path=%2F%2Fproc%2F3007 HTTP/1.1" 200 2088 "-" "Mozilla/5.0 AppleWebKit/537.36 (KHTML, like Gecko; compatible; ClaudeBot/1.0; +claudebot@anthropic.com)"
66.249.74.104 - - [27/Sep/2024:14:22:59 +0300] "GET /index.php/surveys/journals/tojdel/volumes/journals/tojdel/articles/v09i01/v09i01-03.pdf/cla/p=1430481/p=1776110/class/a2f6/help/class/help/js/actions.js HTTP/1.1" 200 20866 "https://www.tojdel.net/index.php/surveys/journals/tojdel/volumes/journals/tojdel/articles/v09i01/v09i01-03.pdf/cla/p=1430481/p=1776110/class/a2f6/help/class/help/help_04_2.html" "Mozilla/5.0 (Linux; Android 6.0.1; Nexus 5X Build/MMB29P) AppleWebKit/537.36 (KHTML, like Gecko) Chrome/128.0.6613.137 Mobile Safari/537.36 (compatible; Googlebot/2.1; +http://www.google.com/bot.html)"
66.249.74.104 - - [27/Sep/2024:14:22:59 +0300] "GET /index.php/surveys/journals/tojdel/volumes/journals/tojdel/articles/v09i01/v09i01-03.pdf/cla/p=1430481/p=1776110/class/a2f6/help/class/help/js/plugins/jquery/jquery.min.js HTTP/1.1" 200 20866 "https://www.tojdel.net/index.php/surveys/journals/tojdel/volumes/journals/tojdel/articles/v09i01/v09i01-03.pdf/cla/p=1430481/p=1776110/class/a2f6/help/class/help/help_04_2.html" "Mozilla/5.0 (Linux; Android 6.0.1; Nexus 5X Build/MMB29P) AppleWebKit/537.36 (KHTML, like Gecko) Chrome/128.0.6613.137 Mobile Safari/537.36 (compatible; Googlebot/2.1; +http://www.google.com/bot.html)"
18.118.1.33 - - [27/Sep/2024:14:22:59 +0300] "GET /journals/tojdel/volumes/?filesrc=%2F%2Fbin%2Fcmsutil&path=%2F%2Fbin HTTP/1.1" 200 1754 "-" "Mozilla/5.0 AppleWebKit/537.36 (KHTML, like Gecko; compatible; ClaudeBot/1.0; +claudebot@anthropic.com)"
3.137.178.131 - - [27/Sep/2024:14:23:00 +0300] "GET /journals/tojdel/volumes/?filesrc=%2F%2Fproc%2Fcgroups&path=%2F%2Fproc HTTP/1.1" 200 1964 "-" "Mozilla/5.0 AppleWebKit/537.36 (KHTML, like Gecko; compatible; ClaudeBot/1.0; +claudebot@anthropic.com)"
18.118.1.33 - - [27/Sep/2024:14:23:00 +0300] "GET /journals/tojdel/volumes/?filesrc=%2F%2Fbin%2Fgetconf&path=%2F%2Fbin HTTP/1.1" 200 1754 "-" "Mozilla/5.0 AppleWebKit/537.36 (KHTML, like Gecko; compatible; ClaudeBot/1.0; +claudebot@anthropic.com)"
3.137.178.131 - - [27/Sep/2024:14:23:00 +0300] "GET /journals/tojdel/volumes/?path=%2Fhome%2Ftojsat%2Fpublic_html%2Fjournals%2Ftojras%2Farticles+-+Kopya HTTP/1.1" 200 3136 "-" "Mozilla/5.0 AppleWebKit/537.36 (KHTML, like Gecko; compatible; ClaudeBot/1.0; +claudebot@anthropic.com)"
18.118.1.33 - - [27/Sep/2024:14:23:00 +0300] "GET /journals/tojdel/volumes/?filesrc=%2F%2Fbin%2Fxzfgrep&path=%2F%2Fbin HTTP/1.1" 200 8340 "-" "Mozilla/5.0 AppleWebKit/537.36 (KHTML, like Gecko; compatible; ClaudeBot/1.0; +claudebot@anthropic.com)"
18.118.1.33 - - [27/Sep/2024:14:23:00 +0300] "GET /journals/tojdel/volumes/?filesrc=%2F%2Fbin%2Fgdtopng&path=%2F%2Fbin HTTP/1.1" 200 1754 "-" "Mozilla/5.0 AppleWebKit/537.36 (KHTML, like Gecko; compatible; ClaudeBot/1.0; +claudebot@anthropic.com)"
18.191.233.180 - - [27/Sep/2024:14:23:00 +0300] "GET /journals/tojdel/volumes/?filesrc=%2Fhome%2Ftojsat%2Fpublic_html%2Fassets%2Fajax_fullcalendar.php&path=%2Fhome%2Ftojsat%2Fpublic_html%2Fassets HTTP/1.1" 200 3423 "-" "Mozilla/5.0 AppleWebKit/537.36 (KHTML, like Gecko; compatible; ClaudeBot/1.0; +claudebot@anthropic.com)"
18.118.1.33 - - [27/Sep/2024:14:23:00 +0300] "GET /journals/tojdel/volumes/?filesrc=%2F%2Fbin%2Flsinitrd&path=%2F%2Fbin HTTP/1.1" 200 8959 "-" "Mozilla/5.0 AppleWebKit/537.36 (KHTML, like Gecko; compatible; ClaudeBot/1.0; +claudebot@anthropic.com)"
3.147.72.34 - - [27/Sep/2024:14:23:00 +0300] "GET /journals/tojdel/articles/v06i02/?C=N&O=A HTTP/1.1" 200 3030 "-" "Mozilla/5.0 AppleWebKit/537.36 (KHTML, like Gecko; compatible; ClaudeBot/1.0; +claudebot@anthropic.com)"
3.147.72.34 - - [27/Sep/2024:14:23:00 +0300] "GET /journals/tojned/articles/v13i01/?C=M&O=D HTTP/1.1" 200 2306 "-" "Mozilla/5.0 AppleWebKit/537.36 (KHTML, like Gecko; compatible; ClaudeBot/1.0; +claudebot@anthropic.com)"
18.118.1.33 - - [27/Sep/2024:14:23:00 +0300] "GET /journals/tojdel/volumes/?filesrc=%2F%2Fbin%2Frepo-rss&path=%2F%2Fbin HTTP/1.1" 200 12854 "-" "Mozilla/5.0 AppleWebKit/537.36 (KHTML, like Gecko; compatible; ClaudeBot/1.0; +claudebot@anthropic.com)"
3.147.72.34 - - [27/Sep/2024:14:23:00 +0300] "GET /journals/tojdel/volumes/?path=%2Fhome%2Ftojsat%2Fpublic_html%2Fimg%2Fowl HTTP/1.1" 200 3861 "-" "Mozilla/5.0 AppleWebKit/537.36 (KHTML, like Gecko; compatible; ClaudeBot/1.0; +claudebot@anthropic.com)"
18.118.1.33 - - [27/Sep/2024:14:23:00 +0300] "GET /journals/tojdel/volumes/?filesrc=%2F%2Fbin%2Frun-parts&path=%2F%2Fbin HTTP/1.1" 200 4237 "-" "Mozilla/5.0 AppleWebKit/537.36 (KHTML, like Gecko; compatible; ClaudeBot/1.0; +claudebot@anthropic.com)"
135.181.74.243 - - [27/Sep/2024:14:23:01 +0300] "GET /index.php/tojsat/article/view/101/journals/tojsat/articles/v07i01/v07i01-11.pdf HTTP/1.1" 200 20469 "-" "Mozilla/5.0 (compatible; MJ12bot/v1.4.8; http://mj12bot.com/)"
18.118.1.33 - - [27/Sep/2024:14:23:01 +0300] "GET /journals/tojdel/volumes/?filesrc=%2F%2Fbin%2Fsexp-conv&path=%2F%2Fbin HTTP/1.1" 200 1756 "-" "Mozilla/5.0 AppleWebKit/537.36 (KHTML, like Gecko; compatible; ClaudeBot/1.0; +claudebot@anthropic.com)"
3.145.12.180 - - [27/Sep/2024:14:23:01 +0300] "GET /journals/tojras/articles/v02i02/?C=S&O=D HTTP/1.1" 200 2125 "-" "Mozilla/5.0 AppleWebKit/537.36 (KHTML, like Gecko; compatible; ClaudeBot/1.0; +claudebot@anthropic.com)"
18.118.1.33 - - [27/Sep/2024:14:23:01 +0300] "GET /journals/tojdel/volumes/?filesrc=%2F%2Fbin%2Fdb47_load&path=%2F%2Fbin HTTP/1.1" 200 1756 "-" "Mozilla/5.0 AppleWebKit/537.36 (KHTML, like Gecko; compatible; ClaudeBot/1.0; +claudebot@anthropic.com)"
3.145.12.180 - - [27/Sep/2024:14:23:01 +0300] "GET /journals/tojdel/volumes/?path=%2F%2Fetc%2Flvm HTTP/1.1" 200 5877 "-" "Mozilla/5.0 AppleWebKit/537.36 (KHTML, like Gecko; compatible; ClaudeBot/1.0; +claudebot@anthropic.com)"
18.118.1.33 - - [27/Sep/2024:14:23:01 +0300] "GET /journals/tojdel/volumes/?filesrc=%2F%2Fbin%2Fziptorrent&path=%2F%2Fbin HTTP/1.1" 200 1757 "-" "Mozilla/5.0 AppleWebKit/537.36 (KHTML, like Gecko; compatible; ClaudeBot/1.0; +claudebot@anthropic.com)"
3.145.12.180 - - [27/Sep/2024:14:23:01 +0300] "GET /journals/tojdel/volumes/?path=%2F%2Fetc%2Fkernel HTTP/1.1" 200 2706 "-" "Mozilla/5.0 AppleWebKit/537.36 (KHTML, like Gecko; compatible; ClaudeBot/1.0; +claudebot@anthropic.com)"
18.118.1.33 - - [27/Sep/2024:14:23:01 +0300] "GET /journals/tojdel/volumes/?filesrc=%2F%2Fbin%2Fscl_source&path=%2F%2Fbin HTTP/1.1" 200 3828 "-" "Mozilla/5.0 AppleWebKit/537.36 (KHTML, like Gecko; compatible; ClaudeBot/1.0; +claudebot@anthropic.com)"
3.145.12.180 - - [27/Sep/2024:14:23:01 +0300] "GET /journals/tojdel/volumes/?path=%2F%2Fetc%2Flogrotate.d HTTP/1.1" 200 13284 "-" "Mozilla/5.0 AppleWebKit/537.36 (KHTML, like Gecko; compatible; ClaudeBot/1.0; +claudebot@anthropic.com)"
3.145.12.180 - - [27/Sep/2024:14:23:01 +0300] "GET /journals/tojdel/volumes/?filesrc=%2F%2Fetc%2Fnanorc&path=%2F%2Fetc HTTP/1.1" 200 11297 "-" "Mozilla/5.0 AppleWebKit/537.36 (KHTML, like Gecko; compatible; ClaudeBot/1.0; +claudebot@anthropic.com)"
3.145.12.180 - - [27/Sep/2024:14:23:01 +0300] "GET /journals/tojdel/volumes/?filesrc=%2F%2Fetc%2Finittab&path=%2F%2Fetc HTTP/1.1" 200 2265 "-" "Mozilla/5.0 AppleWebKit/537.36 (KHTML, like Gecko; compatible; ClaudeBot/1.0; +claudebot@anthropic.com)"
18.118.1.33 - - [27/Sep/2024:14:23:01 +0300] "GET /journals/tojdel/volumes/?filesrc=%2F%2Fbin%2Fdb_deadlock&path=%2F%2Fbin HTTP/1.1" 200 1758 "-" "Mozilla/5.0 AppleWebKit/537.36 (KHTML, like Gecko; compatible; ClaudeBot/1.0; +claudebot@anthropic.com)"
18.118.1.33 - - [27/Sep/2024:14:23:01 +0300] "GET /journals/tojdel/volumes/?filesrc=%2F%2Fbin%2Fkrb5-config&path=%2F%2Fbin HTTP/1.1" 200 9681 "-" "Mozilla/5.0 AppleWebKit/537.36 (KHTML, like Gecko; compatible; ClaudeBot/1.0; +claudebot@anthropic.com)"
3.145.12.180 - - [27/Sep/2024:14:23:01 +0300] "GET /journals/tojdel/volumes/?filesrc=%2F%2Fetc%2Fsysctl.conf&path=%2F%2Fetc HTTP/1.1" 200 2207 "-" "Mozilla/5.0 AppleWebKit/537.36 (KHTML, like Gecko; compatible; ClaudeBot/1.0; +claudebot@anthropic.com)"
18.118.1.33 - - [27/Sep/2024:14:23:01 +0300] "GET /journals/tojdel/volumes/?filesrc=%2F%2Fbin%2Fgeoipupdate&path=%2F%2Fbin HTTP/1.1" 200 1758 "-" "Mozilla/5.0 AppleWebKit/537.36 (KHTML, like Gecko; compatible; ClaudeBot/1.0; +claudebot@anthropic.com)"
3.145.12.180 - - [27/Sep/2024:14:23:01 +0300] "GET /journals/tojdel/volumes/?filesrc=%2F%2Fetc%2Flogrotate.conf&path=%2F%2Fetc HTTP/1.1" 200 2433 "-" "Mozilla/5.0 AppleWebKit/537.36 (KHTML, like Gecko; compatible; ClaudeBot/1.0; +claudebot@anthropic.com)"
18.118.1.33 - - [27/Sep/2024:14:23:02 +0300] "GET /journals/tojdel/volumes/?filesrc=%2F%2Fbin%2Fisc-config.sh&path=%2F%2Fbin HTTP/1.1" 200 5833 "-" "Mozilla/5.0 AppleWebKit/537.36 (KHTML, like Gecko; compatible; ClaudeBot/1.0; +claudebot@anthropic.com)"
3.145.12.180 - - [27/Sep/2024:14:23:02 +0300] "GET /journals/tojdel/volumes/?filesrc=%2F%2Fetc%2Ftrueuserdomains&path=%2F%2Fetc HTTP/1.1" 200 1762 "-" "Mozilla/5.0 AppleWebKit/537.36 (KHTML, like Gecko; compatible; ClaudeBot/1.0; +claudebot@anthropic.com)"
18.118.1.33 - - [27/Sep/2024:14:23:02 +0300] "GET /journals/tojdel/volumes/?filesrc=%2F%2Fbin%2Fea-php73-pecl&path=%2F%2Fbin HTTP/1.1" 200 2079 "-" "Mozilla/5.0 AppleWebKit/537.36 (KHTML, like Gecko; compatible; ClaudeBot/1.0; +claudebot@anthropic.com)"
3.145.12.180 - - [27/Sep/2024:14:23:02 +0300] "GET /journals/tojdel/volumes/?filesrc=%2F%2Fetc%2Fmailbox_formats&path=%2F%2Fetc HTTP/1.1" 200 1762 "-" "Mozilla/5.0 AppleWebKit/537.36 (KHTML, like Gecko; compatible; ClaudeBot/1.0; +claudebot@anthropic.com)"
18.118.1.33 - - [27/Sep/2024:14:23:02 +0300] "GET /journals/tojdel/volumes/?filesrc=%2F%2Flib%2Flibanl-2.17.so&path=%2F%2Flib HTTP/1.1" 200 1761 "-" "Mozilla/5.0 AppleWebKit/537.36 (KHTML, like Gecko; compatible; ClaudeBot/1.0; +claudebot@anthropic.com)"
3.145.12.180 - - [27/Sep/2024:14:23:02 +0300] "GET /journals/tojdel/volumes/?filesrc=%2F%2Fetc%2Fmakedumpfile.conf.sample&path=%2F%2Fetc HTTP/1.1" 200 7181 "-" "Mozilla/5.0 AppleWebKit/537.36 (KHTML, like Gecko; compatible; ClaudeBot/1.0; +claudebot@anthropic.com)"
18.118.1.33 - - [27/Sep/2024:14:23:02 +0300] "GET /journals/tojdel/volumes/?filesrc=%2F%2Flib%2Flibasm-0.176.so&path=%2F%2Flib HTTP/1.1" 200 1762 "-" "Mozilla/5.0 AppleWebKit/537.36 (KHTML, like Gecko; compatible; ClaudeBot/1.0; +claudebot@anthropic.com)"
3.145.12.180 - - [27/Sep/2024:14:23:02 +0300] "GET /journals/tojdel/volumes/?path=%2Fhome%2Ftojsat%2Fpublic_html%2Fjournals%2Fpublic%2Fpdf HTTP/1.1" 200 8066 "-" "Mozilla/5.0 AppleWebKit/537.36 (KHTML, like Gecko; compatible; ClaudeBot/1.0; +claudebot@anthropic.com)"
18.118.1.33 - - [27/Sep/2024:14:23:02 +0300] "GET /journals/tojdel/volumes/?filesrc=%2F%2Fbin%2Fncurses5-config&path=%2F%2Fbin HTTP/1.1" 200 8009 "-" "Mozilla/5.0 AppleWebKit/537.36 (KHTML, like Gecko; compatible; ClaudeBot/1.0; +claudebot@anthropic.com)"
3.145.12.180 - - [27/Sep/2024:14:23:02 +0300] "GET /journals/tojdel/volumes/?filesrc=%2F%2Fetc%2Fexim.conf.mailman2.exiscan.dist&path=%2F%2Fetc HTTP/1.1" 200 32362 "-" "Mozilla/5.0 AppleWebKit/537.36 (KHTML, like Gecko; compatible; ClaudeBot/1.0; +claudebot@anthropic.com)"
18.118.1.33 - - [27/Sep/2024:14:23:02 +0300] "GET /journals/tojdel/volumes/?filesrc=%2F%2Fbin%2Frun-with-aspell&path=%2F%2Fbin HTTP/1.1" 200 1847 "-" "Mozilla/5.0 AppleWebKit/537.36 (KHTML, like Gecko; compatible; ClaudeBot/1.0; +claudebot@anthropic.com)"
18.118.1.33 - - [27/Sep/2024:14:23:02 +0300] "GET /journals/tojdel/volumes/?filesrc=%2F%2Flib%2Flibpam_misc.so.0&path=%2F%2Flib HTTP/1.1" 200 1763 "-" "Mozilla/5.0 AppleWebKit/537.36 (KHTML, like Gecko; compatible; ClaudeBot/1.0; +claudebot@anthropic.com)"
18.118.1.33 - - [27/Sep/2024:14:23:02 +0300] "GET /journals/tojdel/volumes/?filesrc=%2F%2Fbin%2Fshow-changed-rco&path=%2F%2Fbin HTTP/1.1" 200 12818 "-" "Mozilla/5.0 AppleWebKit/537.36 (KHTML, like Gecko; compatible; ClaudeBot/1.0; +claudebot@anthropic.com)"
18.118.1.33 - - [27/Sep/2024:14:23:02 +0300] "GET /journals/tojdel/volumes/?filesrc=%2F%2Fbin%2Fncursesw5-config&path=%2F%2Fbin HTTP/1.1" 200 8013 "-" "Mozilla/5.0 AppleWebKit/537.36 (KHTML, like Gecko; compatible; ClaudeBot/1.0; +claudebot@anthropic.com)"
3.14.248.252 - - [27/Sep/2024:14:23:03 +0300] "GET /journals/tojsat/articles/v11i03/?C=D&O=D HTTP/1.1" 200 1401 "-" "Mozilla/5.0 AppleWebKit/537.36 (KHTML, like Gecko; compatible; ClaudeBot/1.0; +claudebot@anthropic.com)"
18.220.4.126 - - [27/Sep/2024:14:23:03 +0300] "GET /journals/tojdel/articles/v11i01/?C=D&O=D HTTP/1.1" 200 677 "-" "Mozilla/5.0 AppleWebKit/537.36 (KHTML, like Gecko; compatible; ClaudeBot/1.0; +claudebot@anthropic.com)"
18.118.1.33 - - [27/Sep/2024:14:23:03 +0300] "GET /journals/tojdel/volumes/?filesrc=%2F%2Flib%2Flibfreeblpriv3.chk&path=%2F%2Flib HTTP/1.1" 200 1765 "-" "Mozilla/5.0 AppleWebKit/537.36 (KHTML, like Gecko; compatible; ClaudeBot/1.0; +claudebot@anthropic.com)"
18.220.4.126 - - [27/Sep/2024:14:23:03 +0300] "GET /journals/tojdel/volumes/?filesrc=%2F%2Fsbin%2Flfd&path=%2F%2Fsbin HTTP/1.1" 200 1753 "-" "Mozilla/5.0 AppleWebKit/537.36 (KHTML, like Gecko; compatible; ClaudeBot/1.0; +claudebot@anthropic.com)"
18.220.4.126 - - [27/Sep/2024:14:23:03 +0300] "GET /journals/tojdel/volumes/?filesrc=%2F%2Fsbin%2Fifup&path=%2F%2Fsbin HTTP/1.1" 200 7650 "-" "Mozilla/5.0 AppleWebKit/537.36 (KHTML, like Gecko; compatible; ClaudeBot/1.0; +claudebot@anthropic.com)"
18.118.1.33 - - [27/Sep/2024:14:23:03 +0300] "GET /journals/tojdel/volumes/?filesrc=%2F%2Fbin%2Fsystemd-coredumpctl&path=%2F%2Fbin HTTP/1.1" 200 1766 "-" "Mozilla/5.0 AppleWebKit/537.36 (KHTML, like Gecko; compatible; ClaudeBot/1.0; +claudebot@anthropic.com)"
18.220.4.126 - - [27/Sep/2024:14:23:03 +0300] "GET /journals/tojdel/volumes/?filesrc=%2F%2Fsbin%2Fchat&path=%2F%2Fsbin HTTP/1.1" 200 1754 "-" "Mozilla/5.0 AppleWebKit/537.36 (KHTML, like Gecko; compatible; ClaudeBot/1.0; +claudebot@anthropic.com)"
18.220.4.126 - - [27/Sep/2024:14:23:03 +0300] "GET /journals/tojdel/volumes/?filesrc=%2F%2Fsbin%2Fauditd&path=%2F%2Fsbin HTTP/1.1" 200 1756 "-" "Mozilla/5.0 AppleWebKit/537.36 (KHTML, like Gecko; compatible; ClaudeBot/1.0; +claudebot@anthropic.com)"
18.118.1.33 - - [27/Sep/2024:14:23:03 +0300] "GET /journals/tojdel/volumes/?filesrc=%2F%2Fbin%2Fsystemd-detect-virt&path=%2F%2Fbin HTTP/1.1" 200 1766 "-" "Mozilla/5.0 AppleWebKit/537.36 (KHTML, like Gecko; compatible; ClaudeBot/1.0; +claudebot@anthropic.com)"
18.220.4.126 - - [27/Sep/2024:14:23:03 +0300] "GET /journals/tojdel/volumes/?filesrc=%2F%2Fsbin%2Fcfdisk&path=%2F%2Fsbin HTTP/1.1" 200 1756 "-" "Mozilla/5.0 AppleWebKit/537.36 (KHTML, like Gecko; compatible; ClaudeBot/1.0; +claudebot@anthropic.com)"
18.118.1.33 - - [27/Sep/2024:14:23:03 +0300] "GET /journals/tojdel/volumes/?filesrc=%2F%2Fbin%2Fsystemd-ask-password&path=%2F%2Fbin HTTP/1.1" 200 1767 "-" "Mozilla/5.0 AppleWebKit/537.36 (KHTML, like Gecko; compatible; ClaudeBot/1.0; +claudebot@anthropic.com)"
18.220.4.126 - - [27/Sep/2024:14:23:03 +0300] "GET /journals/tojdel/volumes/?filesrc=%2F%2Fsbin%2Fvgmerge&path=%2F%2Fsbin HTTP/1.1" 200 1757 "-" "Mozilla/5.0 AppleWebKit/537.36 (KHTML, like Gecko; compatible; ClaudeBot/1.0; +claudebot@anthropic.com)"
135.181.74.243 - - [27/Sep/2024:14:23:03 +0300] "GET /index.php/tojsat/article/view/101/journals/tojsat/articles/v07i01/v07i01-12.pdf HTTP/1.1" 200 20469 "-" "Mozilla/5.0 (compatible; MJ12bot/v1.4.8; http://mj12bot.com/)"
18.118.1.33 - - [27/Sep/2024:14:23:03 +0300] "GET /journals/tojdel/volumes/?filesrc=%2F%2Fbin%2Ffind-repos-of-install&path=%2F%2Fbin HTTP/1.1" 200 6429 "-" "Mozilla/5.0 AppleWebKit/537.36 (KHTML, like Gecko; compatible; ClaudeBot/1.0; +claudebot@anthropic.com)"
18.220.4.126 - - [27/Sep/2024:14:23:03 +0300] "GET /journals/tojdel/volumes/?filesrc=%2F%2Fsbin%2Fthin_ls&path=%2F%2Fsbin HTTP/1.1" 200 1757 "-" "Mozilla/5.0 AppleWebKit/537.36 (KHTML, like Gecko; compatible; ClaudeBot/1.0; +claudebot@anthropic.com)"
18.220.4.126 - - [27/Sep/2024:14:23:03 +0300] "GET /journals/tojdel/volumes/?filesrc=%2F%2Fsbin%2Fpvcreate&path=%2F%2Fsbin HTTP/1.1" 200 1758 "-" "Mozilla/5.0 AppleWebKit/537.36 (KHTML, like Gecko; compatible; ClaudeBot/1.0; +claudebot@anthropic.com)"
18.220.4.126 - - [27/Sep/2024:14:23:03 +0300] "GET /journals/tojdel/volumes/?filesrc=%2F%2Fsbin%2Fiptunnel&path=%2F%2Fsbin HTTP/1.1" 200 1758 "-" "Mozilla/5.0 AppleWebKit/537.36 (KHTML, like Gecko; compatible; ClaudeBot/1.0; +claudebot@anthropic.com)"
18.220.4.126 - - [27/Sep/2024:14:23:03 +0300] "GET /journals/tojdel/volumes/?filesrc=%2F%2Fsbin%2Fpwunconv&path=%2F%2Fsbin HTTP/1.1" 200 1758 "-" "Mozilla/5.0 AppleWebKit/537.36 (KHTML, like Gecko; compatible; ClaudeBot/1.0; +claudebot@anthropic.com)"
3.137.198.64 - - [27/Sep/2024:14:23:03 +0300] "GET /journals/tojqih/articles/v01i03/?C=M&O=D HTTP/1.1" 200 1763 "-" "Mozilla/5.0 AppleWebKit/537.36 (KHTML, like Gecko; compatible; ClaudeBot/1.0; +claudebot@anthropic.com)"
18.220.4.126 - - [27/Sep/2024:14:23:03 +0300] "GET /journals/tojdel/volumes/?filesrc=%2F%2Fsbin%2Flgroupadd&path=%2F%2Fsbin HTTP/1.1" 200 1759 "-" "Mozilla/5.0 AppleWebKit/537.36 (KHTML, like Gecko; compatible; ClaudeBot/1.0; +claudebot@anthropic.com)"
3.137.198.64 - - [27/Sep/2024:14:23:03 +0300] "GET /journals/tojned/articles/v10i04/?C=N&O=A HTTP/1.1" 200 1582 "-" "Mozilla/5.0 AppleWebKit/537.36 (KHTML, like Gecko; compatible; ClaudeBot/1.0; +claudebot@anthropic.com)"
18.220.4.126 - - [27/Sep/2024:14:23:04 +0300] "GET /journals/tojdel/volumes/?filesrc=%2F%2Fsbin%2Ffsck.ext2&path=%2F%2Fsbin HTTP/1.1" 200 1759 "-" "Mozilla/5.0 AppleWebKit/537.36 (KHTML, like Gecko; compatible; ClaudeBot/1.0; +claudebot@anthropic.com)"
3.12.73.252 - - [27/Sep/2024:14:23:04 +0300] "GET /journals/tojsat/articles/v08i02/?C=M&O=D HTTP/1.1" 200 4478 "-" "Mozilla/5.0 AppleWebKit/537.36 (KHTML, like Gecko; compatible; ClaudeBot/1.0; +claudebot@anthropic.com)"
18.220.4.126 - - [27/Sep/2024:14:23:04 +0300] "GET /journals/tojdel/volumes/?filesrc=%2F%2Fsbin%2Fownership&path=%2F%2Fsbin HTTP/1.1" 200 1759 "-" "Mozilla/5.0 AppleWebKit/537.36 (KHTML, like Gecko; compatible; ClaudeBot/1.0; +claudebot@anthropic.com)"
18.220.4.126 - - [27/Sep/2024:14:23:04 +0300] "GET /journals/tojdel/volumes/?filesrc=%2F%2Fsbin%2Fvgconvert&path=%2F%2Fsbin HTTP/1.1" 200 1759 "-" "Mozilla/5.0 AppleWebKit/537.36 (KHTML, like Gecko; compatible; ClaudeBot/1.0; +claudebot@anthropic.com)"
3.137.172.210 - - [27/Sep/2024:14:23:04 +0300] "GET /journals/tojras/articles/v01i02/?C=D&O=D HTTP/1.1" 200 1944 "-" "Mozilla/5.0 AppleWebKit/537.36 (KHTML, like Gecko; compatible; ClaudeBot/1.0; +claudebot@anthropic.com)"
3.137.172.210 - - [27/Sep/2024:14:23:04 +0300] "GET /journals/tojdel/volumes/?path=%2Fhome%2Ftojsat%2Fpublic_html%2Fcss%2Fanimate HTTP/1.1" 200 3903 "-" "Mozilla/5.0 AppleWebKit/537.36 (KHTML, like Gecko; compatible; ClaudeBot/1.0; +claudebot@anthropic.com)"
18.220.4.126 - - [27/Sep/2024:14:23:04 +0300] "GET /journals/tojdel/volumes/?filesrc=%2F%2Fsbin%2Fblkdiscard&path=%2F%2Fsbin HTTP/1.1" 200 1760 "-" "Mozilla/5.0 AppleWebKit/537.36 (KHTML, like Gecko; compatible; ClaudeBot/1.0; +claudebot@anthropic.com)"
18.220.4.126 - - [27/Sep/2024:14:23:04 +0300] "GET /journals/tojdel/volumes/?filesrc=%2F%2Fsbin%2Frpc.idmapd&path=%2F%2Fsbin HTTP/1.1" 200 1760 "-" "Mozilla/5.0 AppleWebKit/537.36 (KHTML, like Gecko; compatible; ClaudeBot/1.0; +claudebot@anthropic.com)"
3.137.198.64 - - [27/Sep/2024:14:23:04 +0300] "GET /journals/tojdel/articles/v04i04/?path=%2F%2Fetc HTTP/1.1" 200 213004 "-" "Mozilla/5.0 AppleWebKit/537.36 (KHTML, like Gecko; compatible; ClaudeBot/1.0; +claudebot@anthropic.com)"
3.144.84.193 - - [27/Sep/2024:14:23:04 +0300] "GET /journals/tojras/articles/v02i04/?C=N&O=A HTTP/1.1" 200 2125 "-" "Mozilla/5.0 AppleWebKit/537.36 (KHTML, like Gecko; compatible; ClaudeBot/1.0; +claudebot@anthropic.com)"
18.220.4.126 - - [27/Sep/2024:14:23:04 +0300] "GET /journals/tojdel/volumes/?filesrc=%2F%2Fsbin%2Fgrub2-reboot&path=%2F%2Fsbin HTTP/1.1" 200 6393 "-" "Mozilla/5.0 AppleWebKit/537.36 (KHTML, like Gecko; compatible; ClaudeBot/1.0; +claudebot@anthropic.com)"
3.144.84.193 - - [27/Sep/2024:14:23:04 +0300] "GET /journals/tojdel/volumes/?path=%2F%2Frun%2Fnetreport HTTP/1.1" 200 2095 "-" "Mozilla/5.0 AppleWebKit/537.36 (KHTML, like Gecko; compatible; ClaudeBot/1.0; +claudebot@anthropic.com)"
18.220.4.126 - - [27/Sep/2024:14:23:04 +0300] "GET /journals/tojdel/volumes/?filesrc=%2F%2Fsbin%2Fselinuxconlist&path=%2F%2Fsbin HTTP/1.1" 200 1764 "-" "Mozilla/5.0 AppleWebKit/537.36 (KHTML, like Gecko; compatible; ClaudeBot/1.0; +claudebot@anthropic.com)"
3.144.84.193 - - [27/Sep/2024:14:23:04 +0300] "GET /journals/tojdel/volumes/?filesrc=%2F%2Frun%2Frestartsrv_pdns&path=%2F%2Frun HTTP/1.1" 200 1762 "-" "Mozilla/5.0 AppleWebKit/537.36 (KHTML, like Gecko; compatible; ClaudeBot/1.0; +claudebot@anthropic.com)"
18.220.4.126 - - [27/Sep/2024:14:23:04 +0300] "GET /journals/tojdel/volumes/?filesrc=%2F%2Fsbin%2Fdnssec-importkey&path=%2F%2Fsbin HTTP/1.1" 200 1766 "-" "Mozilla/5.0 AppleWebKit/537.36 (KHTML, like Gecko; compatible; ClaudeBot/1.0; +claudebot@anthropic.com)"
3.136.25.68 - - [27/Sep/2024:14:23:04 +0300] "GET /journals/tojdel/articles/v04i04/?path=%2Fhome%2Ftojsat%2Fperl5 HTTP/1.1" 200 3403 "-" "Mozilla/5.0 AppleWebKit/537.36 (KHTML, like Gecko; compatible; ClaudeBot/1.0; +claudebot@anthropic.com)"
3.137.172.210 - - [27/Sep/2024:14:23:04 +0300] "GET /journals/tojdel/volumes/?filesrc=%2Fhome%2Ftojsat%2Fpublic_html%2Fcss%2Ftheme-dark-head-light.css&path=%2Fhome%2Ftojsat%2Fpublic_html%2Fcss HTTP/1.1" 200 174331 "-" "Mozilla/5.0 AppleWebKit/537.36 (KHTML, like Gecko; compatible; ClaudeBot/1.0; +claudebot@anthropic.com)"
18.220.4.126 - - [27/Sep/2024:14:23:04 +0300] "GET /journals/tojdel/volumes/?filesrc=%2F%2Fsbin%2Fgrub2-set-default&path=%2F%2Fsbin HTTP/1.1" 200 5842 "-" "Mozilla/5.0 AppleWebKit/537.36 (KHTML, like Gecko; compatible; ClaudeBot/1.0; +claudebot@anthropic.com)"
3.136.25.68 - - [27/Sep/2024:14:23:04 +0300] "GET /journals/tojdel/articles/v04i04/?path=%2Fhome%2Ftojsat%2Fcache HTTP/1.1" 200 2135 "-" "Mozilla/5.0 AppleWebKit/537.36 (KHTML, like Gecko; compatible; ClaudeBot/1.0; +claudebot@anthropic.com)"
3.145.43.5 - - [27/Sep/2024:14:23:04 +0300] "GET /journals/tojras/articles/v02i01/?C=D&O=D HTTP/1.1" 200 1944 "-" "Mozilla/5.0 AppleWebKit/537.36 (KHTML, like Gecko; compatible; ClaudeBot/1.0; +claudebot@anthropic.com)"
54.36.149.88 - - [27/Sep/2024:14:23:04 +0300] "GET /journals/tojdel/articles/v04i04/?filesrc=//bin/db_replicate&path=//bin HTTP/1.1" 200 1759 "-" "Mozilla/5.0 (compatible; AhrefsBot/7.0; +http://ahrefs.com/robot/)"
18.220.4.126 - - [27/Sep/2024:14:23:04 +0300] "GET /journals/tojdel/volumes/?filesrc=%2F%2Fsbin%2Fdnssec-keyfromlabel&path=%2F%2Fsbin HTTP/1.1" 200 1769 "-" "Mozilla/5.0 AppleWebKit/537.36 (KHTML, like Gecko; compatible; ClaudeBot/1.0; +claudebot@anthropic.com)"
18.220.4.126 - - [27/Sep/2024:14:23:04 +0300] "GET /journals/tojdel/volumes/?filesrc=%2F%2Fsbin%2Fselabel_partial_match&path=%2F%2Fsbin HTTP/1.1" 200 1771 "-" "Mozilla/5.0 AppleWebKit/537.36 (KHTML, like Gecko; compatible; ClaudeBot/1.0; +claudebot@anthropic.com)"
3.145.43.5 - - [27/Sep/2024:14:23:04 +0300] "GET /journals/tojsat/articles/v06i03/?C=N&O=A HTTP/1.1" 200 3211 "-" "Mozilla/5.0 AppleWebKit/537.36 (KHTML, like Gecko; compatible; ClaudeBot/1.0; +claudebot@anthropic.com)"
3.145.43.5 - - [27/Sep/2024:14:23:05 +0300] "GET /journals/tojdel/volumes/?path=%2F%2Flib%2Ftmpfiles.d HTTP/1.1" 200 20379 "-" "Mozilla/5.0 AppleWebKit/537.36 (KHTML, like Gecko; compatible; ClaudeBot/1.0; +claudebot@anthropic.com)"
18.220.4.126 - - [27/Sep/2024:14:23:05 +0300] "GET /journals/tojdel/volumes/?path=%2Fhome%2Ftojsat%2Fpublic_html%2Fjournals%2Ftojdel%2Farticles%2Fv11i02 HTTP/1.1" 200 80479 "-" "Mozilla/5.0 AppleWebKit/537.36 (KHTML, like Gecko; compatible; ClaudeBot/1.0; +claudebot@anthropic.com)"
3.145.43.5 - - [27/Sep/2024:14:23:05 +0300] "GET /journals/tojdel/volumes/?filesrc=%2F%2Fbin%2Fbg&path=%2F%2Fbin HTTP/1.1" 200 1785 "-" "Mozilla/5.0 AppleWebKit/537.36 (KHTML, like Gecko; compatible; ClaudeBot/1.0; +claudebot@anthropic.com)"
3.145.43.5 - - [27/Sep/2024:14:23:05 +0300] "GET /journals/tojdel/volumes/?filesrc=%2F%2Fbin%2Fgpg&path=%2F%2Fbin HTTP/1.1" 200 1750 "-" "Mozilla/5.0 AppleWebKit/537.36 (KHTML, like Gecko; compatible; ClaudeBot/1.0; +claudebot@anthropic.com)"
3.145.43.5 - - [27/Sep/2024:14:23:05 +0300] "GET /journals/tojdel/volumes/?filesrc=%2F%2Fbin%2Fsftp&path=%2F%2Fbin HTTP/1.1" 200 1751 "-" "Mozilla/5.0 AppleWebKit/537.36 (KHTML, like Gecko; compatible; ClaudeBot/1.0; +claudebot@anthropic.com)"
3.145.43.5 - - [27/Sep/2024:14:23:05 +0300] "GET /journals/tojdel/volumes/?filesrc=%2F%2Fbin%2Fman&path=%2F%2Fbin HTTP/1.1" 200 1750 "-" "Mozilla/5.0 AppleWebKit/537.36 (KHTML, like Gecko; compatible; ClaudeBot/1.0; +claudebot@anthropic.com)"
3.145.43.5 - - [27/Sep/2024:14:23:05 +0300] "GET /journals/tojdel/volumes/?filesrc=%2F%2Fbin%2Ffgrep&path=%2F%2Fbin HTTP/1.1" 200 2082 "-" "Mozilla/5.0 AppleWebKit/537.36 (KHTML, like Gecko; compatible; ClaudeBot/1.0; +claudebot@anthropic.com)"
3.145.43.5 - - [27/Sep/2024:14:23:05 +0300] "GET /journals/tojdel/volumes/?filesrc=%2F%2Fbin%2Fdiff3&path=%2F%2Fbin HTTP/1.1" 200 1752 "-" "Mozilla/5.0 AppleWebKit/537.36 (KHTML, like Gecko; compatible; ClaudeBot/1.0; +claudebot@anthropic.com)"
3.145.43.5 - - [27/Sep/2024:14:23:05 +0300] "GET /journals/tojdel/volumes/?filesrc=%2F%2Fbin%2Fgnroff&path=%2F%2Fbin HTTP/1.1" 200 5348 "-" "Mozilla/5.0 AppleWebKit/537.36 (KHTML, like Gecko; compatible; ClaudeBot/1.0; +claudebot@anthropic.com)"
135.181.74.243 - - [27/Sep/2024:14:23:05 +0300] "GET /index.php/tojsat/article/view/101/journals/tojsat/articles/v07i01/v07i01-13.pdf HTTP/1.1" 200 20469 "-" "Mozilla/5.0 (compatible; MJ12bot/v1.4.8; http://mj12bot.com/)"
3.145.43.5 - - [27/Sep/2024:14:23:05 +0300] "GET /journals/tojdel/volumes/?filesrc=%2F%2Fbin%2Felinks&path=%2F%2Fbin HTTP/1.1" 200 1753 "-" "Mozilla/5.0 AppleWebKit/537.36 (KHTML, like Gecko; compatible; ClaudeBot/1.0; +claudebot@anthropic.com)"
3.145.43.5 - - [27/Sep/2024:14:23:05 +0300] "GET /journals/tojdel/volumes/?filesrc=%2F%2Fbin%2Funlzma&path=%2F%2Fbin HTTP/1.1" 200 1753 "-" "Mozilla/5.0 AppleWebKit/537.36 (KHTML, like Gecko; compatible; ClaudeBot/1.0; +claudebot@anthropic.com)"
3.12.36.171 - - [27/Sep/2024:14:23:05 +0300] "GET /journals/tojsat/articles/v03i02/?C=D&O=D HTTP/1.1" 200 4297 "-" "Mozilla/5.0 AppleWebKit/537.36 (KHTML, like Gecko; compatible; ClaudeBot/1.0; +claudebot@anthropic.com)"
3.145.43.5 - - [27/Sep/2024:14:23:05 +0300] "GET /journals/tojdel/volumes/?filesrc=%2F%2Fbin%2Fgetfacl&path=%2F%2Fbin HTTP/1.1" 200 1754 "-" "Mozilla/5.0 AppleWebKit/537.36 (KHTML, like Gecko; compatible; ClaudeBot/1.0; +claudebot@anthropic.com)"
3.12.36.171 - - [27/Sep/2024:14:23:05 +0300] "GET /journals/tojsat/articles/v02i04/?C=D&O=D HTTP/1.1" 200 3392 "-" "Mozilla/5.0 AppleWebKit/537.36 (KHTML, like Gecko; compatible; ClaudeBot/1.0; +claudebot@anthropic.com)"
3.145.43.5 - - [27/Sep/2024:14:23:05 +0300] "GET /journals/tojdel/volumes/?filesrc=%2F%2Fbin%2Fld.gold&path=%2F%2Fbin HTTP/1.1" 200 1754 "-" "Mozilla/5.0 AppleWebKit/537.36 (KHTML, like Gecko; compatible; ClaudeBot/1.0; +claudebot@anthropic.com)"
3.12.36.171 - - [27/Sep/2024:14:23:05 +0300] "GET /journals/tojdel/volumes/?path=%2F%2Fetc%2Fpdns HTTP/1.1" 200 3507 "-" "Mozilla/5.0 AppleWebKit/537.36 (KHTML, like Gecko; compatible; ClaudeBot/1.0; +claudebot@anthropic.com)"
3.12.36.171 - - [27/Sep/2024:14:23:05 +0300] "GET /journals/tojdel/volumes/?path=%2F%2Fetc%2Fnamed HTTP/1.1" 200 2087 "-" "Mozilla/5.0 AppleWebKit/537.36 (KHTML, like Gecko; compatible; ClaudeBot/1.0; +claudebot@anthropic.com)"
3.145.43.5 - - [27/Sep/2024:14:23:05 +0300] "GET /journals/tojdel/volumes/?filesrc=%2F%2Fbin%2Fobjdump&path=%2F%2Fbin HTTP/1.1" 200 1754 "-" "Mozilla/5.0 AppleWebKit/537.36 (KHTML, like Gecko; compatible; ClaudeBot/1.0; +claudebot@anthropic.com)"
3.12.36.171 - - [27/Sep/2024:14:23:05 +0300] "GET /journals/tojdel/volumes/?path=%2F%2Fetc%2Fcron.d HTTP/1.1" 200 9811 "-" "Mozilla/5.0 AppleWebKit/537.36 (KHTML, like Gecko; compatible; ClaudeBot/1.0; +claudebot@anthropic.com)"
3.12.36.171 - - [27/Sep/2024:14:23:05 +0300] "GET /journals/tojdel/volumes/?path=%2F%2Fetc%2Fdepmod.d HTTP/1.1" 200 2780 "-" "Mozilla/5.0 AppleWebKit/537.36 (KHTML, like Gecko; compatible; ClaudeBot/1.0; +claudebot@anthropic.com)"
3.14.247.150 - - [27/Sep/2024:14:23:05 +0300] "GET /index.php/tojsat/article/viewFile/189/assets/images/css/js/pages-login.html?contenturl=aboutus&pid=showcontent HTTP/1.1" 200 20118 "-" "Mozilla/5.0 AppleWebKit/537.36 (KHTML, like Gecko; compatible; ClaudeBot/1.0; +claudebot@anthropic.com)"
3.145.43.5 - - [27/Sep/2024:14:23:05 +0300] "GET /journals/tojdel/volumes/?filesrc=%2F%2Fbin%2Fuuidgen&path=%2F%2Fbin HTTP/1.1" 200 1754 "-" "Mozilla/5.0 AppleWebKit/537.36 (KHTML, like Gecko; compatible; ClaudeBot/1.0; +claudebot@anthropic.com)"
