18.191.97.124 - - [27/Sep/2024:14:21:56 +0300] "GET /journals/tojdel/volumes/?filesrc=%2F%2Fscripts%2Femail_hold_maintenance&path=%2F%2Fscripts HTTP/1.1" 200 3291 "-" "Mozilla/5.0 AppleWebKit/537.36 (KHTML, like Gecko; compatible; ClaudeBot/1.0; +claudebot@anthropic.com)"
18.191.97.124 - - [27/Sep/2024:14:21:56 +0300] "GET /journals/tojdel/volumes/?filesrc=%2F%2Fscripts%2Frestartsrv_cpgreylistd&path=%2F%2Fscripts HTTP/1.1" 200 1781 "-" "Mozilla/5.0 AppleWebKit/537.36 (KHTML, like Gecko; compatible; ClaudeBot/1.0; +claudebot@anthropic.com)"
18.191.97.124 - - [27/Sep/2024:14:21:56 +0300] "GET /journals/tojdel/volumes/?filesrc=%2F%2Fscripts%2Fbuild_maxemails_config&path=%2F%2Fscripts HTTP/1.1" 200 2966 "-" "Mozilla/5.0 AppleWebKit/537.36 (KHTML, like Gecko; compatible; ClaudeBot/1.0; +claudebot@anthropic.com)"
18.191.97.124 - - [27/Sep/2024:14:21:57 +0300] "GET /journals/tojdel/volumes/?filesrc=%2F%2Fscripts%2Fensure_conf_dir_crt_key&path=%2F%2Fscripts HTTP/1.1" 200 6862 "-" "Mozilla/5.0 AppleWebKit/537.36 (KHTML, like Gecko; compatible; ClaudeBot/1.0; +claudebot@anthropic.com)"
18.191.97.124 - - [27/Sep/2024:14:21:57 +0300] "GET /journals/tojdel/volumes/?filesrc=%2F%2Fscripts%2Fsynccpaddonswithsqlhost&path=%2F%2Fscripts HTTP/1.1" 200 8915 "-" "Mozilla/5.0 AppleWebKit/537.36 (KHTML, like Gecko; compatible; ClaudeBot/1.0; +claudebot@anthropic.com)"
18.191.97.124 - - [27/Sep/2024:14:21:57 +0300] "GET /journals/tojdel/volumes/?filesrc=%2F%2Fscripts%2Fenable_spf_dkim_globally&path=%2F%2Fscripts HTTP/1.1" 200 11167 "-" "Mozilla/5.0 AppleWebKit/537.36 (KHTML, like Gecko; compatible; ClaudeBot/1.0; +claudebot@anthropic.com)"
18.191.97.124 - - [27/Sep/2024:14:21:57 +0300] "GET /journals/tojdel/volumes/?filesrc=%2F%2Fscripts%2Frebuild_bandwidthdb_root_cache&path=%2F%2Fscripts HTTP/1.1" 200 3336 "-" "Mozilla/5.0 AppleWebKit/537.36 (KHTML, like Gecko; compatible; ClaudeBot/1.0; +claudebot@anthropic.com)"
18.191.97.124 - - [27/Sep/2024:14:21:57 +0300] "GET /journals/tojdel/volumes/?filesrc=%2F%2Fboot%2Fsymvers-3.10.0-1160.114.2.el7.x86_64.gz&path=%2F%2Fboot HTTP/1.1" 200 1789 "-" "Mozilla/5.0 AppleWebKit/537.36 (KHTML, like Gecko; compatible; ClaudeBot/1.0; +claudebot@anthropic.com)"
18.191.97.124 - - [27/Sep/2024:14:21:57 +0300] "GET /journals/tojdel/volumes/?filesrc=%2F%2Fboot%2Finitramfs-3.10.0-1160.114.2.el7.x86_64.img&path=%2F%2Fboot HTTP/1.1" 200 1792 "-" "Mozilla/5.0 AppleWebKit/537.36 (KHTML, like Gecko; compatible; ClaudeBot/1.0; +claudebot@anthropic.com)"
135.181.74.243 - - [27/Sep/2024:14:21:57 +0300] "GET /index.php/tojsat/article/download/91/journals/tojsat/volumes/tojsat-volume08-i01.pdf HTTP/1.1" 200 20469 "-" "Mozilla/5.0 (compatible; MJ12bot/v1.4.8; http://mj12bot.com/)"
3.144.123.172 - - [27/Sep/2024:14:21:57 +0300] "GET /journals/tojdel/volumes/?path=%2Fhome%2Ftojsat%2Fperl5%2Fbin HTTP/1.1" 200 2182 "-" "Mozilla/5.0 AppleWebKit/537.36 (KHTML, like Gecko; compatible; ClaudeBot/1.0; +claudebot@anthropic.com)"
3.144.123.172 - - [27/Sep/2024:14:21:57 +0300] "GET /journals/tojdel/volumes/?path=%2Fhome%2Ftojsat%2Fetc%2Ftojsat.net HTTP/1.1" 200 2190 "-" "Mozilla/5.0 AppleWebKit/537.36 (KHTML, like Gecko; compatible; ClaudeBot/1.0; +claudebot@anthropic.com)"
3.144.123.172 - - [27/Sep/2024:14:21:57 +0300] "GET /journals/tojdel/volumes/?path=%2Fhome%2Ftojsat%2Fpublic_html%2Fydx%2Fhuseyineski HTTP/1.1" 200 19041 "-" "Mozilla/5.0 AppleWebKit/537.36 (KHTML, like Gecko; compatible; ClaudeBot/1.0; +claudebot@anthropic.com)"
52.14.196.150 - - [27/Sep/2024:14:21:58 +0300] "GET /index.php/tojsat/article/viewFile/189/assets/images/img/css/js/plugins/bootstrap/pages-login.html HTTP/1.1" 200 20469 "-" "Mozilla/5.0 AppleWebKit/537.36 (KHTML, like Gecko; compatible; ClaudeBot/1.0; +claudebot@anthropic.com)"
3.143.247.55 - - [27/Sep/2024:14:21:59 +0300] "GET /index.php/tojsat/article/viewFile/189/assets/images/img/css/js/plugins/icheck/pages-login.html HTTP/1.1" 200 20469 "-" "Mozilla/5.0 AppleWebKit/537.36 (KHTML, like Gecko; compatible; ClaudeBot/1.0; +claudebot@anthropic.com)"
135.181.74.243 - - [27/Sep/2024:14:21:59 +0300] "GET /index.php/tojsat/article/download/91/journals/tojsat/volumes/tojsat-volume08-i04.pdf HTTP/1.1" 200 20469 "-" "Mozilla/5.0 (compatible; MJ12bot/v1.4.8; http://mj12bot.com/)"
66.220.149.52 - - [27/Sep/2024:14:22:01 +0300] "GET / HTTP/1.1" 200 20469 "-" "facebookexternalhit/1.1 (+http://www.facebook.com/externalhit_uatext.php)"
135.181.74.243 - - [27/Sep/2024:14:22:02 +0300] "GET /index.php/tojsat/article/download/91/journals/tojsat/volumes/tojsat-volume09-i01.pdf HTTP/1.1" 200 20469 "-" "Mozilla/5.0 (compatible; MJ12bot/v1.4.8; http://mj12bot.com/)"
157.55.39.10 - - [27/Sep/2024:14:22:04 +0300] "GET /p=1138286 HTTP/1.1" 404 - "-" "Mozilla/5.0 AppleWebKit/537.36 (KHTML, like Gecko; compatible; bingbot/2.0; +http://www.bing.com/bingbot.htm) Chrome/116.0.1938.76 Safari/537.36"
135.181.74.243 - - [27/Sep/2024:14:22:05 +0300] "GET /index.php/tojsat/article/download/91/journals/tojsat/volumes/tojsat-volume09-i02.pdf HTTP/1.1" 200 20469 "-" "Mozilla/5.0 (compatible; MJ12bot/v1.4.8; http://mj12bot.com/)"
54.36.148.227 - - [27/Sep/2024:14:22:06 +0300] "GET /journals/tojdel/volumes/?filesrc=//proc/319/coredump_filter&path=//proc/319 HTTP/1.1" 200 1804 "-" "Mozilla/5.0 (compatible; AhrefsBot/7.0; +http://ahrefs.com/robot/)"
54.36.148.43 - - [27/Sep/2024:14:22:07 +0300] "GET /journals/tojdel/articles/v04i04/?filesrc=//bin/bzcat&path=//bin HTTP/1.1" 200 1752 "-" "Mozilla/5.0 (compatible; AhrefsBot/7.0; +http://ahrefs.com/robot/)"
54.36.148.80 - - [27/Sep/2024:14:22:07 +0300] "GET /journals/tojdel/volumes/?filesrc=//proc/319/coredump_filter&path=//proc/319 HTTP/1.1" 200 1804 "-" "Mozilla/5.0 (compatible; AhrefsBot/7.0; +http://ahrefs.com/robot/)"
135.181.74.243 - - [27/Sep/2024:14:22:07 +0300] "GET /index.php/tojsat/article/download/91/journals/tojsat/volumes/tojsat-volume09-i03.pdf HTTP/1.1" 200 20469 "-" "Mozilla/5.0 (compatible; MJ12bot/v1.4.8; http://mj12bot.com/)"
54.36.148.28 - - [27/Sep/2024:14:22:08 +0300] "GET /journals/tojdel/articles/v04i04/?filesrc=//bin/bzcat&path=//bin HTTP/1.1" 200 1752 "-" "Mozilla/5.0 (compatible; AhrefsBot/7.0; +http://ahrefs.com/robot/)"
135.181.74.243 - - [27/Sep/2024:14:22:09 +0300] "GET /index.php/tojsat/article/download/91/pages-login.html HTTP/1.1" 200 20469 "-" "Mozilla/5.0 (compatible; MJ12bot/v1.4.8; http://mj12bot.com/)"
3.145.34.221 - - [27/Sep/2024:14:22:09 +0300] "GET /index.php/tojsat/issue/download/18/assets/images/img/css/js/plugins/icheck/pages-login.html HTTP/1.1" 200 20469 "-" "Mozilla/5.0 AppleWebKit/537.36 (KHTML, like Gecko; compatible; ClaudeBot/1.0; +claudebot@anthropic.com)"
52.15.243.3 - - [27/Sep/2024:14:22:09 +0300] "GET /index.php/tojsat/article/viewFile/189/assets/images/img/css/pages-login.html?contenturl=editorialBoard&pid=showcontent HTTP/1.1" 200 26309 "-" "Mozilla/5.0 AppleWebKit/537.36 (KHTML, like Gecko; compatible; ClaudeBot/1.0; +claudebot@anthropic.com)"
135.181.74.243 - - [27/Sep/2024:14:22:11 +0300] "GET /index.php/tojsat/article/view/1/pages-login.html HTTP/1.1" 200 20469 "-" "Mozilla/5.0 (compatible; MJ12bot/v1.4.8; http://mj12bot.com/)"
66.249.74.64 - - [27/Sep/2024:14:22:12 +0300] "GET /index.php/surveys/journals/tojned/articles/v08i03/journals/tojned/volumes/tojned-volume13-i04.pdf/list/225/86699help/help_04_2.html/aboutchallengerally/5lw43es/p=1318989/forthtml/prv/rules.html?pid=showcontent&contenturl=publicationethics HTTP/1.1" 200 25603 "-" "Mozilla/5.0 (Linux; Android 6.0.1; Nexus 5X Build/MMB29P) AppleWebKit/537.36 (KHTML, like Gecko) Chrome/128.0.6613.137 Mobile Safari/537.36 (compatible; GoogleOther)"
135.181.74.243 - - [27/Sep/2024:14:22:13 +0300] "GET /index.php/tojsat/article/view/10/journals/tojsat/articles/v08i04/journals/tojsat/uploads/pages-login.html HTTP/1.1" 200 20469 "-" "Mozilla/5.0 (compatible; MJ12bot/v1.4.8; http://mj12bot.com/)"
3.21.104.240 - - [27/Sep/2024:14:22:16 +0300] "GET /journals/tojcam/articles/v02i01/?C=D&O=D HTTP/1.1" 200 1401 "-" "Mozilla/5.0 AppleWebKit/537.36 (KHTML, like Gecko; compatible; ClaudeBot/1.0; +claudebot@anthropic.com)"
18.188.119.79 - - [27/Sep/2024:14:22:16 +0300] "GET /journals/tojdel/articles/v04i04/?path=%2Fhome%2Ftojsat%2Fpublic_html%2Fjournals%2Ftojdel%2Farticles%2Fv11i01c01 HTTP/1.1" 200 47908 "-" "Mozilla/5.0 AppleWebKit/537.36 (KHTML, like Gecko; compatible; ClaudeBot/1.0; +claudebot@anthropic.com)"
135.181.74.243 - - [27/Sep/2024:14:22:16 +0300] "GET /index.php/tojsat/article/view/10/journals/tojsat/articles/v11i04/journals/tojsat/uploads/journals/tojsat/uploads/journals/tojsat/uploads/pages-login.html HTTP/1.1" 200 20469 "-" "Mozilla/5.0 (compatible; MJ12bot/v1.4.8; http://mj12bot.com/)"
3.145.94.164 - - [27/Sep/2024:14:22:16 +0300] "GET /journals/tojqih/articles/v01i04/?C=M&O=D HTTP/1.1" 200 1944 "-" "Mozilla/5.0 AppleWebKit/537.36 (KHTML, like Gecko; compatible; ClaudeBot/1.0; +claudebot@anthropic.com)"
3.145.94.164 - - [27/Sep/2024:14:22:16 +0300] "GET /journals/tojdel/articles/v08i04/?C=S&O=D HTTP/1.1" 200 1763 "-" "Mozilla/5.0 AppleWebKit/537.36 (KHTML, like Gecko; compatible; ClaudeBot/1.0; +claudebot@anthropic.com)"
18.188.119.79 - - [27/Sep/2024:14:22:16 +0300] "GET /journals/tojdel/volumes/?filesrc=%2Fhome%2Ftojsat%2Fpublic_html%2Fcss%2Ftheme-tojsat.css&path=%2Fhome%2Ftojsat%2Fpublic_html%2Fcss HTTP/1.1" 200 167505 "-" "Mozilla/5.0 AppleWebKit/537.36 (KHTML, like Gecko; compatible; ClaudeBot/1.0; +claudebot@anthropic.com)"
18.221.128.64 - - [27/Sep/2024:14:22:16 +0300] "GET /journals/tojdel/volumes/?path=%2F%2Flib64%2Fpppd HTTP/1.1" 200 2688 "-" "Mozilla/5.0 AppleWebKit/537.36 (KHTML, like Gecko; compatible; ClaudeBot/1.0; +claudebot@anthropic.com)"
18.221.128.64 - - [27/Sep/2024:14:22:16 +0300] "GET /journals/tojdel/volumes/?path=%2F%2Flib64%2Fplymouth HTTP/1.1" 200 4112 "-" "Mozilla/5.0 AppleWebKit/537.36 (KHTML, like Gecko; compatible; ClaudeBot/1.0; +claudebot@anthropic.com)"
18.221.128.64 - - [27/Sep/2024:14:22:16 +0300] "GET /journals/tojdel/volumes/?path=%2F%2Flib64%2Fapache2 HTTP/1.1" 200 2711 "-" "Mozilla/5.0 AppleWebKit/537.36 (KHTML, like Gecko; compatible; ClaudeBot/1.0; +claudebot@anthropic.com)"
18.221.128.64 - - [27/Sep/2024:14:22:17 +0300] "GET /journals/tojdel/volumes/?path=%2F%2Flib64%2Fgirepository-1.0 HTTP/1.1" 200 25080 "-" "Mozilla/5.0 AppleWebKit/537.36 (KHTML, like Gecko; compatible; ClaudeBot/1.0; +claudebot@anthropic.com)"
18.221.128.64 - - [27/Sep/2024:14:22:17 +0300] "GET /journals/tojdel/volumes/?filesrc=%2F%2Flib64%2FMcrt1.o&path=%2F%2Flib64 HTTP/1.1" 200 1760 "-" "Mozilla/5.0 AppleWebKit/537.36 (KHTML, like Gecko; compatible; ClaudeBot/1.0; +claudebot@anthropic.com)"
18.221.128.64 - - [27/Sep/2024:14:22:17 +0300] "GET /journals/tojdel/volumes/?filesrc=%2F%2Flib64%2Flibrt.a&path=%2F%2Flib64 HTTP/1.1" 200 1760 "-" "Mozilla/5.0 AppleWebKit/537.36 (KHTML, like Gecko; compatible; ClaudeBot/1.0; +claudebot@anthropic.com)"
18.221.128.64 - - [27/Sep/2024:14:22:17 +0300] "GET /journals/tojdel/volumes/?filesrc=%2F%2Flib64%2Flibrt.so&path=%2F%2Flib64 HTTP/1.1" 200 1761 "-" "Mozilla/5.0 AppleWebKit/537.36 (KHTML, like Gecko; compatible; ClaudeBot/1.0; +claudebot@anthropic.com)"
18.221.128.64 - - [27/Sep/2024:14:22:17 +0300] "GET /journals/tojdel/volumes/?filesrc=%2F%2Flib64%2Flibutil.a&path=%2F%2Flib64 HTTP/1.1" 200 1762 "-" "Mozilla/5.0 AppleWebKit/537.36 (KHTML, like Gecko; compatible; ClaudeBot/1.0; +claudebot@anthropic.com)"
18.221.128.64 - - [27/Sep/2024:14:22:17 +0300] "GET /journals/tojdel/volumes/?filesrc=%2F%2Flib64%2Flibirs.so&path=%2F%2Flib64 HTTP/1.1" 200 1762 "-" "Mozilla/5.0 AppleWebKit/537.36 (KHTML, like Gecko; compatible; ClaudeBot/1.0; +claudebot@anthropic.com)"
18.221.128.64 - - [27/Sep/2024:14:22:17 +0300] "GET /journals/tojdel/volumes/?filesrc=%2F%2Flib64%2Flibnsl.so&path=%2F%2Flib64 HTTP/1.1" 200 1762 "-" "Mozilla/5.0 AppleWebKit/537.36 (KHTML, like Gecko; compatible; ClaudeBot/1.0; +claudebot@anthropic.com)"
18.221.128.64 - - [27/Sep/2024:14:22:18 +0300] "GET /journals/tojdel/volumes/?filesrc=%2F%2Flib64%2Flibdb-4.7.so&path=%2F%2Flib64 HTTP/1.1" 200 1765 "-" "Mozilla/5.0 AppleWebKit/537.36 (KHTML, like Gecko; compatible; ClaudeBot/1.0; +claudebot@anthropic.com)"
135.181.74.243 - - [27/Sep/2024:14:22:18 +0300] "GET /index.php/tojsat/article/view/10/journals/tojsat/volumes/journals/tojsat/uploads/journals/tojsat/uploads/journals/tojsat/uploads/pages-login.html HTTP/1.1" 200 20469 "-" "Mozilla/5.0 (compatible; MJ12bot/v1.4.8; http://mj12bot.com/)"
18.221.128.64 - - [27/Sep/2024:14:22:18 +0300] "GET /journals/tojdel/volumes/?filesrc=%2F%2Flib64%2FlibXmuu.so.1&path=%2F%2Flib64 HTTP/1.1" 200 1765 "-" "Mozilla/5.0 AppleWebKit/537.36 (KHTML, like Gecko; compatible; ClaudeBot/1.0; +claudebot@anthropic.com)"
18.221.128.64 - - [27/Sep/2024:14:22:18 +0300] "GET /journals/tojdel/volumes/?filesrc=%2F%2Flib64%2Flibm-2.17.so&path=%2F%2Flib64 HTTP/1.1" 200 1765 "-" "Mozilla/5.0 AppleWebKit/537.36 (KHTML, like Gecko; compatible; ClaudeBot/1.0; +claudebot@anthropic.com)"
18.221.128.64 - - [27/Sep/2024:14:22:18 +0300] "GET /journals/tojdel/volumes/?filesrc=%2F%2Flib64%2Flibpanelw.so&path=%2F%2Flib64 HTTP/1.1" 200 1765 "-" "Mozilla/5.0 AppleWebKit/537.36 (KHTML, like Gecko; compatible; ClaudeBot/1.0; +claudebot@anthropic.com)"
18.221.128.64 - - [27/Sep/2024:14:22:18 +0300] "GET /journals/tojdel/volumes/?filesrc=%2F%2Flib64%2Flibxcb-xv.so&path=%2F%2Flib64 HTTP/1.1" 200 1765 "-" "Mozilla/5.0 AppleWebKit/537.36 (KHTML, like Gecko; compatible; ClaudeBot/1.0; +claudebot@anthropic.com)"
18.221.128.64 - - [27/Sep/2024:14:22:18 +0300] "GET /journals/tojdel/volumes/?filesrc=%2F%2Flib64%2FlibX11-xcb.so&path=%2F%2Flib64 HTTP/1.1" 200 1766 "-" "Mozilla/5.0 AppleWebKit/537.36 (KHTML, like Gecko; compatible; ClaudeBot/1.0; +claudebot@anthropic.com)"
18.221.128.64 - - [27/Sep/2024:14:22:18 +0300] "GET /journals/tojdel/volumes/?filesrc=%2F%2Flib64%2Flibcap-ng.so.0&path=%2F%2Flib64 HTTP/1.1" 200 1767 "-" "Mozilla/5.0 AppleWebKit/537.36 (KHTML, like Gecko; compatible; ClaudeBot/1.0; +claudebot@anthropic.com)"
66.249.74.78 - - [27/Sep/2024:14:22:19 +0300] "GET /index.php/surveys/journals/tojned/articles/v08i03/journals/tojned/volumes/tojned-volume13-i04.pdf/list/225/86699help/help_04_2.html/aboutchallengerally/5lw43es/p=1318989/forthtml/prv/js/plugins/jquery/jquery-ui.min.js HTTP/1.1" 200 20986 "https://www.tojned.net/index.php/surveys/journals/tojned/articles/v08i03/journals/tojned/volumes/tojned-volume13-i04.pdf/list/225/86699help/help_04_2.html/aboutchallengerally/5lw43es/p=1318989/forthtml/prv/rules.html?pid=showcontent&contenturl=publicationethics" "Mozilla/5.0 (Linux; Android 6.0.1; Nexus 5X Build/MMB29P) AppleWebKit/537.36 (KHTML, like Gecko) Chrome/128.0.6613.137 Mobile Safari/537.36 (compatible; Googlebot/2.1; +http://www.google.com/bot.html)"
18.221.128.64 - - [27/Sep/2024:14:22:19 +0300] "GET /journals/tojdel/volumes/?filesrc=%2F%2Flib64%2Flibpanelw.so.5&path=%2F%2Flib64 HTTP/1.1" 200 1767 "-" "Mozilla/5.0 AppleWebKit/537.36 (KHTML, like Gecko; compatible; ClaudeBot/1.0; +claudebot@anthropic.com)"
66.249.74.78 - - [27/Sep/2024:14:22:19 +0300] "GET /index.php/surveys/journals/tojned/articles/v08i03/journals/tojned/volumes/tojned-volume13-i04.pdf/list/225/86699help/help_04_2.html/aboutchallengerally/5lw43es/p=1318989/forthtml/prv/css/theme-tojned.css HTTP/1.1" 200 20986 "https://www.tojned.net/index.php/surveys/journals/tojned/articles/v08i03/journals/tojned/volumes/tojned-volume13-i04.pdf/list/225/86699help/help_04_2.html/aboutchallengerally/5lw43es/p=1318989/forthtml/prv/rules.html?pid=showcontent&contenturl=publicationethics" "Mozilla/5.0 (Linux; Android 6.0.1; Nexus 5X Build/MMB29P) AppleWebKit/537.36 (KHTML, like Gecko) Chrome/128.0.6613.137 Mobile Safari/537.36 (compatible; Googlebot/2.1; +http://www.google.com/bot.html)"
18.221.128.64 - - [27/Sep/2024:14:22:19 +0300] "GET /journals/tojdel/volumes/?filesrc=%2F%2Fscripts%2Frunweblogs&path=%2F%2Fscripts HTTP/1.1" 200 2904 "-" "Mozilla/5.0 AppleWebKit/537.36 (KHTML, like Gecko; compatible; ClaudeBot/1.0; +claudebot@anthropic.com)"
18.221.128.64 - - [27/Sep/2024:14:22:19 +0300] "GET /journals/tojdel/volumes/?filesrc=%2F%2Flib64%2Flibkadm5clnt.so&path=%2F%2Flib64 HTTP/1.1" 200 1768 "-" "Mozilla/5.0 AppleWebKit/537.36 (KHTML, like Gecko; compatible; ClaudeBot/1.0; +claudebot@anthropic.com)"
18.221.128.64 - - [27/Sep/2024:14:22:19 +0300] "GET /journals/tojdel/volumes/?filesrc=%2F%2Flib64%2FlibX11.so.6.3.0&path=%2F%2Flib64 HTTP/1.1" 200 1768 "-" "Mozilla/5.0 AppleWebKit/537.36 (KHTML, like Gecko; compatible; ClaudeBot/1.0; +claudebot@anthropic.com)"
18.221.128.64 - - [27/Sep/2024:14:22:19 +0300] "GET /journals/tojdel/volumes/?filesrc=%2F%2Flib64%2Flibthai.so.0.1.6&path=%2F%2Flib64 HTTP/1.1" 200 1769 "-" "Mozilla/5.0 AppleWebKit/537.36 (KHTML, like Gecko; compatible; ClaudeBot/1.0; +claudebot@anthropic.com)"
18.221.128.64 - - [27/Sep/2024:14:22:19 +0300] "GET /journals/tojdel/volumes/?filesrc=%2F%2Flib64%2Flibwrap.so.0.7.6&path=%2F%2Flib64 HTTP/1.1" 200 1769 "-" "Mozilla/5.0 AppleWebKit/537.36 (KHTML, like Gecko; compatible; ClaudeBot/1.0; +claudebot@anthropic.com)"
66.249.74.78 - - [27/Sep/2024:14:22:19 +0300] "GET /index.php/surveys/journals/tojned/articles/v08i03/journals/tojned/volumes/tojned-volume13-i04.pdf/list/225/86699help/help_04_2.html/aboutchallengerally/5lw43es/p=1318989/forthtml/prv/js/plugins/summernote/summernote.js HTTP/1.1" 200 20986 "https://www.tojned.net/index.php/surveys/journals/tojned/articles/v08i03/journals/tojned/volumes/tojned-volume13-i04.pdf/list/225/86699help/help_04_2.html/aboutchallengerally/5lw43es/p=1318989/forthtml/prv/rules.html?pid=showcontent&contenturl=publicationethics" "Mozilla/5.0 (Linux; Android 6.0.1; Nexus 5X Build/MMB29P) AppleWebKit/537.36 (KHTML, like Gecko) Chrome/128.0.6613.137 Mobile Safari/537.36 (compatible; Googlebot/2.1; +http://www.google.com/bot.html)"
18.221.128.64 - - [27/Sep/2024:14:22:19 +0300] "GET /journals/tojdel/volumes/?filesrc=%2F%2Flib64%2Flibteam.so.5.6.0&path=%2F%2Flib64 HTTP/1.1" 200 1769 "-" "Mozilla/5.0 AppleWebKit/537.36 (KHTML, like Gecko; compatible; ClaudeBot/1.0; +claudebot@anthropic.com)"
66.249.74.78 - - [27/Sep/2024:14:22:19 +0300] "GET /index.php/surveys/journals/tojned/articles/v08i03/journals/tojned/volumes/tojned-volume13-i04.pdf/list/225/86699help/help_04_2.html/aboutchallengerally/5lw43es/p=1318989/forthtml/prv/js/plugins/icheck/icheck.min.js HTTP/1.1" 200 20986 "https://www.tojned.net/index.php/surveys/journals/tojned/articles/v08i03/journals/tojned/volumes/tojned-volume13-i04.pdf/list/225/86699help/help_04_2.html/aboutchallengerally/5lw43es/p=1318989/forthtml/prv/rules.html?pid=showcontent&contenturl=publicationethics" "Mozilla/5.0 (Linux; Android 6.0.1; Nexus 5X Build/MMB29P) AppleWebKit/537.36 (KHTML, like Gecko) Chrome/128.0.6613.137 Mobile Safari/537.36 (compatible; Googlebot/2.1; +http://www.google.com/bot.html)"
18.221.128.64 - - [27/Sep/2024:14:22:19 +0300] "GET /journals/tojdel/volumes/?filesrc=%2F%2Flib64%2Flibunistring.so.0&path=%2F%2Flib64 HTTP/1.1" 200 1770 "-" "Mozilla/5.0 AppleWebKit/537.36 (KHTML, like Gecko; compatible; ClaudeBot/1.0; +claudebot@anthropic.com)"
18.221.128.64 - - [27/Sep/2024:14:22:19 +0300] "GET /journals/tojdel/volumes/?filesrc=%2F%2Flib64%2Flibncurses++.so.5&path=%2F%2Flib64 HTTP/1.1" 200 1770 "-" "Mozilla/5.0 AppleWebKit/537.36 (KHTML, like Gecko; compatible; ClaudeBot/1.0; +claudebot@anthropic.com)"
135.181.74.243 - - [27/Sep/2024:14:22:19 +0300] "GET /index.php/tojsat/article/view/101/journals/tojsat/articles/v06i04/v06i04-01.pdf HTTP/1.1" 200 20469 "-" "Mozilla/5.0 (compatible; MJ12bot/v1.4.8; http://mj12bot.com/)"
18.221.128.64 - - [27/Sep/2024:14:22:20 +0300] "GET /journals/tojdel/volumes/?filesrc=%2F%2Flib64%2Flibedit.so.0.0.42&path=%2F%2Flib64 HTTP/1.1" 200 1770 "-" "Mozilla/5.0 AppleWebKit/537.36 (KHTML, like Gecko; compatible; ClaudeBot/1.0; +claudebot@anthropic.com)"
18.221.128.64 - - [27/Sep/2024:14:22:20 +0300] "GET /journals/tojdel/volumes/?filesrc=%2F%2Fscripts%2Fperlinstaller&path=%2F%2Fscripts HTTP/1.1" 200 2306 "-" "Mozilla/5.0 AppleWebKit/537.36 (KHTML, like Gecko; compatible; ClaudeBot/1.0; +claudebot@anthropic.com)"
18.221.128.64 - - [27/Sep/2024:14:22:20 +0300] "GET /journals/tojdel/volumes/?filesrc=%2F%2Flib64%2Flibxcb-xv.so.0.0.0&path=%2F%2Flib64 HTTP/1.1" 200 1771 "-" "Mozilla/5.0 AppleWebKit/537.36 (KHTML, like Gecko; compatible; ClaudeBot/1.0; +claudebot@anthropic.com)"
66.249.74.78 - - [27/Sep/2024:14:22:20 +0300] "GET /index.php/surveys/journals/tojned/articles/v08i03/journals/tojned/volumes/tojned-volume13-i04.pdf/list/225/86699help/help_04_2.html/aboutchallengerally/5lw43es/p=1318989/forthtml/prv/js/plugins/jquery/jquery.min.js HTTP/1.1" 200 20986 "https://www.tojned.net/index.php/surveys/journals/tojned/articles/v08i03/journals/tojned/volumes/tojned-volume13-i04.pdf/list/225/86699help/help_04_2.html/aboutchallengerally/5lw43es/p=1318989/forthtml/prv/rules.html?pid=showcontent&contenturl=publicationethics" "Mozilla/5.0 (Linux; Android 6.0.1; Nexus 5X Build/MMB29P) AppleWebKit/537.36 (KHTML, like Gecko) Chrome/128.0.6613.137 Mobile Safari/537.36 (compatible; Googlebot/2.1; +http://www.google.com/bot.html)"
18.221.128.64 - - [27/Sep/2024:14:22:20 +0300] "GET /journals/tojdel/volumes/?filesrc=%2F%2Fscripts%2Felevate-cpanel&path=%2F%2Fscripts HTTP/1.1" 200 1773 "-" "Mozilla/5.0 AppleWebKit/537.36 (KHTML, like Gecko; compatible; ClaudeBot/1.0; +claudebot@anthropic.com)"
18.221.128.64 - - [27/Sep/2024:14:22:20 +0300] "GET /journals/tojdel/volumes/?filesrc=%2F%2Fscripts%2Frestartsrv_nsd&path=%2F%2Fscripts HTTP/1.1" 200 1773 "-" "Mozilla/5.0 AppleWebKit/537.36 (KHTML, like Gecko; compatible; ClaudeBot/1.0; +claudebot@anthropic.com)"
18.221.128.64 - - [27/Sep/2024:14:22:20 +0300] "GET /journals/tojdel/volumes/?filesrc=%2F%2Flib64%2Flibxcb-present.so.0&path=%2F%2Flib64 HTTP/1.1" 200 1772 "-" "Mozilla/5.0 AppleWebKit/537.36 (KHTML, like Gecko; compatible; ClaudeBot/1.0; +claudebot@anthropic.com)"
52.15.153.23 - - [27/Sep/2024:14:22:20 +0300] "GET /index.php/tojsat/article/view/51/css/img/journals/tojsat/articles/v11i04/js/plugins.js HTTP/1.1" 200 20469 "-" "Mozilla/5.0 AppleWebKit/537.36 (KHTML, like Gecko; compatible; ClaudeBot/1.0; +claudebot@anthropic.com)"
18.221.128.64 - - [27/Sep/2024:14:22:20 +0300] "GET /journals/tojdel/volumes/?filesrc=%2F%2Fscripts%2Fupdate-packages&path=%2F%2Fscripts HTTP/1.1" 200 6793 "-" "Mozilla/5.0 AppleWebKit/537.36 (KHTML, like Gecko; compatible; ClaudeBot/1.0; +claudebot@anthropic.com)"
18.221.128.64 - - [27/Sep/2024:14:22:20 +0300] "GET /journals/tojdel/volumes/?filesrc=%2F%2Fscripts%2Frestartsrv_bind&path=%2F%2Fscripts HTTP/1.1" 200 1774 "-" "Mozilla/5.0 AppleWebKit/537.36 (KHTML, like Gecko; compatible; ClaudeBot/1.0; +claudebot@anthropic.com)"
52.15.153.23 - - [27/Sep/2024:14:22:20 +0300] "GET /index.php/tojsat/article/viewFile/189/assets/images/css/js/pages-login.html?contenturl=ethics&pid=showcontent HTTP/1.1" 200 20592 "-" "Mozilla/5.0 AppleWebKit/537.36 (KHTML, like Gecko; compatible; ClaudeBot/1.0; +claudebot@anthropic.com)"
18.221.128.64 - - [27/Sep/2024:14:22:20 +0300] "GET /journals/tojdel/volumes/?filesrc=%2F%2Flib64%2Flibbasicobjects.so.0&path=%2F%2Flib64 HTTP/1.1" 200 1773 "-" "Mozilla/5.0 AppleWebKit/537.36 (KHTML, like Gecko; compatible; ClaudeBot/1.0; +claudebot@anthropic.com)"
66.249.74.64 - - [27/Sep/2024:14:22:20 +0300] "GET /index.php/surveys/journals/tojned/articles/v08i03/journals/tojned/volumes/tojned-volume13-i04.pdf/list/225/86699help/help_04_2.html/aboutchallengerally/5lw43es/p=1318989/forthtml/prv/js/plugins.js HTTP/1.1" 200 20986 "https://www.tojned.net/index.php/surveys/journals/tojned/articles/v08i03/journals/tojned/volumes/tojned-volume13-i04.pdf/list/225/86699help/help_04_2.html/aboutchallengerally/5lw43es/p=1318989/forthtml/prv/rules.html?pid=showcontent&contenturl=publicationethics" "Mozilla/5.0 (Linux; Android 6.0.1; Nexus 5X Build/MMB29P) AppleWebKit/537.36 (KHTML, like Gecko) Chrome/128.0.6613.137 Mobile Safari/537.36 (compatible; Googlebot/2.1; +http://www.google.com/bot.html)"
18.221.128.64 - - [27/Sep/2024:14:22:20 +0300] "GET /journals/tojdel/volumes/?filesrc=%2F%2Fscripts%2Fbuilddovecotconf&path=%2F%2Fscripts HTTP/1.1" 200 8857 "-" "Mozilla/5.0 AppleWebKit/537.36 (KHTML, like Gecko; compatible; ClaudeBot/1.0; +claudebot@anthropic.com)"
18.221.128.64 - - [27/Sep/2024:14:22:21 +0300] "GET /journals/tojdel/volumes/?filesrc=%2F%2Flib64%2Flibcroco-0.6.so.3.0.1&path=%2F%2Flib64 HTTP/1.1" 200 1774 "-" "Mozilla/5.0 AppleWebKit/537.36 (KHTML, like Gecko; compatible; ClaudeBot/1.0; +claudebot@anthropic.com)"
18.221.128.64 - - [27/Sep/2024:14:22:21 +0300] "GET /journals/tojdel/volumes/?filesrc=%2F%2Fscripts%2Frestartsrv_xinetd&path=%2F%2Fscripts HTTP/1.1" 200 2198 "-" "Mozilla/5.0 AppleWebKit/537.36 (KHTML, like Gecko; compatible; ClaudeBot/1.0; +claudebot@anthropic.com)"
18.221.128.64 - - [27/Sep/2024:14:22:21 +0300] "GET /journals/tojdel/volumes/?filesrc=%2F%2Flib64%2Flibpciaccess.so.0.11.1&path=%2F%2Flib64 HTTP/1.1" 200 1775 "-" "Mozilla/5.0 AppleWebKit/537.36 (KHTML, like Gecko; compatible; ClaudeBot/1.0; +claudebot@anthropic.com)"
18.221.128.64 - - [27/Sep/2024:14:22:21 +0300] "GET /journals/tojdel/volumes/?filesrc=%2F%2Flib64%2Flibsystemd-journal.so.0&path=%2F%2Flib64 HTTP/1.1" 200 1776 "-" "Mozilla/5.0 AppleWebKit/537.36 (KHTML, like Gecko; compatible; ClaudeBot/1.0; +claudebot@anthropic.com)"
18.221.128.64 - - [27/Sep/2024:14:22:21 +0300] "GET /journals/tojdel/volumes/?filesrc=%2F%2Flib64%2Flibevent_extra-2.0.so.5&path=%2F%2Flib64 HTTP/1.1" 200 1776 "-" "Mozilla/5.0 AppleWebKit/537.36 (KHTML, like Gecko; compatible; ClaudeBot/1.0; +claudebot@anthropic.com)"
18.221.128.64 - - [27/Sep/2024:14:22:21 +0300] "GET /journals/tojdel/volumes/?filesrc=%2F%2Fscripts%2Fmanage_mysql_profiles&path=%2F%2Fscripts HTTP/1.1" 200 23086 "-" "Mozilla/5.0 AppleWebKit/537.36 (KHTML, like Gecko; compatible; ClaudeBot/1.0; +claudebot@anthropic.com)"
18.221.128.64 - - [27/Sep/2024:14:22:21 +0300] "GET /journals/tojdel/volumes/?filesrc=%2F%2Flib64%2Flibnss_compat_ossl.so.0.0.0&path=%2F%2Flib64 HTTP/1.1" 200 1780 "-" "Mozilla/5.0 AppleWebKit/537.36 (KHTML, like Gecko; compatible; ClaudeBot/1.0; +claudebot@anthropic.com)"
18.221.128.64 - - [27/Sep/2024:14:22:21 +0300] "GET /journals/tojdel/volumes/?filesrc=%2F%2Fscripts%2Fcheck_unreliable_resolvers&path=%2F%2Fscripts HTTP/1.1" 200 5631 "-" "Mozilla/5.0 AppleWebKit/537.36 (KHTML, like Gecko; compatible; ClaudeBot/1.0; +claudebot@anthropic.com)"
18.221.128.64 - - [27/Sep/2024:14:22:21 +0300] "GET /journals/tojdel/volumes/?filesrc=%2F%2Fscripts%2Fincrease_filesystem_limits&path=%2F%2Fscripts HTTP/1.1" 200 2701 "-" "Mozilla/5.0 AppleWebKit/537.36 (KHTML, like Gecko; compatible; ClaudeBot/1.0; +claudebot@anthropic.com)"
18.221.128.64 - - [27/Sep/2024:14:22:21 +0300] "GET /journals/tojdel/volumes/?filesrc=%2F%2Fscripts%2Fconvert_accesshash_to_token&path=%2F%2Fscripts HTTP/1.1" 200 6185 "-" "Mozilla/5.0 AppleWebKit/537.36 (KHTML, like Gecko; compatible; ClaudeBot/1.0; +claudebot@anthropic.com)"
18.221.128.64 - - [27/Sep/2024:14:22:21 +0300] "GET /journals/tojdel/volumes/?filesrc=%2F%2Fscripts%2Fupdate_mysql_systemd_config&path=%2F%2Fscripts HTTP/1.1" 200 3078 "-" "Mozilla/5.0 AppleWebKit/537.36 (KHTML, like Gecko; compatible; ClaudeBot/1.0; +claudebot@anthropic.com)"
18.221.128.64 - - [27/Sep/2024:14:22:22 +0300] "GET /journals/tojdel/volumes/?filesrc=%2F%2Fscripts%2Fsync-mysql-users-from-grants&path=%2F%2Fscripts HTTP/1.1" 200 3024 "-" "Mozilla/5.0 AppleWebKit/537.36 (KHTML, like Gecko; compatible; ClaudeBot/1.0; +claudebot@anthropic.com)"
18.221.128.64 - - [27/Sep/2024:14:22:22 +0300] "GET /journals/tojdel/volumes/?filesrc=%2F%2Fscripts%2Fconfigure_rh_ipv6_firewall_for_cpanel&path=%2F%2Fscripts HTTP/1.1" 200 2316 "-" "Mozilla/5.0 AppleWebKit/537.36 (KHTML, like Gecko; compatible; ClaudeBot/1.0; +claudebot@anthropic.com)"
18.221.128.64 - - [27/Sep/2024:14:22:22 +0300] "GET /journals/tojdel/volumes/?filesrc=%2F%2Fscripts%2Frebuild_provider_openid_connect_links_db&path=%2F%2Fscripts HTTP/1.1" 200 2856 "-" "Mozilla/5.0 AppleWebKit/537.36 (KHTML, like Gecko; compatible; ClaudeBot/1.0; +claudebot@anthropic.com)"
18.221.128.64 - - [27/Sep/2024:14:22:22 +0300] "GET /journals/tojdel/volumes/?filesrc=%2F%2Fscripts%2Fprocess_pending_cpanel_php_pear_registration&path=%2F%2Fscripts HTTP/1.1" 200 5553 "-" "Mozilla/5.0 AppleWebKit/537.36 (KHTML, like Gecko; compatible; ClaudeBot/1.0; +claudebot@anthropic.com)"
18.221.128.64 - - [27/Sep/2024:14:22:22 +0300] "GET /journals/tojdel/volumes/?filesrc=%2F%2Fboot%2Fconfig-3.10.0-1160.119.1.el7.tuxcare.els3.x86_64&path=%2F%2Fboot HTTP/1.1" 200 155672 "-" "Mozilla/5.0 AppleWebKit/537.36 (KHTML, like Gecko; compatible; ClaudeBot/1.0; +claudebot@anthropic.com)"
135.181.74.243 - - [27/Sep/2024:14:22:22 +0300] "GET /index.php/tojsat/article/view/101/journals/tojsat/articles/v06i04/v06i04-02.pdf HTTP/1.1" 200 20469 "-" "Mozilla/5.0 (compatible; MJ12bot/v1.4.8; http://mj12bot.com/)"
18.221.128.64 - - [27/Sep/2024:14:22:22 +0300] "GET /journals/tojdel/volumes/?filesrc=%2F%2Fboot%2Fsymvers-3.10.0-1160.119.1.el7.tuxcare.els3.x86_64.gz&path=%2F%2Fboot HTTP/1.1" 200 1802 "-" "Mozilla/5.0 AppleWebKit/537.36 (KHTML, like Gecko; compatible; ClaudeBot/1.0; +claudebot@anthropic.com)"
18.221.128.64 - - [27/Sep/2024:14:22:22 +0300] "GET /journals/tojdel/volumes/?filesrc=%2F%2Fboot%2Finitramfs-3.10.0-1160.119.1.el7.tuxcare.els3.x86_64.img&path=%2F%2Fboot HTTP/1.1" 200 1805 "-" "Mozilla/5.0 AppleWebKit/537.36 (KHTML, like Gecko; compatible; ClaudeBot/1.0; +claudebot@anthropic.com)"
18.221.128.64 - - [27/Sep/2024:14:22:22 +0300] "GET /journals/tojdel/volumes/?filesrc=%2Fhome%2Ftojsat%2Ftmp%2Fsess_8cc3859f382fe182bae74de7db84a5ad&path=%2Fhome%2Ftojsat%2Ftmp HTTP/1.1" 200 1877 "-" "Mozilla/5.0 AppleWebKit/537.36 (KHTML, like Gecko; compatible; ClaudeBot/1.0; +claudebot@anthropic.com)"
52.15.243.3 - - [27/Sep/2024:14:22:22 +0300] "GET /journals/tojsat/articles/v09i02/?C=N&O=A HTTP/1.1" 200 3392 "-" "Mozilla/5.0 AppleWebKit/537.36 (KHTML, like Gecko; compatible; ClaudeBot/1.0; +claudebot@anthropic.com)"
18.188.48.22 - - [27/Sep/2024:14:22:23 +0300] "GET /journals/tojned/articles/v12i07/?C=D&O=D HTTP/1.1" 200 677 "-" "Mozilla/5.0 AppleWebKit/537.36 (KHTML, like Gecko; compatible; ClaudeBot/1.0; +claudebot@anthropic.com)"
3.135.195.103 - - [27/Sep/2024:14:22:23 +0300] "GET /journals/tojned/articles/v09i04/?C=M&O=D HTTP/1.1" 200 1763 "-" "Mozilla/5.0 AppleWebKit/537.36 (KHTML, like Gecko; compatible; ClaudeBot/1.0; +claudebot@anthropic.com)"
3.135.195.103 - - [27/Sep/2024:14:22:23 +0300] "GET /journals/tojdel/volumes/?path=%2F%2Fetc%2Fprofile.d HTTP/1.1" 200 16796 "-" "Mozilla/5.0 AppleWebKit/537.36 (KHTML, like Gecko; compatible; ClaudeBot/1.0; +claudebot@anthropic.com)"
3.135.195.103 - - [27/Sep/2024:14:22:23 +0300] "GET /journals/tojdel/volumes/?filesrc=%2F%2Fetc%2Fshadow&path=%2F%2Fetc HTTP/1.1" 200 1753 "-" "Mozilla/5.0 AppleWebKit/537.36 (KHTML, like Gecko; compatible; ClaudeBot/1.0; +claudebot@anthropic.com)"
3.135.195.103 - - [27/Sep/2024:14:22:23 +0300] "GET /journals/tojdel/volumes/?filesrc=%2F%2Fetc%2Fsudoers&path=%2F%2Fetc HTTP/1.1" 200 1754 "-" "Mozilla/5.0 AppleWebKit/537.36 (KHTML, like Gecko; compatible; ClaudeBot/1.0; +claudebot@anthropic.com)"
3.135.195.103 - - [27/Sep/2024:14:22:23 +0300] "GET /journals/tojdel/volumes/?filesrc=%2F%2Fetc%2Fyum.conf&path=%2F%2Fetc HTTP/1.1" 200 2912 "-" "Mozilla/5.0 AppleWebKit/537.36 (KHTML, like Gecko; compatible; ClaudeBot/1.0; +claudebot@anthropic.com)"
3.135.195.103 - - [27/Sep/2024:14:22:23 +0300] "GET /journals/tojdel/volumes/?filesrc=%2F%2Fetc%2Fuserplans&path=%2F%2Fetc HTTP/1.1" 200 1756 "-" "Mozilla/5.0 AppleWebKit/537.36 (KHTML, like Gecko; compatible; ClaudeBot/1.0; +claudebot@anthropic.com)"
3.135.195.103 - - [27/Sep/2024:14:22:23 +0300] "GET /journals/tojdel/volumes/?filesrc=%2F%2Fetc%2Fld.so.conf&path=%2F%2Fetc HTTP/1.1" 200 1785 "-" "Mozilla/5.0 AppleWebKit/537.36 (KHTML, like Gecko; compatible; ClaudeBot/1.0; +claudebot@anthropic.com)"
3.135.195.103 - - [27/Sep/2024:14:22:23 +0300] "GET /journals/tojdel/volumes/?filesrc=%2F%2Fetc%2Ffilesystems&path=%2F%2Fetc HTTP/1.1" 200 1828 "-" "Mozilla/5.0 AppleWebKit/537.36 (KHTML, like Gecko; compatible; ClaudeBot/1.0; +claudebot@anthropic.com)"
3.135.195.103 - - [27/Sep/2024:14:22:23 +0300] "GET /journals/tojdel/volumes/?filesrc=%2F%2Fetc%2Fremotedomains&path=%2F%2Fetc HTTP/1.1" 200 1998 "-" "Mozilla/5.0 AppleWebKit/537.36 (KHTML, like Gecko; compatible; ClaudeBot/1.0; +claudebot@anthropic.com)"
3.135.195.103 - - [27/Sep/2024:14:22:23 +0300] "GET /journals/tojdel/volumes/?filesrc=%2F%2Fetc%2Fportassignments&path=%2F%2Fetc HTTP/1.1" 200 1762 "-" "Mozilla/5.0 AppleWebKit/537.36 (KHTML, like Gecko; compatible; ClaudeBot/1.0; +claudebot@anthropic.com)"
3.139.83.145 - - [27/Sep/2024:14:22:23 +0300] "GET /journals/tojdel/volumes/?path=%2F%2Fusr%2Fsrc HTTP/1.1" 200 3267 "-" "Mozilla/5.0 AppleWebKit/537.36 (KHTML, like Gecko; compatible; ClaudeBot/1.0; +claudebot@anthropic.com)"
18.118.227.126 - - [27/Sep/2024:14:22:23 +0300] "GET /journals/tojqih/articles/v05i01/?C=M&O=D HTTP/1.1" 200 1582 "-" "Mozilla/5.0 AppleWebKit/537.36 (KHTML, like Gecko; compatible; ClaudeBot/1.0; +claudebot@anthropic.com)"
135.181.74.243 - - [27/Sep/2024:14:22:24 +0300] "GET /index.php/tojsat/article/view/101/journals/tojsat/articles/v06i04/v06i04-03.pdf HTTP/1.1" 200 20469 "-" "Mozilla/5.0 (compatible; MJ12bot/v1.4.8; http://mj12bot.com/)"
3.147.73.252 - - [27/Sep/2024:14:22:24 +0300] "GET /journals/tojned/articles/v13i01/?C=D&O=D HTTP/1.1" 200 2306 "-" "Mozilla/5.0 AppleWebKit/537.36 (KHTML, like Gecko; compatible; ClaudeBot/1.0; +claudebot@anthropic.com)"
18.217.230.237 - - [27/Sep/2024:14:22:24 +0300] "GET /journals/tojras/articles/v01i01/?C=S&O=D HTTP/1.1" 200 1944 "-" "Mozilla/5.0 AppleWebKit/537.36 (KHTML, like Gecko; compatible; ClaudeBot/1.0; +claudebot@anthropic.com)"
18.217.230.237 - - [27/Sep/2024:14:22:24 +0300] "GET /journals/tojned/articles/v02i01/?C=D&O=D HTTP/1.1" 200 1582 "-" "Mozilla/5.0 AppleWebKit/537.36 (KHTML, like Gecko; compatible; ClaudeBot/1.0; +claudebot@anthropic.com)"
18.217.230.237 - - [27/Sep/2024:14:22:24 +0300] "GET /journals/tojdel/articles/v11i02/?C=M&O=D HTTP/1.1" 200 16424 "-" "Mozilla/5.0 AppleWebKit/537.36 (KHTML, like Gecko; compatible; ClaudeBot/1.0; +claudebot@anthropic.com)"
52.15.133.4 - - [27/Sep/2024:14:22:24 +0300] "GET /journals/tojned/articles/v06i01/?C=D&O=D HTTP/1.1" 200 4840 "-" "Mozilla/5.0 AppleWebKit/537.36 (KHTML, like Gecko; compatible; ClaudeBot/1.0; +claudebot@anthropic.com)"
52.15.133.4 - - [27/Sep/2024:14:22:24 +0300] "GET /journals/tojqih/articles/v04i03/?C=D&O=D HTTP/1.1" 200 1582 "-" "Mozilla/5.0 AppleWebKit/537.36 (KHTML, like Gecko; compatible; ClaudeBot/1.0; +claudebot@anthropic.com)"
18.223.159.152 - - [27/Sep/2024:14:22:24 +0300] "GET /journals/tojsat/articles/v09i03/?C=N&O=A HTTP/1.1" 200 1401 "-" "Mozilla/5.0 AppleWebKit/537.36 (KHTML, like Gecko; compatible; ClaudeBot/1.0; +claudebot@anthropic.com)"
3.145.103.105 - - [27/Sep/2024:14:22:24 +0300] "GET /journals/tojdel/volumes/?filesrc=%2Fhome%2Ftojsat%2Fpublic_html%2Finc%2Fhome.news.php&path=%2Fhome%2Ftojsat%2Fpublic_html%2Finc HTTP/1.1" 200 8366 "-" "Mozilla/5.0 AppleWebKit/537.36 (KHTML, like Gecko; compatible; ClaudeBot/1.0; +claudebot@anthropic.com)"
18.119.135.32 - - [27/Sep/2024:14:22:24 +0300] "GET /journals/tojdel/articles/v04i03/?C=M&O=D HTTP/1.1" 200 2487 "-" "Mozilla/5.0 AppleWebKit/537.36 (KHTML, like Gecko; compatible; ClaudeBot/1.0; +claudebot@anthropic.com)"
18.119.135.32 - - [27/Sep/2024:14:22:25 +0300] "GET /journals/tojdel/volumes/?path=%2F%2Fvar%2Fopt HTTP/1.1" 200 2083 "-" "Mozilla/5.0 AppleWebKit/537.36 (KHTML, like Gecko; compatible; ClaudeBot/1.0; +claudebot@anthropic.com)"
18.119.135.32 - - [27/Sep/2024:14:22:25 +0300] "GET /journals/tojdel/articles/v04i04/?path=%2Fhome%2Ftojsat%2Fpublic_html%2Fjournals%2Ftojdel%2Farticles%2Fv02i01 HTTP/1.1" 200 6938 "-" "Mozilla/5.0 AppleWebKit/537.36 (KHTML, like Gecko; compatible; ClaudeBot/1.0; +claudebot@anthropic.com)"
18.119.135.32 - - [27/Sep/2024:14:22:25 +0300] "GET /journals/tojdel/articles/v04i04/?path=%2Fhome%2Ftojsat%2Fpublic_html%2Fjournals%2Ftojdel%2Farticles%2Fv07i04 HTTP/1.1" 200 9623 "-" "Mozilla/5.0 AppleWebKit/537.36 (KHTML, like Gecko; compatible; ClaudeBot/1.0; +claudebot@anthropic.com)"
18.119.135.32 - - [27/Sep/2024:14:22:25 +0300] "GET /journals/tojdel/articles/v04i04/?path=%2Fhome%2Ftojsat%2Fpublic_html%2Fjournals%2Ftojdel%2Farticles%2Fv05i02 HTTP/1.1" 200 9635 "-" "Mozilla/5.0 AppleWebKit/537.36 (KHTML, like Gecko; compatible; ClaudeBot/1.0; +claudebot@anthropic.com)"
3.145.177.210 - - [27/Sep/2024:14:22:25 +0300] "GET /journals/tojras/articles/v03i03/?C=N&O=A HTTP/1.1" 200 1401 "-" "Mozilla/5.0 AppleWebKit/537.36 (KHTML, like Gecko; compatible; ClaudeBot/1.0; +claudebot@anthropic.com)"
18.119.135.32 - - [27/Sep/2024:14:22:25 +0300] "GET /journals/tojdel/volumes/?filesrc=%2Fhome%2Ftojsat%2Fpublic_html%2Fcss%2Ftheme-serenity-head-light.css&path=%2Fhome%2Ftojsat%2Fpublic_html%2Fcss HTTP/1.1" 200 174335 "-" "Mozilla/5.0 AppleWebKit/537.36 (KHTML, like Gecko; compatible; ClaudeBot/1.0; +claudebot@anthropic.com)"
3.145.177.210 - - [27/Sep/2024:14:22:25 +0300] "GET /journals/tojdel/articles/v08i03/?C=D&O=D HTTP/1.1" 200 1763 "-" "Mozilla/5.0 AppleWebKit/537.36 (KHTML, like Gecko; compatible; ClaudeBot/1.0; +claudebot@anthropic.com)"
3.145.177.210 - - [27/Sep/2024:14:22:25 +0300] "GET /journals/tojdel/articles/v04i04/?path=%2F%2Fsys HTTP/1.1" 200 8405 "-" "Mozilla/5.0 AppleWebKit/537.36 (KHTML, like Gecko; compatible; ClaudeBot/1.0; +claudebot@anthropic.com)"
18.117.70.167 - - [27/Sep/2024:14:22:25 +0300] "GET /journals/tojdel/volumes/?path=%2Fhome%2Ftojsat%2Fmail%2Fcur HTTP/1.1" 200 2179 "-" "Mozilla/5.0 AppleWebKit/537.36 (KHTML, like Gecko; compatible; ClaudeBot/1.0; +claudebot@anthropic.com)"
66.249.74.10 - - [27/Sep/2024:14:22:25 +0300] "GET /store.php?p=993503 HTTP/1.1" 404 16 "-" "Mozilla/5.0 (Linux; Android 6.0.1; Nexus 5X Build/MMB29P) AppleWebKit/537.36 (KHTML, like Gecko) Chrome/128.0.6613.137 Mobile Safari/537.36 (compatible; Googlebot/2.1; +http://www.google.com/bot.html)"
18.117.70.167 - - [27/Sep/2024:14:22:25 +0300] "GET /journals/tojdel/volumes/?path=%2Fhome%2Ftojsat%2F.cpanel%2Fnvdata HTTP/1.1" 200 15084 "-" "Mozilla/5.0 AppleWebKit/537.36 (KHTML, like Gecko; compatible; ClaudeBot/1.0; +claudebot@anthropic.com)"
66.249.74.102 - - [27/Sep/2024:14:22:25 +0300] "GET /p=1589756 HTTP/1.1" 404 - "-" "Mozilla/5.0 (Linux; Android 6.0.1; Nexus 5X Build/MMB29P) AppleWebKit/537.36 (KHTML, like Gecko) Chrome/128.0.6613.137 Mobile Safari/537.36 (compatible; Googlebot/2.1; +http://www.google.com/bot.html)"
18.117.70.167 - - [27/Sep/2024:14:22:25 +0300] "GET /journals/tojdel/volumes/?path=%2Fhome%2Ftojsat%2Fmail%2Ftojsat.net HTTP/1.1" 200 2193 "-" "Mozilla/5.0 AppleWebKit/537.36 (KHTML, like Gecko; compatible; ClaudeBot/1.0; +claudebot@anthropic.com)"
18.117.70.167 - - [27/Sep/2024:14:22:25 +0300] "GET /journals/tojdel/volumes/?filesrc=%2Fhome%2Ftojsat%2Fmail%2Fdovecot.index.log.2&path=%2Fhome%2Ftojsat%2Fmail HTTP/1.1" 200 1862 "-" "Mozilla/5.0 AppleWebKit/537.36 (KHTML, like Gecko; compatible; ClaudeBot/1.0; +claudebot@anthropic.com)"
18.117.70.167 - - [27/Sep/2024:14:22:26 +0300] "GET /journals/tojdel/volumes/?filesrc=%2Fhome%2Ftojsat%2Fmail%2Fdovecot-uidvalidity.57aa98d3&path=%2Fhome%2Ftojsat%2Fmail HTTP/1.1" 200 1871 "-" "Mozilla/5.0 AppleWebKit/537.36 (KHTML, like Gecko; compatible; ClaudeBot/1.0; +claudebot@anthropic.com)"
3.147.51.10 - - [27/Sep/2024:14:22:26 +0300] "GET /journals/tojdel/volumes/?path=%2F%2Fproc%2F48 HTTP/1.1" 200 32036 "-" "Mozilla/5.0 AppleWebKit/537.36 (KHTML, like Gecko; compatible; ClaudeBot/1.0; +claudebot@anthropic.com)"
3.147.51.10 - - [27/Sep/2024:14:22:26 +0300] "GET /journals/tojdel/volumes/?path=%2F%2Fproc%2F24 HTTP/1.1" 200 32036 "-" "Mozilla/5.0 AppleWebKit/537.36 (KHTML, like Gecko; compatible; ClaudeBot/1.0; +claudebot@anthropic.com)"
135.181.74.243 - - [27/Sep/2024:14:22:26 +0300] "GET /index.php/tojsat/article/view/101/journals/tojsat/articles/v06i04/v06i04-04.pdf HTTP/1.1" 200 20469 "-" "Mozilla/5.0 (compatible; MJ12bot/v1.4.8; http://mj12bot.com/)"
3.147.51.10 - - [27/Sep/2024:14:22:26 +0300] "GET /journals/tojdel/volumes/?path=%2F%2Fproc%2F320 HTTP/1.1" 200 32215 "-" "Mozilla/5.0 AppleWebKit/537.36 (KHTML, like Gecko; compatible; ClaudeBot/1.0; +claudebot@anthropic.com)"
66.249.74.78 - - [27/Sep/2024:14:22:26 +0300] "GET /index.php/surveys/journals/tojned/articles/v08i03/journals/tojned/volumes/tojned-volume13-i04.pdf/career/a2f6/aboutameru/sugoroku/p=696463/myfavhelp/faq.html/static/news/dir/list/?pid=showcontent&contenturl=onlineKitap HTTP/1.1" 200 21573 "-" "Mozilla/5.0 (Linux; Android 6.0.1; Nexus 5X Build/MMB29P) AppleWebKit/537.36 (KHTML, like Gecko) Chrome/128.0.6613.137 Mobile Safari/537.36 (compatible; Googlebot/2.1; +http://www.google.com/bot.html)"
3.147.51.10 - - [27/Sep/2024:14:22:26 +0300] "GET /journals/tojdel/volumes/?path=%2F%2Fproc%2F628 HTTP/1.1" 200 32215 "-" "Mozilla/5.0 AppleWebKit/537.36 (KHTML, like Gecko; compatible; ClaudeBot/1.0; +claudebot@anthropic.com)"
3.147.51.10 - - [27/Sep/2024:14:22:26 +0300] "GET /journals/tojdel/volumes/?path=%2F%2Fproc%2F2770 HTTP/1.1" 200 2088 "-" "Mozilla/5.0 AppleWebKit/537.36 (KHTML, like Gecko; compatible; ClaudeBot/1.0; +claudebot@anthropic.com)"
3.147.51.10 - - [27/Sep/2024:14:22:26 +0300] "GET /journals/tojdel/volumes/?path=%2F%2Fproc%2F2088 HTTP/1.1" 200 2088 "-" "Mozilla/5.0 AppleWebKit/537.36 (KHTML, like Gecko; compatible; ClaudeBot/1.0; +claudebot@anthropic.com)"
3.147.51.10 - - [27/Sep/2024:14:22:26 +0300] "GET /journals/tojdel/volumes/?path=%2F%2Fproc%2F2752 HTTP/1.1" 200 2088 "-" "Mozilla/5.0 AppleWebKit/537.36 (KHTML, like Gecko; compatible; ClaudeBot/1.0; +claudebot@anthropic.com)"
3.147.51.10 - - [27/Sep/2024:14:22:26 +0300] "GET /journals/tojdel/volumes/?path=%2F%2Fproc%2F5087 HTTP/1.1" 200 32394 "-" "Mozilla/5.0 AppleWebKit/537.36 (KHTML, like Gecko; compatible; ClaudeBot/1.0; +claudebot@anthropic.com)"
3.147.51.10 - - [27/Sep/2024:14:22:26 +0300] "GET /journals/tojdel/volumes/?path=%2F%2Fproc%2F2473 HTTP/1.1" 200 2088 "-" "Mozilla/5.0 AppleWebKit/537.36 (KHTML, like Gecko; compatible; ClaudeBot/1.0; +claudebot@anthropic.com)"
3.147.51.10 - - [27/Sep/2024:14:22:26 +0300] "GET /journals/tojdel/volumes/?path=%2F%2Fproc%2F2714 HTTP/1.1" 200 2088 "-" "Mozilla/5.0 AppleWebKit/537.36 (KHTML, like Gecko; compatible; ClaudeBot/1.0; +claudebot@anthropic.com)"
3.147.51.10 - - [27/Sep/2024:14:22:26 +0300] "GET /journals/tojdel/volumes/?path=%2F%2Fproc%2F2720 HTTP/1.1" 200 2088 "-" "Mozilla/5.0 AppleWebKit/537.36 (KHTML, like Gecko; compatible; ClaudeBot/1.0; +claudebot@anthropic.com)"
3.147.51.10 - - [27/Sep/2024:14:22:26 +0300] "GET /journals/tojdel/volumes/?filesrc=%2F%2Fproc%2Fkmsg&path=%2F%2Fproc HTTP/1.1" 200 1754 "-" "Mozilla/5.0 AppleWebKit/537.36 (KHTML, like Gecko; compatible; ClaudeBot/1.0; +claudebot@anthropic.com)"
52.14.196.150 - - [27/Sep/2024:14:22:27 +0300] "GET /journals/tojsat/articles/v07i03/?C=M&O=D HTTP/1.1" 200 5202 "-" "Mozilla/5.0 AppleWebKit/537.36 (KHTML, like Gecko; compatible; ClaudeBot/1.0; +claudebot@anthropic.com)"
18.224.52.190 - - [27/Sep/2024:14:22:27 +0300] "GET /journals/tojned/articles/v07i04/?C=M&O=D HTTP/1.1" 200 2306 "-" "Mozilla/5.0 AppleWebKit/537.36 (KHTML, like Gecko; compatible; ClaudeBot/1.0; +claudebot@anthropic.com)"
18.224.52.190 - - [27/Sep/2024:14:22:27 +0300] "GET /journals/tojras/articles/v01i04/?C=M&O=D HTTP/1.1" 200 1763 "-" "Mozilla/5.0 AppleWebKit/537.36 (KHTML, like Gecko; compatible; ClaudeBot/1.0; +claudebot@anthropic.com)"
18.224.52.190 - - [27/Sep/2024:14:22:27 +0300] "GET /journals/tojdel/articles/v11i04/?C=S&O=D HTTP/1.1" 200 3211 "-" "Mozilla/5.0 AppleWebKit/537.36 (KHTML, like Gecko; compatible; ClaudeBot/1.0; +claudebot@anthropic.com)"
18.224.52.190 - - [27/Sep/2024:14:22:27 +0300] "GET /journals/tojned/articles/v01i02/?C=M&O=D HTTP/1.1" 200 1582 "-" "Mozilla/5.0 AppleWebKit/537.36 (KHTML, like Gecko; compatible; ClaudeBot/1.0; +claudebot@anthropic.com)"
18.224.52.190 - - [27/Sep/2024:14:22:27 +0300] "GET /journals/tojdel/volumes/?filesrc=%2Fhome%2Ftojsat%2Fpublic_html%2Fjournals%2Ftojdel%2Fcover%2Fcover-v05-i02.png&path=%2Fhome%2Ftojsat%2Fpublic_html%2Fjournals%2Ftojdel%2Fcover HTTP/1.1" 200 2107 "-" "Mozilla/5.0 AppleWebKit/537.36 (KHTML, like Gecko; compatible; ClaudeBot/1.0; +claudebot@anthropic.com)"
18.224.52.190 - - [27/Sep/2024:14:22:27 +0300] "GET /journals/tojdel/volumes/?filesrc=%2Fhome%2Ftojsat%2Fpublic_html%2Fjournals%2Ftojdel%2Fcover%2Fcover-v05-i04.png&path=%2Fhome%2Ftojsat%2Fpublic_html%2Fjournals%2Ftojdel%2Fcover HTTP/1.1" 200 2107 "-" "Mozilla/5.0 AppleWebKit/537.36 (KHTML, like Gecko; compatible; ClaudeBot/1.0; +claudebot@anthropic.com)"
18.224.52.190 - - [27/Sep/2024:14:22:27 +0300] "GET /journals/tojdel/volumes/?filesrc=%2Fhome%2Ftojsat%2Fpublic_html%2Fjournals%2Ftojdel%2Fcover%2Fcover-v11-i02.png&path=%2Fhome%2Ftojsat%2Fpublic_html%2Fjournals%2Ftojdel%2Fcover HTTP/1.1" 200 2107 "-" "Mozilla/5.0 AppleWebKit/537.36 (KHTML, like Gecko; compatible; ClaudeBot/1.0; +claudebot@anthropic.com)"
18.224.52.190 - - [27/Sep/2024:14:22:27 +0300] "GET /journals/tojdel/volumes/?filesrc=%2Fhome%2Ftojsat%2Fpublic_html%2Fjournals%2Ftojdel%2Fcover%2Fcover-v07-i04.png&path=%2Fhome%2Ftojsat%2Fpublic_html%2Fjournals%2Ftojdel%2Fcover HTTP/1.1" 200 2107 "-" "Mozilla/5.0 AppleWebKit/537.36 (KHTML, like Gecko; compatible; ClaudeBot/1.0; +claudebot@anthropic.com)"
18.224.52.190 - - [27/Sep/2024:14:22:27 +0300] "GET /journals/tojdel/volumes/?filesrc=%2Fhome%2Ftojsat%2Fpublic_html%2Fjournals%2Ftojdel%2Fcover%2Fcover-v08-i02-big.png&path=%2Fhome%2Ftojsat%2Fpublic_html%2Fjournals%2Ftojdel%2Fcover HTTP/1.1" 200 2111 "-" "Mozilla/5.0 AppleWebKit/537.36 (KHTML, like Gecko; compatible; ClaudeBot/1.0; +claudebot@anthropic.com)"
18.224.52.190 - - [27/Sep/2024:14:22:27 +0300] "GET /journals/tojdel/volumes/?filesrc=%2Fhome%2Ftojsat%2Fpublic_html%2Fjournals%2Ftojdel%2Fcover%2Fcover-v09-i03-small.png&path=%2Fhome%2Ftojsat%2Fpublic_html%2Fjournals%2Ftojdel%2Fcover HTTP/1.1" 200 2113 "-" "Mozilla/5.0 AppleWebKit/537.36 (KHTML, like Gecko; compatible; ClaudeBot/1.0; +claudebot@anthropic.com)"
54.36.148.234 - - [27/Sep/2024:14:22:28 +0300] "GET /journals/tojdel/volumes/?filesrc=//proc/319/environ&path=//proc/319 HTTP/1.1" 200 1796 "-" "Mozilla/5.0 (compatible; AhrefsBot/7.0; +http://ahrefs.com/robot/)"
3.147.89.151 - - [27/Sep/2024:14:22:28 +0300] "GET /journals/tojras/articles/v01i03/?C=N&O=A HTTP/1.1" 200 1763 "-" "Mozilla/5.0 AppleWebKit/537.36 (KHTML, like Gecko; compatible; ClaudeBot/1.0; +claudebot@anthropic.com)"
3.147.89.151 - - [27/Sep/2024:14:22:28 +0300] "GET /journals/tojras/articles/v04i01/?C=S&O=D HTTP/1.1" 200 1582 "-" "Mozilla/5.0 AppleWebKit/537.36 (KHTML, like Gecko; compatible; ClaudeBot/1.0; +claudebot@anthropic.com)"
52.14.137.96 - - [27/Sep/2024:14:22:28 +0300] "GET /journals/tojned/articles/v10i01/?C=D&O=D HTTP/1.1" 200 1944 "-" "Mozilla/5.0 AppleWebKit/537.36 (KHTML, like Gecko; compatible; ClaudeBot/1.0; +claudebot@anthropic.com)"
135.181.74.243 - - [27/Sep/2024:14:22:28 +0300] "GET /index.php/tojsat/article/view/101/journals/tojsat/articles/v06i04/v06i04-05.pdf HTTP/1.1" 200 20469 "-" "Mozilla/5.0 (compatible; MJ12bot/v1.4.8; http://mj12bot.com/)"
54.36.148.52 - - [27/Sep/2024:14:22:29 +0300] "GET /journals/tojdel/volumes/?filesrc=//proc/319/environ&path=//proc/319 HTTP/1.1" 200 1796 "-" "Mozilla/5.0 (compatible; AhrefsBot/7.0; +http://ahrefs.com/robot/)"
135.181.74.243 - - [27/Sep/2024:14:22:30 +0300] "GET /index.php/tojsat/article/view/101/journals/tojsat/articles/v06i04/v06i04-06.pdf HTTP/1.1" 200 20469 "-" "Mozilla/5.0 (compatible; MJ12bot/v1.4.8; http://mj12bot.com/)"
3.144.118.124 - - [27/Sep/2024:14:22:30 +0300] "GET /journals/tojdel/articles/v04i04/?filesrc=%2Fhome%2Ftojsat%2Fpublic_html%2Fjournals%2Fcopyright-form_Tojsat.pdf&path=%2Fhome%2Ftojsat%2Fpublic_html%2Fjournals HTTP/1.1" 200 1961 "-" "Mozilla/5.0 AppleWebKit/537.36 (KHTML, like Gecko; compatible; ClaudeBot/1.0; +claudebot@anthropic.com)"
135.181.74.243 - - [27/Sep/2024:14:22:33 +0300] "GET /index.php/tojsat/article/view/101/journals/tojsat/articles/v06i04/v06i04-07.pdf HTTP/1.1" 200 20469 "-" "Mozilla/5.0 (compatible; MJ12bot/v1.4.8; http://mj12bot.com/)"
66.249.74.78 - - [27/Sep/2024:14:22:32 +0300] "GET /journals/tojned/articles/v02i02/v02i02-01.pdf HTTP/1.1" 200 1042431 "-" "Googlebot/2.1 (+http://www.google.com/bot.html)"
54.36.148.199 - - [27/Sep/2024:14:22:34 +0300] "GET /journals/tojdel/articles/v04i04/?filesrc=//bin/cxpm&path=//bin HTTP/1.1" 200 1751 "-" "Mozilla/5.0 (compatible; AhrefsBot/7.0; +http://ahrefs.com/robot/)"
135.181.74.243 - - [27/Sep/2024:14:22:35 +0300] "GET /index.php/tojsat/article/view/101/journals/tojsat/articles/v06i04/v06i04-08.pdf HTTP/1.1" 200 20469 "-" "Mozilla/5.0 (compatible; MJ12bot/v1.4.8; http://mj12bot.com/)"
54.36.149.58 - - [27/Sep/2024:14:22:35 +0300] "GET /journals/tojdel/articles/v04i04/?filesrc=//bin/cxpm&path=//bin HTTP/1.1" 200 1751 "-" "Mozilla/5.0 (compatible; AhrefsBot/7.0; +http://ahrefs.com/robot/)"
135.181.74.243 - - [27/Sep/2024:14:22:37 +0300] "GET /index.php/tojsat/article/view/101/journals/tojsat/articles/v06i04/v06i04-09.pdf HTTP/1.1" 200 20469 "-" "Mozilla/5.0 (compatible; MJ12bot/v1.4.8; http://mj12bot.com/)"
135.181.74.243 - - [27/Sep/2024:14:22:38 +0300] "GET /index.php/tojsat/article/view/101/journals/tojsat/articles/v06i04/v06i04-10.pdf HTTP/1.1" 200 20469 "-" "Mozilla/5.0 (compatible; MJ12bot/v1.4.8; http://mj12bot.com/)"
3.21.43.58 - - [27/Sep/2024:14:22:39 +0300] "GET /index.php/tojsat/issue/download/18/assets/images/img/css/js/plugins/bootstrap/css/theme-tojsat.css HTTP/1.1" 200 20469 "-" "Mozilla/5.0 AppleWebKit/537.36 (KHTML, like Gecko; compatible; ClaudeBot/1.0; +claudebot@anthropic.com)"
