217.182.134.134 - - [27/Sep/2024:14:07:35 +0300] "GET /index.php/tojsat/article/view/24/journals/tojsat/articles/v07i02/journals/tojsat/uploads/journals/tojsat/uploads/journals/tojsat/uploads/pages-login.html HTTP/1.1" 200 20469 "-" "Mozilla/5.0 (compatible; MJ12bot/v1.4.8; http://mj12bot.com/)"
57.141.0.20 - - [27/Sep/2024:14:07:35 +0300] "GET /journals/tojqih/volumes/?C=M;O=A HTTP/1.1" 200 5427 "-" "facebookexternalhit/1.1 (+http://www.facebook.com/externalhit_uatext.php)"
217.182.134.134 - - [27/Sep/2024:14:07:38 +0300] "GET /index.php/tojsat/article/view/24/journals/tojsat/articles/v07i02/journals/tojsat/uploads/journals/tojsat/uploads/pages-login.html HTTP/1.1" 200 20469 "-" "Mozilla/5.0 (compatible; MJ12bot/v1.4.8; http://mj12bot.com/)"
54.36.148.27 - - [27/Sep/2024:14:07:39 +0300] "GET /journals/tojdel/articles/v04i04/?option&path=//sys/devices/pci0000:00/0000:00:18.6/driver HTTP/1.1" 200 1967 "-" "Mozilla/5.0 (compatible; AhrefsBot/7.0; +http://ahrefs.com/robot/)"
135.181.74.243 - - [27/Sep/2024:14:07:39 +0300] "GET /index.php/tojsat/article/download/87/journals/tojsat/articles/v10i03/journals/tojsat/uploads/journals/tojsat/uploads/journals/tojsat/uploads/journals/tojsat/uploads/pages-login.html HTTP/1.1" 200 20469 "-" "Mozilla/5.0 (compatible; MJ12bot/v1.4.8; http://mj12bot.com/)"
54.36.149.77 - - [27/Sep/2024:14:07:40 +0300] "GET /journals/tojdel/articles/v04i04/?option&path=//sys/devices/pci0000:00/0000:00:18.6/driver HTTP/1.1" 200 1967 "-" "Mozilla/5.0 (compatible; AhrefsBot/7.0; +http://ahrefs.com/robot/)"
217.182.134.134 - - [27/Sep/2024:14:07:41 +0300] "GET /index.php/tojsat/article/view/24/journals/tojsat/articles/v07i02/pages-login.html HTTP/1.1" 200 20469 "-" "Mozilla/5.0 (compatible; MJ12bot/v1.4.8; http://mj12bot.com/)"
158.62.9.236 - - [27/Sep/2024:14:07:41 +0300] "GET /journals/tojdel/articles/v11i02/v11i02-24.pdf?fbclid=IwY2xjawFjcUtleHRuA2FlbQIxMAABHQC4I39Ba_vFgJcQwSVe5KLGQeXaj3Q4hwXsagGoyBLJhHJf0wHipYWXwA_aem_Bo_V1LcXdV2mPuSPhXBBjQ HTTP/1.1" 200 1325513 "https://l.facebook.com/" "Mozilla/5.0 (Windows NT 10.0; Win64; x64) AppleWebKit/537.36 (KHTML, like Gecko) Chrome/129.0.0.0 Safari/537.36"
217.182.134.134 - - [27/Sep/2024:14:07:44 +0300] "GET /index.php/tojsat/article/view/24/journals/tojsat/articles/v08i03/journals/tojsat/uploads/journals/tojsat/uploads/pages-login.html HTTP/1.1" 200 20469 "-" "Mozilla/5.0 (compatible; MJ12bot/v1.4.8; http://mj12bot.com/)"
54.36.149.95 - - [27/Sep/2024:14:07:45 +0300] "GET /journals/tojdel/volumes/?filesrc=//proc/10/projid_map&path=//proc/10 HTTP/1.1" 200 1829 "-" "Mozilla/5.0 (compatible; AhrefsBot/7.0; +http://ahrefs.com/robot/)"
54.36.149.102 - - [27/Sep/2024:14:07:47 +0300] "GET /journals/tojdel/volumes/?filesrc=//proc/10/projid_map&path=//proc/10 HTTP/1.1" 200 1829 "-" "Mozilla/5.0 (compatible; AhrefsBot/7.0; +http://ahrefs.com/robot/)"
57.141.0.25 - - [27/Sep/2024:14:07:47 +0300] "GET /journals/tojsat/images/?C=N;O=D HTTP/1.1" 200 3017 "-" "meta-externalagent/1.1 (+https://developers.facebook.com/docs/sharing/webmasters/crawler)"
217.182.134.134 - - [27/Sep/2024:14:07:49 +0300] "GET /index.php/tojsat/article/view/24/journals/tojsat/articles/v08i03/journals/tojsat/uploads/pages-login.html HTTP/1.1" 200 20469 "-" "Mozilla/5.0 (compatible; MJ12bot/v1.4.8; http://mj12bot.com/)"
135.181.74.243 - - [27/Sep/2024:14:07:49 +0300] "GET /index.php/tojsat/article/download/88/journals/tojsat/articles/v06i04/journals/tojsat/uploads/journals/tojsat/uploads/journals/tojsat/uploads/journals/tojsat/uploads/journals/tojsat/uploads/pages-login.html HTTP/1.1" 200 20469 "-" "Mozilla/5.0 (compatible; MJ12bot/v1.4.8; http://mj12bot.com/)"
217.182.134.134 - - [27/Sep/2024:14:07:51 +0300] "GET /index.php/tojsat/article/view/24/journals/tojsat/articles/v08i03/pages-login.html HTTP/1.1" 200 20469 "-" "Mozilla/5.0 (compatible; MJ12bot/v1.4.8; http://mj12bot.com/)"
135.181.74.243 - - [27/Sep/2024:14:07:52 +0300] "GET /index.php/tojsat/article/download/88/journals/tojsat/articles/v06i04/journals/tojsat/uploads/journals/tojsat/uploads/journals/tojsat/uploads/journals/tojsat/uploads/pages-login.html HTTP/1.1" 200 20469 "-" "Mozilla/5.0 (compatible; MJ12bot/v1.4.8; http://mj12bot.com/)"
217.182.134.134 - - [27/Sep/2024:14:07:53 +0300] "GET /index.php/tojsat/article/view/24?pid=showcontent&contenturl=indexed HTTP/1.1" 200 19636 "-" "Mozilla/5.0 (compatible; MJ12bot/v1.4.8; http://mj12bot.com/)"
66.249.74.78 - - [27/Sep/2024:14:07:50 +0300] "GET /journals/tojsat/articles/v02i04/v02i04-12.pdf HTTP/1.1" 200 693565 "-" "Googlebot/2.1 (+http://www.google.com/bot.html)"
66.249.74.102 - - [27/Sep/2024:14:07:55 +0300] "GET /p=1478254?oo=1_8_1_34_74&ii=mercator+exhaust+fan+manual&cc=2578858 HTTP/1.1" 404 - "-" "Mozilla/5.0 (Linux; Android 6.0.1; Nexus 5X Build/MMB29P) AppleWebKit/537.36 (KHTML, like Gecko) Chrome/128.0.6613.137 Mobile Safari/537.36 (compatible; Googlebot/2.1; +http://www.google.com/bot.html)"
217.182.134.134 - - [27/Sep/2024:14:07:56 +0300] "GET /index.php/tojsat/article/view/26/journals/tojsat/articles/v08i04/pages-login.html HTTP/1.1" 200 20469 "-" "Mozilla/5.0 (compatible; MJ12bot/v1.4.8; http://mj12bot.com/)"
66.249.73.37 - - [27/Sep/2024:14:07:55 +0300] "GET /journals/tojned/articles/v07i04/v07i04-09.pdf HTTP/1.1" 200 900030 "-" "Mozilla/5.0 (Linux; Android 6.0.1; Nexus 5X Build/MMB29P) AppleWebKit/537.36 (KHTML, like Gecko) Chrome/128.0.6613.137 Mobile Safari/537.36 (compatible; Googlebot/2.1; +http://www.google.com/bot.html)"
54.36.148.254 - - [27/Sep/2024:14:07:59 +0300] "GET /journals/tojdel/articles/v04i04/?option&path=//sys/devices/pci0000:00/0000:00:18.6/power HTTP/1.1" 200 1965 "-" "Mozilla/5.0 (compatible; AhrefsBot/7.0; +http://ahrefs.com/robot/)"
66.249.73.37 - - [27/Sep/2024:14:07:58 +0300] "GET /journals/tojdel/articles/v11i01c02/v11i01-42.pdf HTTP/1.1" 200 1003102 "-" "Googlebot/2.1 (+http://www.google.com/bot.html)"
217.182.134.134 - - [27/Sep/2024:14:07:59 +0300] "GET /index.php/tojsat/article/view/26/journals/tojsat/articles/v10i03/pages-login.html HTTP/1.1" 200 20469 "-" "Mozilla/5.0 (compatible; MJ12bot/v1.4.8; http://mj12bot.com/)"
135.181.74.243 - - [27/Sep/2024:14:07:59 +0300] "GET /index.php/tojsat/article/download/88/journals/tojsat/articles/v06i04/journals/tojsat/uploads/pages-login.html HTTP/1.1" 200 20469 "-" "Mozilla/5.0 (compatible; MJ12bot/v1.4.8; http://mj12bot.com/)"
54.36.148.232 - - [27/Sep/2024:14:08:00 +0300] "GET /journals/tojdel/articles/v04i04/?option&path=//sys/devices/pci0000:00/0000:00:18.6/power HTTP/1.1" 200 1965 "-" "Mozilla/5.0 (compatible; AhrefsBot/7.0; +http://ahrefs.com/robot/)"
217.182.134.134 - - [27/Sep/2024:14:08:03 +0300] "GET /index.php/tojsat/article/view/26/journals/tojsat/uploads/pages-login.html HTTP/1.1" 200 20469 "-" "Mozilla/5.0 (compatible; MJ12bot/v1.4.8; http://mj12bot.com/)"
135.181.74.243 - - [27/Sep/2024:14:08:04 +0300] "GET /index.php/tojsat/article/download/88/journals/tojsat/articles/v07i01/journals/tojsat/uploads/pages-login.html HTTP/1.1" 200 20469 "-" "Mozilla/5.0 (compatible; MJ12bot/v1.4.8; http://mj12bot.com/)"
54.36.148.51 - - [27/Sep/2024:14:08:04 +0300] "GET /journals/tojdel/volumes/?filesrc=//proc/10/setgroups&path=//proc/10 HTTP/1.1" 200 1801 "-" "Mozilla/5.0 (compatible; AhrefsBot/7.0; +http://ahrefs.com/robot/)"
217.182.134.134 - - [27/Sep/2024:14:08:05 +0300] "GET /index.php/tojsat/article/view/26/journals/tojsat/volumes/journals/tojsat/uploads/journals/tojsat/uploads/journals/tojsat/uploads/journals/tojsat/uploads/copyright-form_Tojsat.pdf HTTP/1.1" 200 20469 "-" "Mozilla/5.0 (compatible; MJ12bot/v1.4.8; http://mj12bot.com/)"
157.55.39.58 - - [27/Sep/2024:14:08:04 +0300] "GET /journals/tojned/articles/v13i01/v13i01-08.pdf HTTP/1.1" 200 1050627 "-" "Mozilla/5.0 AppleWebKit/537.36 (KHTML, like Gecko; compatible; bingbot/2.0; +http://www.bing.com/bingbot.htm) Chrome/116.0.1938.76 Safari/537.36"
217.182.134.134 - - [27/Sep/2024:14:08:08 +0300] "GET /index.php/tojsat/article/view/26/journals/tojsat/volumes/journals/tojsat/uploads/journals/tojsat/uploads/journals/tojsat/uploads/journals/tojsat/uploads/journals/tojsat/uploads/journals/tojsat/uploads/pages-login.html HTTP/1.1" 200 20469 "-" "Mozilla/5.0 (compatible; MJ12bot/v1.4.8; http://mj12bot.com/)"
135.181.74.243 - - [27/Sep/2024:14:08:09 +0300] "GET /index.php/tojsat/article/download/88/journals/tojsat/articles/v07i02/journals/tojsat/uploads/journals/tojsat/uploads/journals/tojsat/uploads/journals/tojsat/uploads/journals/tojsat/uploads/pages-login.html HTTP/1.1" 200 20469 "-" "Mozilla/5.0 (compatible; MJ12bot/v1.4.8; http://mj12bot.com/)"
217.182.134.134 - - [27/Sep/2024:14:08:11 +0300] "GET /index.php/tojsat/article/view/26/journals/tojsat/volumes/journals/tojsat/uploads/journals/tojsat/uploads/journals/tojsat/uploads/pages-login.html HTTP/1.1" 200 20469 "-" "Mozilla/5.0 (compatible; MJ12bot/v1.4.8; http://mj12bot.com/)"
217.182.134.134 - - [27/Sep/2024:14:08:14 +0300] "GET /index.php/tojsat/article/view/26/journals/tojsat/volumes/pages-login.html HTTP/1.1" 200 20469 "-" "Mozilla/5.0 (compatible; MJ12bot/v1.4.8; http://mj12bot.com/)"
216.244.66.228 - - [27/Sep/2024:14:08:15 +0300] "GET /index.php/surveys/journals/tojdel/articles/v05i04/journals/tojdel/articles/v08i02/v08i02-06.pdf?pid=showcontent&contenturl=homepage HTTP/1.1" 200 20417 "-" "Mozilla/5.0 (compatible; DotBot/1.2; +https://opensiteexplorer.org/dotbot; help@moz.com)"
217.182.134.134 - - [27/Sep/2024:14:08:16 +0300] "GET /index.php/tojsat/article/view/26/pages-login.html HTTP/1.1" 200 20469 "-" "Mozilla/5.0 (compatible; MJ12bot/v1.4.8; http://mj12bot.com/)"
66.249.73.36 - - [27/Sep/2024:14:08:17 +0300] "GET /journals/tojdel/articles/v11i03/v11i03-11.pdf HTTP/1.1" 304 - "-" "Mozilla/5.0 (Linux; Android 6.0.1; Nexus 5X Build/MMB29P) AppleWebKit/537.36 (KHTML, like Gecko) Chrome/129.0.6668.70 Mobile Safari/537.36 (compatible; Googlebot/2.1; +http://www.google.com/bot.html)"
135.181.74.243 - - [27/Sep/2024:14:08:18 +0300] "GET /index.php/tojsat/article/download/88/journals/tojsat/articles/v07i02/journals/tojsat/uploads/journals/tojsat/uploads/journals/tojsat/uploads/journals/tojsat/uploads/pages-login.html HTTP/1.1" 200 20469 "-" "Mozilla/5.0 (compatible; MJ12bot/v1.4.8; http://mj12bot.com/)"
217.182.134.134 - - [27/Sep/2024:14:08:19 +0300] "GET /index.php/tojsat/article/view/27/journals/tojsat/articles/v10i03/journals/tojsat/uploads/journals/tojsat/uploads/journals/tojsat/uploads/journals/tojsat/uploads/journals/tojsat/uploads/pages-login.html HTTP/1.1" 200 20469 "-" "Mozilla/5.0 (compatible; MJ12bot/v1.4.8; http://mj12bot.com/)"
217.182.134.134 - - [27/Sep/2024:14:08:22 +0300] "GET /index.php/tojsat/article/view/27/journals/tojsat/articles/v10i03/journals/tojsat/uploads/journals/tojsat/uploads/pages-login.html HTTP/1.1" 200 20469 "-" "Mozilla/5.0 (compatible; MJ12bot/v1.4.8; http://mj12bot.com/)"
54.36.149.33 - - [27/Sep/2024:14:08:22 +0300] "GET /journals/tojdel/articles/v04i04/?option&path=//usr/share/applications HTTP/1.1" 200 1822 "-" "Mozilla/5.0 (compatible; AhrefsBot/7.0; +http://ahrefs.com/robot/)"
66.249.74.106 - - [27/Sep/2024:14:08:23 +0300] "GET /journals/tojras/articles/v01i04/v01i04-03.pdf HTTP/1.1" 200 365794 "-" "Googlebot/2.1 (+http://www.google.com/bot.html)"
54.36.148.56 - - [27/Sep/2024:14:08:23 +0300] "GET /journals/tojdel/articles/v04i04/?option&path=//usr/share/applications HTTP/1.1" 200 1822 "-" "Mozilla/5.0 (compatible; AhrefsBot/7.0; +http://ahrefs.com/robot/)"
135.181.74.243 - - [27/Sep/2024:14:08:24 +0300] "GET /index.php/tojsat/article/download/88/journals/tojsat/articles/v07i02/journals/tojsat/uploads/journals/tojsat/uploads/journals/tojsat/uploads/pages-login.html HTTP/1.1" 200 20469 "-" "Mozilla/5.0 (compatible; MJ12bot/v1.4.8; http://mj12bot.com/)"
217.182.134.134 - - [27/Sep/2024:14:08:25 +0300] "GET /index.php/tojsat/article/view/27/journals/tojsat/articles/v10i03/journals/tojsat/uploads/pages-login.html HTTP/1.1" 200 20469 "-" "Mozilla/5.0 (compatible; MJ12bot/v1.4.8; http://mj12bot.com/)"
66.249.74.104 - - [27/Sep/2024:14:08:27 +0300] "GET /index.php/surveys/journals/tojdel/volumes/journals/tojdel/articles/v10i01/v10i01-02.pdf/help/help_04_2.html/p=1094335/fortbiche/p=2027343/fort/hhclass/p=3101109/aboutchallengerally/help/p=2938972/p=1461843/entry/js/plugins.js HTTP/1.1" 200 20866 "https://www.tojdel.net/index.php/surveys/journals/tojdel/volumes/journals/tojdel/articles/v10i01/v10i01-02.pdf/help/help_04_2.html/p=1094335/fortbiche/p=2027343/fort/hhclass/p=3101109/aboutchallengerally/help/p=2938972/p=1461843/entry/index" "Mozilla/5.0 (Linux; Android 6.0.1; Nexus 5X Build/MMB29P) AppleWebKit/537.36 (KHTML, like Gecko) Chrome/128.0.6613.137 Mobile Safari/537.36 (compatible; Googlebot/2.1; +http://www.google.com/bot.html)"
66.249.74.104 - - [27/Sep/2024:14:08:27 +0300] "GET /index.php/surveys/journals/tojdel/volumes/journals/tojdel/articles/v10i01/v10i01-02.pdf/help/help_04_2.html/p=1094335/fortbiche/p=2027343/fort/hhclass/p=3101109/aboutchallengerally/help/p=2938972/p=1461843/entry/js/plugins/jquery/jquery.min.js HTTP/1.1" 200 20866 "https://www.tojdel.net/index.php/surveys/journals/tojdel/volumes/journals/tojdel/articles/v10i01/v10i01-02.pdf/help/help_04_2.html/p=1094335/fortbiche/p=2027343/fort/hhclass/p=3101109/aboutchallengerally/help/p=2938972/p=1461843/entry/index" "Mozilla/5.0 (Linux; Android 6.0.1; Nexus 5X Build/MMB29P) AppleWebKit/537.36 (KHTML, like Gecko) Chrome/128.0.6613.137 Mobile Safari/537.36 (compatible; Googlebot/2.1; +http://www.google.com/bot.html)"
66.249.74.104 - - [27/Sep/2024:14:08:27 +0300] "GET /index.php/surveys/journals/tojdel/volumes/journals/tojdel/articles/v10i01/v10i01-02.pdf/help/help_04_2.html/p=1094335/fortbiche/p=2027343/fort/hhclass/p=3101109/aboutchallengerally/help/p=2938972/p=1461843/entry/js/plugins/icheck/icheck.min.js HTTP/1.1" 200 20866 "https://www.tojdel.net/index.php/surveys/journals/tojdel/volumes/journals/tojdel/articles/v10i01/v10i01-02.pdf/help/help_04_2.html/p=1094335/fortbiche/p=2027343/fort/hhclass/p=3101109/aboutchallengerally/help/p=2938972/p=1461843/entry/index" "Mozilla/5.0 (Linux; Android 6.0.1; Nexus 5X Build/MMB29P) AppleWebKit/537.36 (KHTML, like Gecko) Chrome/128.0.6613.137 Mobile Safari/537.36 (compatible; Googlebot/2.1; +http://www.google.com/bot.html)"
66.249.74.104 - - [27/Sep/2024:14:08:27 +0300] "GET /index.php/surveys/journals/tojdel/volumes/journals/tojdel/articles/v10i01/v10i01-02.pdf/help/help_04_2.html/p=1094335/fortbiche/p=2027343/fort/hhclass/p=3101109/aboutchallengerally/help/p=2938972/p=1461843/entry/js/actions.js HTTP/1.1" 200 20866 "https://www.tojdel.net/index.php/surveys/journals/tojdel/volumes/journals/tojdel/articles/v10i01/v10i01-02.pdf/help/help_04_2.html/p=1094335/fortbiche/p=2027343/fort/hhclass/p=3101109/aboutchallengerally/help/p=2938972/p=1461843/entry/index" "Mozilla/5.0 (Linux; Android 6.0.1; Nexus 5X Build/MMB29P) AppleWebKit/537.36 (KHTML, like Gecko) Chrome/128.0.6613.137 Mobile Safari/537.36 (compatible; Googlebot/2.1; +http://www.google.com/bot.html)"
217.182.134.134 - - [27/Sep/2024:14:08:27 +0300] "GET /index.php/tojsat/article/view/27/journals/tojsat/articles/v10i03/pages-login.html HTTP/1.1" 200 20469 "-" "Mozilla/5.0 (compatible; MJ12bot/v1.4.8; http://mj12bot.com/)"
66.249.74.104 - - [27/Sep/2024:14:08:28 +0300] "GET /index.php/surveys/journals/tojdel/volumes/journals/tojdel/articles/v10i01/v10i01-02.pdf/help/help_04_2.html/p=1094335/fortbiche/p=2027343/fort/hhclass/p=3101109/aboutchallengerally/help/p=2938972/p=1461843/entry/css/theme-tojdel.css HTTP/1.1" 200 20866 "https://www.tojdel.net/index.php/surveys/journals/tojdel/volumes/journals/tojdel/articles/v10i01/v10i01-02.pdf/help/help_04_2.html/p=1094335/fortbiche/p=2027343/fort/hhclass/p=3101109/aboutchallengerally/help/p=2938972/p=1461843/entry/index" "Mozilla/5.0 (Linux; Android 6.0.1; Nexus 5X Build/MMB29P) AppleWebKit/537.36 (KHTML, like Gecko) Chrome/128.0.6613.137 Mobile Safari/537.36 (compatible; Googlebot/2.1; +http://www.google.com/bot.html)"
66.249.74.104 - - [27/Sep/2024:14:08:28 +0300] "GET /index.php/surveys/journals/tojdel/volumes/journals/tojdel/articles/v10i01/v10i01-02.pdf/help/help_04_2.html/p=1094335/fortbiche/p=2027343/fort/hhclass/p=3101109/aboutchallengerally/help/p=2938972/p=1461843/entry/js/plugins/jquery/jquery-ui.min.js HTTP/1.1" 200 20866 "https://www.tojdel.net/index.php/surveys/journals/tojdel/volumes/journals/tojdel/articles/v10i01/v10i01-02.pdf/help/help_04_2.html/p=1094335/fortbiche/p=2027343/fort/hhclass/p=3101109/aboutchallengerally/help/p=2938972/p=1461843/entry/index" "Mozilla/5.0 (Linux; Android 6.0.1; Nexus 5X Build/MMB29P) AppleWebKit/537.36 (KHTML, like Gecko) Chrome/128.0.6613.137 Mobile Safari/537.36 (compatible; Googlebot/2.1; +http://www.google.com/bot.html)"
66.249.74.104 - - [27/Sep/2024:14:08:29 +0300] "GET /index.php/surveys/journals/tojdel/volumes/journals/tojdel/articles/v10i01/v10i01-02.pdf/help/help_04_2.html/p=1094335/fortbiche/p=2027343/fort/hhclass/p=3101109/aboutchallengerally/help/p=2938972/p=1461843/entry/js/plugins/summernote/summernote.js HTTP/1.1" 200 20866 "https://www.tojdel.net/index.php/surveys/journals/tojdel/volumes/journals/tojdel/articles/v10i01/v10i01-02.pdf/help/help_04_2.html/p=1094335/fortbiche/p=2027343/fort/hhclass/p=3101109/aboutchallengerally/help/p=2938972/p=1461843/entry/index" "Mozilla/5.0 (Linux; Android 6.0.1; Nexus 5X Build/MMB29P) AppleWebKit/537.36 (KHTML, like Gecko) Chrome/128.0.6613.137 Mobile Safari/537.36 (compatible; Googlebot/2.1; +http://www.google.com/bot.html)"
66.249.74.104 - - [27/Sep/2024:14:08:29 +0300] "GET /index.php/surveys/journals/tojdel/volumes/journals/tojdel/articles/v10i01/v10i01-02.pdf/help/help_04_2.html/p=1094335/fortbiche/p=2027343/fort/hhclass/p=3101109/aboutchallengerally/help/p=2938972/p=1461843/entry/js/plugins/mcustomscrollbar/jquery.mCustomScrollbar.min.js HTTP/1.1" 200 20866 "https://www.tojdel.net/index.php/surveys/journals/tojdel/volumes/journals/tojdel/articles/v10i01/v10i01-02.pdf/help/help_04_2.html/p=1094335/fortbiche/p=2027343/fort/hhclass/p=3101109/aboutchallengerally/help/p=2938972/p=1461843/entry/index" "Mozilla/5.0 (Linux; Android 6.0.1; Nexus 5X Build/MMB29P) AppleWebKit/537.36 (KHTML, like Gecko) Chrome/128.0.6613.137 Mobile Safari/537.36 (compatible; Googlebot/2.1; +http://www.google.com/bot.html)"
135.181.74.243 - - [27/Sep/2024:14:08:30 +0300] "GET /index.php/tojsat/article/download/88/journals/tojsat/articles/v07i02/journals/tojsat/uploads/pages-login.html HTTP/1.1" 200 20469 "-" "Mozilla/5.0 (compatible; MJ12bot/v1.4.8; http://mj12bot.com/)"
217.182.134.134 - - [27/Sep/2024:14:08:30 +0300] "GET /index.php/tojsat/article/view/27/journals/tojsat/uploads/journals/tojsat/uploads/journals/tojsat/uploads/journals/tojsat/uploads/journals/tojsat/uploads/journals/tojsat/uploads/journals/tojsat/uploads/pages-login.html HTTP/1.1" 200 20469 "-" "Mozilla/5.0 (compatible; MJ12bot/v1.4.8; http://mj12bot.com/)"
217.182.134.134 - - [27/Sep/2024:14:08:34 +0300] "GET /index.php/tojsat/article/view/27/journals/tojsat/uploads/journals/tojsat/uploads/journals/tojsat/uploads/journals/tojsat/uploads/journals/tojsat/uploads/journals/tojsat/uploads/pages-login.html HTTP/1.1" 200 20469 "-" "Mozilla/5.0 (compatible; MJ12bot/v1.4.8; http://mj12bot.com/)"
54.36.148.80 - - [27/Sep/2024:14:08:35 +0300] "GET /journals/tojdel/volumes/?filesrc=//proc/10/setgroups&path=//proc/10 HTTP/1.1" 200 1801 "-" "Mozilla/5.0 (compatible; AhrefsBot/7.0; +http://ahrefs.com/robot/)"
216.244.66.228 - - [27/Sep/2024:14:08:36 +0300] "GET /index.php/surveys/journals/tojdel/articles/v05i04/journals/tojdel/volumes/tojdel-volume10-i02.pdf?pid=publicationethics HTTP/1.1" 200 20910 "-" "Mozilla/5.0 (compatible; DotBot/1.2; +https://opensiteexplorer.org/dotbot; help@moz.com)"
217.182.134.134 - - [27/Sep/2024:14:08:36 +0300] "GET /index.php/tojsat/article/view/27/journals/tojsat/uploads/journals/tojsat/uploads/journals/tojsat/uploads/journals/tojsat/uploads/journals/tojsat/uploads/pages-login.html HTTP/1.1" 200 20469 "-" "Mozilla/5.0 (compatible; MJ12bot/v1.4.8; http://mj12bot.com/)"
54.36.148.184 - - [27/Sep/2024:14:08:37 +0300] "GET /journals/tojdel/volumes/?filesrc=//proc/10/smaps&path=//proc/10 HTTP/1.1" 200 1791 "-" "Mozilla/5.0 (compatible; AhrefsBot/7.0; +http://ahrefs.com/robot/)"
135.181.74.243 - - [27/Sep/2024:14:08:38 +0300] "GET /index.php/tojsat/article/download/88/journals/tojsat/articles/v07i03/journals/tojsat/uploads/journals/tojsat/uploads/journals/tojsat/uploads/journals/tojsat/uploads/journals/tojsat/uploads/pages-login.html HTTP/1.1" 200 20469 "-" "Mozilla/5.0 (compatible; MJ12bot/v1.4.8; http://mj12bot.com/)"
217.182.134.134 - - [27/Sep/2024:14:08:39 +0300] "GET /index.php/tojsat/article/view/27/journals/tojsat/uploads/journals/tojsat/uploads/journals/tojsat/uploads/journals/tojsat/uploads/pages-login.html HTTP/1.1" 200 20469 "-" "Mozilla/5.0 (compatible; MJ12bot/v1.4.8; http://mj12bot.com/)"
54.36.148.105 - - [27/Sep/2024:14:08:40 +0300] "GET /journals/tojdel/volumes/?filesrc=//proc/10/smaps&path=//proc/10 HTTP/1.1" 200 1791 "-" "Mozilla/5.0 (compatible; AhrefsBot/7.0; +http://ahrefs.com/robot/)"
135.181.74.243 - - [27/Sep/2024:14:08:41 +0300] "GET /index.php/tojsat/article/download/88/journals/tojsat/articles/v07i03/journals/tojsat/uploads/journals/tojsat/uploads/journals/tojsat/uploads/journals/tojsat/uploads/pages-login.html HTTP/1.1" 200 20469 "-" "Mozilla/5.0 (compatible; MJ12bot/v1.4.8; http://mj12bot.com/)"
217.182.134.134 - - [27/Sep/2024:14:08:42 +0300] "GET /index.php/tojsat/article/view/27/journals/tojsat/uploads/journals/tojsat/uploads/journals/tojsat/uploads/pages-login.html HTTP/1.1" 200 20469 "-" "Mozilla/5.0 (compatible; MJ12bot/v1.4.8; http://mj12bot.com/)"
66.249.74.65 - - [27/Sep/2024:14:08:43 +0300] "GET /index.php/surveys/journals/tojned/articles/v08i03/journals/tojned/volumes/tojned-volume13-i04.pdf/career/a2f6/86699help/help_04_2.html/about/p=2778900/class/myfavshop/detail?pid=showcontent&contenturl=homepage HTTP/1.1" 200 20537 "-" "Mozilla/5.0 (Linux; Android 6.0.1; Nexus 5X Build/MMB29P) AppleWebKit/537.36 (KHTML, like Gecko) Chrome/128.0.6613.137 Mobile Safari/537.36 (compatible; GoogleOther)"
66.249.74.104 - - [27/Sep/2024:14:08:44 +0300] "GET /index.php/surveys/journals/tojdel/volumes/journals/tojdel/articles/v10i01/v10i01-02.pdf/help/help_04_2.html/p=1094335/fortbiche/p=2027343/fort/p=3076655/about/myfavhelp/js/plugins/summernote/summernote.js HTTP/1.1" 200 20866 "https://www.tojdel.net/index.php/surveys/journals/tojdel/volumes/journals/tojdel/articles/v10i01/v10i01-02.pdf/help/help_04_2.html/p=1094335/fortbiche/p=2027343/fort/p=3076655/about/myfavhelp/" "Mozilla/5.0 (Linux; Android 6.0.1; Nexus 5X Build/MMB29P) AppleWebKit/537.36 (KHTML, like Gecko) Chrome/128.0.6613.137 Mobile Safari/537.36 (compatible; Googlebot/2.1; +http://www.google.com/bot.html)"
66.249.74.104 - - [27/Sep/2024:14:08:44 +0300] "GET /index.php/surveys/journals/tojdel/volumes/journals/tojdel/articles/v10i01/v10i01-02.pdf/help/help_04_2.html/p=1094335/fortbiche/p=2027343/fort/p=3076655/about/myfavhelp/js/plugins/jquery/jquery.min.js HTTP/1.1" 200 20866 "https://www.tojdel.net/index.php/surveys/journals/tojdel/volumes/journals/tojdel/articles/v10i01/v10i01-02.pdf/help/help_04_2.html/p=1094335/fortbiche/p=2027343/fort/p=3076655/about/myfavhelp/" "Mozilla/5.0 (Linux; Android 6.0.1; Nexus 5X Build/MMB29P) AppleWebKit/537.36 (KHTML, like Gecko) Chrome/128.0.6613.137 Mobile Safari/537.36 (compatible; Googlebot/2.1; +http://www.google.com/bot.html)"
66.249.74.104 - - [27/Sep/2024:14:08:44 +0300] "GET /index.php/surveys/journals/tojdel/volumes/journals/tojdel/articles/v10i01/v10i01-02.pdf/help/help_04_2.html/p=1094335/fortbiche/p=2027343/fort/p=3076655/about/myfavhelp/js/plugins/bootstrap/bootstrap.min.js HTTP/1.1" 200 20866 "https://www.tojdel.net/index.php/surveys/journals/tojdel/volumes/journals/tojdel/articles/v10i01/v10i01-02.pdf/help/help_04_2.html/p=1094335/fortbiche/p=2027343/fort/p=3076655/about/myfavhelp/" "Mozilla/5.0 (Linux; Android 6.0.1; Nexus 5X Build/MMB29P) AppleWebKit/537.36 (KHTML, like Gecko) Chrome/128.0.6613.137 Mobile Safari/537.36 (compatible; Googlebot/2.1; +http://www.google.com/bot.html)"
217.182.134.134 - - [27/Sep/2024:14:08:44 +0300] "GET /index.php/tojsat/article/view/27/journals/tojsat/uploads/journals/tojsat/uploads/pages-login.html HTTP/1.1" 200 20469 "-" "Mozilla/5.0 (compatible; MJ12bot/v1.4.8; http://mj12bot.com/)"
66.249.74.104 - - [27/Sep/2024:14:08:44 +0300] "GET /index.php/surveys/journals/tojdel/volumes/journals/tojdel/articles/v10i01/v10i01-02.pdf/help/help_04_2.html/p=1094335/fortbiche/p=2027343/fort/p=3076655/about/myfavhelp/js/plugins/icheck/icheck.min.js HTTP/1.1" 200 20866 "https://www.tojdel.net/index.php/surveys/journals/tojdel/volumes/journals/tojdel/articles/v10i01/v10i01-02.pdf/help/help_04_2.html/p=1094335/fortbiche/p=2027343/fort/p=3076655/about/myfavhelp/" "Mozilla/5.0 (Linux; Android 6.0.1; Nexus 5X Build/MMB29P) AppleWebKit/537.36 (KHTML, like Gecko) Chrome/128.0.6613.137 Mobile Safari/537.36 (compatible; Googlebot/2.1; +http://www.google.com/bot.html)"
66.249.74.104 - - [27/Sep/2024:14:08:44 +0300] "GET /index.php/surveys/journals/tojdel/volumes/journals/tojdel/articles/v10i01/v10i01-02.pdf/help/help_04_2.html/p=1094335/fortbiche/p=2027343/fort/p=3076655/about/myfavhelp/js/plugins/jquery/jquery-ui.min.js HTTP/1.1" 200 20866 "https://www.tojdel.net/index.php/surveys/journals/tojdel/volumes/journals/tojdel/articles/v10i01/v10i01-02.pdf/help/help_04_2.html/p=1094335/fortbiche/p=2027343/fort/p=3076655/about/myfavhelp/" "Mozilla/5.0 (Linux; Android 6.0.1; Nexus 5X Build/MMB29P) AppleWebKit/537.36 (KHTML, like Gecko) Chrome/128.0.6613.137 Mobile Safari/537.36 (compatible; Googlebot/2.1; +http://www.google.com/bot.html)"
66.249.74.104 - - [27/Sep/2024:14:08:44 +0300] "GET /index.php/surveys/journals/tojdel/volumes/journals/tojdel/articles/v10i01/v10i01-02.pdf/help/help_04_2.html/p=1094335/fortbiche/p=2027343/fort/p=3076655/about/myfavhelp/js/plugins/mcustomscrollbar/jquery.mCustomScrollbar.min.js HTTP/1.1" 200 20866 "https://www.tojdel.net/index.php/surveys/journals/tojdel/volumes/journals/tojdel/articles/v10i01/v10i01-02.pdf/help/help_04_2.html/p=1094335/fortbiche/p=2027343/fort/p=3076655/about/myfavhelp/" "Mozilla/5.0 (Linux; Android 6.0.1; Nexus 5X Build/MMB29P) AppleWebKit/537.36 (KHTML, like Gecko) Chrome/128.0.6613.137 Mobile Safari/537.36 (compatible; Googlebot/2.1; +http://www.google.com/bot.html)"
66.249.74.104 - - [27/Sep/2024:14:08:45 +0300] "GET /index.php/surveys/journals/tojdel/volumes/journals/tojdel/articles/v10i01/v10i01-02.pdf/help/help_04_2.html/p=1094335/fortbiche/p=2027343/fort/p=3076655/about/myfavhelp/css/theme-tojdel.css HTTP/1.1" 200 20866 "https://www.tojdel.net/index.php/surveys/journals/tojdel/volumes/journals/tojdel/articles/v10i01/v10i01-02.pdf/help/help_04_2.html/p=1094335/fortbiche/p=2027343/fort/p=3076655/about/myfavhelp/" "Mozilla/5.0 (Linux; Android 6.0.1; Nexus 5X Build/MMB29P) AppleWebKit/537.36 (KHTML, like Gecko) Chrome/128.0.6613.137 Mobile Safari/537.36 (compatible; Googlebot/2.1; +http://www.google.com/bot.html)"
66.249.74.104 - - [27/Sep/2024:14:08:45 +0300] "GET /index.php/surveys/journals/tojdel/volumes/journals/tojdel/articles/v10i01/v10i01-02.pdf/help/help_04_2.html/p=1094335/fortbiche/p=2027343/fort/p=3076655/about/myfavhelp/js/actions.js HTTP/1.1" 200 20866 "https://www.tojdel.net/index.php/surveys/journals/tojdel/volumes/journals/tojdel/articles/v10i01/v10i01-02.pdf/help/help_04_2.html/p=1094335/fortbiche/p=2027343/fort/p=3076655/about/myfavhelp/" "Mozilla/5.0 (Linux; Android 6.0.1; Nexus 5X Build/MMB29P) AppleWebKit/537.36 (KHTML, like Gecko) Chrome/128.0.6613.137 Mobile Safari/537.36 (compatible; Googlebot/2.1; +http://www.google.com/bot.html)"
66.249.74.104 - - [27/Sep/2024:14:08:45 +0300] "GET /index.php/surveys/journals/tojdel/volumes/journals/tojdel/articles/v10i01/v10i01-02.pdf/help/help_04_2.html/p=1094335/fortbiche/p=2027343/fort/p=3076655/about/myfavhelp/js/plugins.js HTTP/1.1" 200 20866 "https://www.tojdel.net/index.php/surveys/journals/tojdel/volumes/journals/tojdel/articles/v10i01/v10i01-02.pdf/help/help_04_2.html/p=1094335/fortbiche/p=2027343/fort/p=3076655/about/myfavhelp/" "Mozilla/5.0 (Linux; Android 6.0.1; Nexus 5X Build/MMB29P) AppleWebKit/537.36 (KHTML, like Gecko) Chrome/128.0.6613.137 Mobile Safari/537.36 (compatible; Googlebot/2.1; +http://www.google.com/bot.html)"
54.36.148.114 - - [27/Sep/2024:14:08:47 +0300] "GET /journals/tojdel/articles/v04i04/?option&path=//usr/share/locale/nyn HTTP/1.1" 200 1857 "-" "Mozilla/5.0 (compatible; AhrefsBot/7.0; +http://ahrefs.com/robot/)"
217.182.134.134 - - [27/Sep/2024:14:08:47 +0300] "GET /index.php/tojsat/article/view/27/journals/tojsat/uploads/pages-login.html HTTP/1.1" 200 20469 "-" "Mozilla/5.0 (compatible; MJ12bot/v1.4.8; http://mj12bot.com/)"
54.36.148.144 - - [27/Sep/2024:14:08:48 +0300] "GET /journals/tojdel/articles/v04i04/?option&path=//usr/share/locale/nyn HTTP/1.1" 200 1857 "-" "Mozilla/5.0 (compatible; AhrefsBot/7.0; +http://ahrefs.com/robot/)"
135.181.74.243 - - [27/Sep/2024:14:08:48 +0300] "GET /index.php/tojsat/article/download/88/journals/tojsat/articles/v07i03/journals/tojsat/uploads/journals/tojsat/uploads/journals/tojsat/uploads/pages-login.html HTTP/1.1" 200 20469 "-" "Mozilla/5.0 (compatible; MJ12bot/v1.4.8; http://mj12bot.com/)"
217.182.134.134 - - [27/Sep/2024:14:08:49 +0300] "GET /index.php/tojsat/article/view/27/journals/tojsat/volumes/journals/tojsat/uploads/journals/tojsat/uploads/journals/tojsat/uploads/journals/tojsat/uploads/journals/tojsat/uploads/pages-login.html HTTP/1.1" 200 20469 "-" "Mozilla/5.0 (compatible; MJ12bot/v1.4.8; http://mj12bot.com/)"
135.181.74.243 - - [27/Sep/2024:14:08:52 +0300] "GET /index.php/tojsat/article/download/88/journals/tojsat/articles/v07i03/journals/tojsat/uploads/pages-login.html HTTP/1.1" 200 20469 "-" "Mozilla/5.0 (compatible; MJ12bot/v1.4.8; http://mj12bot.com/)"
217.182.134.134 - - [27/Sep/2024:14:08:53 +0300] "GET /index.php/tojsat/article/view/27/journals/tojsat/volumes/journals/tojsat/uploads/journals/tojsat/uploads/journals/tojsat/uploads/journals/tojsat/uploads/pages-login.html HTTP/1.1" 200 20469 "-" "Mozilla/5.0 (compatible; MJ12bot/v1.4.8; http://mj12bot.com/)"
57.141.0.13 - - [27/Sep/2024:14:08:55 +0300] "GET /js/?C=D;O=A HTTP/1.1" 200 3133 "-" "meta-externalagent/1.1 (+https://developers.facebook.com/docs/sharing/webmasters/crawler)"
135.181.74.243 - - [27/Sep/2024:14:08:55 +0300] "GET /index.php/tojsat/article/download/88/journals/tojsat/articles/v07i04/journals/tojsat/uploads/journals/tojsat/uploads/journals/tojsat/uploads/journals/tojsat/uploads/journals/tojsat/uploads/pages-login.html HTTP/1.1" 200 20469 "-" "Mozilla/5.0 (compatible; MJ12bot/v1.4.8; http://mj12bot.com/)"
217.182.134.134 - - [27/Sep/2024:14:08:56 +0300] "GET /index.php/tojsat/article/view/27/journals/tojsat/volumes/journals/tojsat/uploads/journals/tojsat/uploads/journals/tojsat/uploads/pages-login.html HTTP/1.1" 200 20469 "-" "Mozilla/5.0 (compatible; MJ12bot/v1.4.8; http://mj12bot.com/)"
66.249.74.11 - - [27/Sep/2024:14:08:58 +0300] "GET /robots.txt HTTP/1.1" 404 - "-" "Mozilla/5.0 (compatible; Googlebot/2.1; +http://www.google.com/bot.html)"
66.249.74.12 - - [27/Sep/2024:14:08:58 +0300] "GET /journals/tojsat/articles/v05i02/v05i02-07.pdf HTTP/1.1" 200 416274 "-" "Mozilla/5.0 (Linux; Android 6.0.1; Nexus 5X Build/MMB29P) AppleWebKit/537.36 (KHTML, like Gecko) Chrome/128.0.6613.137 Mobile Safari/537.36 (compatible; Googlebot/2.1; +http://www.google.com/bot.html)"
217.182.134.134 - - [27/Sep/2024:14:08:59 +0300] "GET /index.php/tojsat/article/view/27/journals/tojsat/volumes/journals/tojsat/uploads/journals/tojsat/uploads/pages-login.html HTTP/1.1" 200 20469 "-" "Mozilla/5.0 (compatible; MJ12bot/v1.4.8; http://mj12bot.com/)"
135.181.74.243 - - [27/Sep/2024:14:08:59 +0300] "GET /index.php/tojsat/article/download/88/journals/tojsat/articles/v07i04/journals/tojsat/uploads/journals/tojsat/uploads/journals/tojsat/uploads/journals/tojsat/uploads/pages-login.html HTTP/1.1" 200 20469 "-" "Mozilla/5.0 (compatible; MJ12bot/v1.4.8; http://mj12bot.com/)"
54.36.149.34 - - [27/Sep/2024:14:09:00 +0300] "GET /journals/tojdel/volumes/?filesrc=//proc/10/syscall&path=//proc/10 HTTP/1.1" 200 1793 "-" "Mozilla/5.0 (compatible; AhrefsBot/7.0; +http://ahrefs.com/robot/)"
66.249.74.78 - - [27/Sep/2024:14:08:53 +0300] "GET /journals/tojdel/volumes/tojdel-volume05-i02.pdf HTTP/1.1" 200 2493773 "-" "Googlebot/2.1 (+http://www.google.com/bot.html)"
217.182.134.134 - - [27/Sep/2024:14:09:02 +0300] "GET /index.php/tojsat/article/view/27/journals/tojsat/volumes/journals/tojsat/uploads/pages-login.html HTTP/1.1" 200 20469 "-" "Mozilla/5.0 (compatible; MJ12bot/v1.4.8; http://mj12bot.com/)"
135.181.74.243 - - [27/Sep/2024:14:09:04 +0300] "GET /index.php/tojsat/article/download/88/journals/tojsat/articles/v07i04/journals/tojsat/uploads/journals/tojsat/uploads/journals/tojsat/uploads/pages-login.html HTTP/1.1" 200 20469 "-" "Mozilla/5.0 (compatible; MJ12bot/v1.4.8; http://mj12bot.com/)"
217.182.134.134 - - [27/Sep/2024:14:09:05 +0300] "GET /index.php/tojsat/article/view/27/journals/tojsat/volumes/pages-login.html HTTP/1.1" 200 20469 "-" "Mozilla/5.0 (compatible; MJ12bot/v1.4.8; http://mj12bot.com/)"
66.249.73.36 - - [27/Sep/2024:14:09:04 +0300] "GET /journals/tojcam/articles/v04i01/v04i01-04.pdf HTTP/1.1" 200 999130 "-" "Googlebot/2.1 (+http://www.google.com/bot.html)"
217.182.134.134 - - [27/Sep/2024:14:09:07 +0300] "GET /index.php/tojsat/article/view/27/pages-login.html HTTP/1.1" 200 20469 "-" "Mozilla/5.0 (compatible; MJ12bot/v1.4.8; http://mj12bot.com/)"
135.181.74.243 - - [27/Sep/2024:14:09:08 +0300] "GET /index.php/tojsat/article/download/88/journals/tojsat/articles/v07i04/journals/tojsat/uploads/pages-login.html HTTP/1.1" 200 20469 "-" "Mozilla/5.0 (compatible; MJ12bot/v1.4.8; http://mj12bot.com/)"
217.182.134.134 - - [27/Sep/2024:14:09:11 +0300] "GET /index.php/tojsat/article/view/28/journals/tojsat/uploads/pages-login.html HTTP/1.1" 200 20469 "-" "Mozilla/5.0 (compatible; MJ12bot/v1.4.8; http://mj12bot.com/)"
217.182.134.134 - - [27/Sep/2024:14:09:14 +0300] "GET /index.php/tojsat/article/view/28/pages-login.html HTTP/1.1" 200 20469 "-" "Mozilla/5.0 (compatible; MJ12bot/v1.4.8; http://mj12bot.com/)"
135.181.74.243 - - [27/Sep/2024:14:09:14 +0300] "GET /index.php/tojsat/article/download/88/journals/tojsat/articles/v08i01/journals/tojsat/uploads/journals/tojsat/uploads/journals/tojsat/uploads/journals/tojsat/uploads/journals/tojsat/uploads/pages-login.html HTTP/1.1" 200 20469 "-" "Mozilla/5.0 (compatible; MJ12bot/v1.4.8; http://mj12bot.com/)"
66.249.74.78 - - [27/Sep/2024:14:09:14 +0300] "GET /index.php/surveys/journals/tojned/articles/v08i03/journals/tojned/volumes/tojned-volume13-i04.pdf/career/a2f6/86699help/help_04_2.html/about/p=2778900/class/myfavshop/js/plugins/summernote/summernote.js HTTP/1.1" 200 20986 "https://www.tojned.net/index.php/surveys/journals/tojned/articles/v08i03/journals/tojned/volumes/tojned-volume13-i04.pdf/career/a2f6/86699help/help_04_2.html/about/p=2778900/class/myfavshop/detail?pid=showcontent&contenturl=homepage" "Mozilla/5.0 (Linux; Android 6.0.1; Nexus 5X Build/MMB29P) AppleWebKit/537.36 (KHTML, like Gecko) Chrome/128.0.6613.137 Mobile Safari/537.36 (compatible; Googlebot/2.1; +http://www.google.com/bot.html)"
66.249.74.78 - - [27/Sep/2024:14:09:14 +0300] "GET /index.php/surveys/journals/tojned/articles/v08i03/journals/tojned/volumes/tojned-volume13-i04.pdf/career/a2f6/86699help/help_04_2.html/about/p=2778900/class/myfavshop/js/plugins/bootstrap/bootstrap.min.js HTTP/1.1" 200 20986 "https://www.tojned.net/index.php/surveys/journals/tojned/articles/v08i03/journals/tojned/volumes/tojned-volume13-i04.pdf/career/a2f6/86699help/help_04_2.html/about/p=2778900/class/myfavshop/detail?pid=showcontent&contenturl=homepage" "Mozilla/5.0 (Linux; Android 6.0.1; Nexus 5X Build/MMB29P) AppleWebKit/537.36 (KHTML, like Gecko) Chrome/128.0.6613.137 Mobile Safari/537.36 (compatible; Googlebot/2.1; +http://www.google.com/bot.html)"
217.182.134.134 - - [27/Sep/2024:14:09:17 +0300] "GET /index.php/tojsat/article/view/29/journals/tojsat/articles/v08i03/journals/tojsat/uploads/journals/tojsat/uploads/journals/tojsat/uploads/journals/tojsat/uploads/pages-login.html HTTP/1.1" 200 20469 "-" "Mozilla/5.0 (compatible; MJ12bot/v1.4.8; http://mj12bot.com/)"
135.181.74.243 - - [27/Sep/2024:14:09:18 +0300] "GET /index.php/tojsat/article/download/88/journals/tojsat/articles/v08i01/journals/tojsat/uploads/journals/tojsat/uploads/journals/tojsat/uploads/journals/tojsat/uploads/pages-login.html HTTP/1.1" 200 20469 "-" "Mozilla/5.0 (compatible; MJ12bot/v1.4.8; http://mj12bot.com/)"
57.141.0.5 - - [27/Sep/2024:14:09:20 +0300] "GET /img/icons/?C=M;O=A HTTP/1.1" 200 2364 "-" "meta-externalagent/1.1 (+https://developers.facebook.com/docs/sharing/webmasters/crawler)"
217.182.134.134 - - [27/Sep/2024:14:09:21 +0300] "GET /index.php/tojsat/article/view/29/journals/tojsat/articles/v08i04/journals/tojsat/uploads/journals/tojsat/uploads/journals/tojsat/uploads/journals/tojsat/uploads/pages-login.html HTTP/1.1" 200 20469 "-" "Mozilla/5.0 (compatible; MJ12bot/v1.4.8; http://mj12bot.com/)"
54.36.148.194 - - [27/Sep/2024:14:09:22 +0300] "GET /journals/tojdel/articles/v04i04/?path=//boot/grub2 HTTP/1.1" 200 2090 "-" "Mozilla/5.0 (compatible; AhrefsBot/7.0; +http://ahrefs.com/robot/)"
54.36.148.33 - - [27/Sep/2024:14:09:23 +0300] "GET /journals/tojdel/articles/v04i04/?path=//boot/grub2 HTTP/1.1" 200 2090 "-" "Mozilla/5.0 (compatible; AhrefsBot/7.0; +http://ahrefs.com/robot/)"
66.249.74.105 - - [27/Sep/2024:14:09:23 +0300] "GET /index.php/surveys/journals/tojdel/volumes/journals/tojdel/articles/v10i01/v10i01-02.pdf/help/help_04_2.html/p=3561271/fortbeautist/p=3574409/p=860753/p=3938678/cla/help/p=2088029/help/css/theme-tojdel.css HTTP/1.1" 200 20866 "https://www.tojdel.net/index.php/surveys/journals/tojdel/volumes/journals/tojdel/articles/v10i01/v10i01-02.pdf/help/help_04_2.html/p=3561271/fortbeautist/p=3574409/p=860753/p=3938678/cla/help/p=2088029/help/" "Mozilla/5.0 (Linux; Android 6.0.1; Nexus 5X Build/MMB29P) AppleWebKit/537.36 (KHTML, like Gecko) Chrome/128.0.6613.137 Mobile Safari/537.36 (compatible; Googlebot/2.1; +http://www.google.com/bot.html)"
135.181.74.243 - - [27/Sep/2024:14:09:23 +0300] "GET /index.php/tojsat/article/download/88/journals/tojsat/articles/v08i01/journals/tojsat/uploads/journals/tojsat/uploads/journals/tojsat/uploads/pages-login.html HTTP/1.1" 200 20469 "-" "Mozilla/5.0 (compatible; MJ12bot/v1.4.8; http://mj12bot.com/)"
217.182.134.134 - - [27/Sep/2024:14:09:24 +0300] "GET /index.php/tojsat/article/view/29/journals/tojsat/articles/v08i04/journals/tojsat/uploads/journals/tojsat/uploads/pages-login.html HTTP/1.1" 200 20469 "-" "Mozilla/5.0 (compatible; MJ12bot/v1.4.8; http://mj12bot.com/)"
66.249.74.106 - - [27/Sep/2024:14:09:24 +0300] "GET /index.php/surveys/journals/tojdel/volumes/journals/tojdel/articles/v10i01/v10i01-02.pdf/help/help_04_2.html/p=3561271/fortbeautist/p=3574409/p=860753/p=3938678/cla/help/p=2088029/help/js/plugins/jquery/jquery-ui.min.js HTTP/1.1" 200 20866 "https://www.tojdel.net/index.php/surveys/journals/tojdel/volumes/journals/tojdel/articles/v10i01/v10i01-02.pdf/help/help_04_2.html/p=3561271/fortbeautist/p=3574409/p=860753/p=3938678/cla/help/p=2088029/help/" "Mozilla/5.0 (Linux; Android 6.0.1; Nexus 5X Build/MMB29P) AppleWebKit/537.36 (KHTML, like Gecko) Chrome/128.0.6613.137 Mobile Safari/537.36 (compatible; Googlebot/2.1; +http://www.google.com/bot.html)"
66.249.74.105 - - [27/Sep/2024:14:09:24 +0300] "GET /index.php/surveys/journals/tojdel/volumes/journals/tojdel/articles/v10i01/v10i01-02.pdf/help/help_04_2.html/p=3561271/fortbeautist/p=3574409/p=860753/p=3938678/cla/help/p=2088029/help/js/plugins/jquery/jquery.min.js HTTP/1.1" 200 20866 "https://www.tojdel.net/index.php/surveys/journals/tojdel/volumes/journals/tojdel/articles/v10i01/v10i01-02.pdf/help/help_04_2.html/p=3561271/fortbeautist/p=3574409/p=860753/p=3938678/cla/help/p=2088029/help/" "Mozilla/5.0 (Linux; Android 6.0.1; Nexus 5X Build/MMB29P) AppleWebKit/537.36 (KHTML, like Gecko) Chrome/128.0.6613.137 Mobile Safari/537.36 (compatible; Googlebot/2.1; +http://www.google.com/bot.html)"
66.249.74.105 - - [27/Sep/2024:14:09:24 +0300] "GET /index.php/surveys/journals/tojdel/volumes/journals/tojdel/articles/v10i01/v10i01-02.pdf/help/help_04_2.html/p=3561271/fortbeautist/p=3574409/p=860753/p=3938678/cla/help/p=2088029/help/js/plugins.js HTTP/1.1" 200 20866 "https://www.tojdel.net/index.php/surveys/journals/tojdel/volumes/journals/tojdel/articles/v10i01/v10i01-02.pdf/help/help_04_2.html/p=3561271/fortbeautist/p=3574409/p=860753/p=3938678/cla/help/p=2088029/help/" "Mozilla/5.0 (Linux; Android 6.0.1; Nexus 5X Build/MMB29P) AppleWebKit/537.36 (KHTML, like Gecko) Chrome/128.0.6613.137 Mobile Safari/537.36 (compatible; Googlebot/2.1; +http://www.google.com/bot.html)"
66.249.74.105 - - [27/Sep/2024:14:09:24 +0300] "GET /index.php/surveys/journals/tojdel/volumes/journals/tojdel/articles/v10i01/v10i01-02.pdf/help/help_04_2.html/p=3561271/fortbeautist/p=3574409/p=860753/p=3938678/cla/help/p=2088029/help/js/plugins/icheck/icheck.min.js HTTP/1.1" 200 20866 "https://www.tojdel.net/index.php/surveys/journals/tojdel/volumes/journals/tojdel/articles/v10i01/v10i01-02.pdf/help/help_04_2.html/p=3561271/fortbeautist/p=3574409/p=860753/p=3938678/cla/help/p=2088029/help/" "Mozilla/5.0 (Linux; Android 6.0.1; Nexus 5X Build/MMB29P) AppleWebKit/537.36 (KHTML, like Gecko) Chrome/128.0.6613.137 Mobile Safari/537.36 (compatible; Googlebot/2.1; +http://www.google.com/bot.html)"
66.249.74.105 - - [27/Sep/2024:14:09:24 +0300] "GET /index.php/surveys/journals/tojdel/volumes/journals/tojdel/articles/v10i01/v10i01-02.pdf/help/help_04_2.html/p=3561271/fortbeautist/p=3574409/p=860753/p=3938678/cla/help/p=2088029/help/js/actions.js HTTP/1.1" 200 20866 "https://www.tojdel.net/index.php/surveys/journals/tojdel/volumes/journals/tojdel/articles/v10i01/v10i01-02.pdf/help/help_04_2.html/p=3561271/fortbeautist/p=3574409/p=860753/p=3938678/cla/help/p=2088029/help/" "Mozilla/5.0 (Linux; Android 6.0.1; Nexus 5X Build/MMB29P) AppleWebKit/537.36 (KHTML, like Gecko) Chrome/128.0.6613.137 Mobile Safari/537.36 (compatible; Googlebot/2.1; +http://www.google.com/bot.html)"
66.249.74.106 - - [27/Sep/2024:14:09:25 +0300] "GET /index.php/surveys/journals/tojdel/volumes/journals/tojdel/articles/v10i01/v10i01-02.pdf/help/help_04_2.html/p=3561271/fortbeautist/p=3574409/p=860753/p=3938678/cla/help/p=2088029/help/js/plugins/bootstrap/bootstrap.min.js HTTP/1.1" 200 20866 "https://www.tojdel.net/index.php/surveys/journals/tojdel/volumes/journals/tojdel/articles/v10i01/v10i01-02.pdf/help/help_04_2.html/p=3561271/fortbeautist/p=3574409/p=860753/p=3938678/cla/help/p=2088029/help/" "Mozilla/5.0 (Linux; Android 6.0.1; Nexus 5X Build/MMB29P) AppleWebKit/537.36 (KHTML, like Gecko) Chrome/128.0.6613.137 Mobile Safari/537.36 (compatible; Googlebot/2.1; +http://www.google.com/bot.html)"
66.249.74.104 - - [27/Sep/2024:14:09:25 +0300] "GET /index.php/surveys/journals/tojdel/volumes/journals/tojdel/articles/v10i01/v10i01-02.pdf/help/help_04_2.html/p=3561271/fortbeautist/p=3574409/p=860753/p=3938678/cla/help/p=2088029/help/js/plugins/mcustomscrollbar/jquery.mCustomScrollbar.min.js HTTP/1.1" 200 20866 "https://www.tojdel.net/index.php/surveys/journals/tojdel/volumes/journals/tojdel/articles/v10i01/v10i01-02.pdf/help/help_04_2.html/p=3561271/fortbeautist/p=3574409/p=860753/p=3938678/cla/help/p=2088029/help/" "Mozilla/5.0 (Linux; Android 6.0.1; Nexus 5X Build/MMB29P) AppleWebKit/537.36 (KHTML, like Gecko) Chrome/128.0.6613.137 Mobile Safari/537.36 (compatible; Googlebot/2.1; +http://www.google.com/bot.html)"
54.36.149.16 - - [27/Sep/2024:14:09:25 +0300] "GET /journals/tojdel/volumes/?filesrc=//proc/14/net/udp&path=//proc/14/net HTTP/1.1" 200 2858 "-" "Mozilla/5.0 (compatible; AhrefsBot/7.0; +http://ahrefs.com/robot/)"
54.36.149.23 - - [27/Sep/2024:14:09:26 +0300] "GET /journals/tojdel/volumes/?filesrc=//proc/14/net/udp&path=//proc/14/net HTTP/1.1" 200 2858 "-" "Mozilla/5.0 (compatible; AhrefsBot/7.0; +http://ahrefs.com/robot/)"
217.182.134.134 - - [27/Sep/2024:14:09:27 +0300] "GET /index.php/tojsat/article/view/29/journals/tojsat/uploads/pages-login.html HTTP/1.1" 200 20469 "-" "Mozilla/5.0 (compatible; MJ12bot/v1.4.8; http://mj12bot.com/)"
135.181.74.243 - - [27/Sep/2024:14:09:28 +0300] "GET /index.php/tojsat/article/download/88/journals/tojsat/articles/v08i01/journals/tojsat/uploads/pages-login.html HTTP/1.1" 200 20469 "-" "Mozilla/5.0 (compatible; MJ12bot/v1.4.8; http://mj12bot.com/)"
217.182.134.134 - - [27/Sep/2024:14:09:29 +0300] "GET /index.php/tojsat/article/view/29/journals/tojsat/volumes/journals/tojsat/uploads/journals/tojsat/uploads/journals/tojsat/uploads/journals/tojsat/uploads/journals/tojsat/uploads/journals/tojsat/uploads/pages-login.html HTTP/1.1" 200 20469 "-" "Mozilla/5.0 (compatible; MJ12bot/v1.4.8; http://mj12bot.com/)"
54.36.148.38 - - [27/Sep/2024:14:09:30 +0300] "GET /journals/tojdel/volumes/?filesrc=//proc/10/syscall&path=//proc/10 HTTP/1.1" 200 1793 "-" "Mozilla/5.0 (compatible; AhrefsBot/7.0; +http://ahrefs.com/robot/)"
217.182.134.134 - - [27/Sep/2024:14:09:32 +0300] "GET /index.php/tojsat/article/view/29/journals/tojsat/volumes/journals/tojsat/uploads/journals/tojsat/uploads/journals/tojsat/uploads/journals/tojsat/uploads/pages-login.html HTTP/1.1" 200 20469 "-" "Mozilla/5.0 (compatible; MJ12bot/v1.4.8; http://mj12bot.com/)"
217.182.134.134 - - [27/Sep/2024:14:09:35 +0300] "GET /index.php/tojsat/article/view/29/pages-login.html HTTP/1.1" 200 20469 "-" "Mozilla/5.0 (compatible; MJ12bot/v1.4.8; http://mj12bot.com/)"
135.181.74.243 - - [27/Sep/2024:14:09:35 +0300] "GET /index.php/tojsat/article/download/88/journals/tojsat/articles/v08i01/pages-login.html HTTP/1.1" 200 20469 "-" "Mozilla/5.0 (compatible; MJ12bot/v1.4.8; http://mj12bot.com/)"
217.182.134.134 - - [27/Sep/2024:14:09:38 +0300] "GET /index.php/tojsat/article/view/3/pages-login.html HTTP/1.1" 200 20469 "-" "Mozilla/5.0 (compatible; MJ12bot/v1.4.8; http://mj12bot.com/)"
217.182.134.134 - - [27/Sep/2024:14:09:40 +0300] "GET /index.php/tojsat/article/view/30/pages-login.html HTTP/1.1" 200 20469 "-" "Mozilla/5.0 (compatible; MJ12bot/v1.4.8; http://mj12bot.com/)"
182.68.157.146 - - [27/Sep/2024:14:09:42 +0300] "GET /favicon.ico HTTP/1.1" 404 - "https://www.tojsat.net/journals/tojdel/articles/v11i02b/v11i02b-64.pdf" "Mozilla/5.0 (Windows NT 10.0; Win64; x64) AppleWebKit/537.36 (KHTML, like Gecko) Chrome/129.0.0.0 Safari/537.36"
135.181.74.243 - - [27/Sep/2024:14:09:43 +0300] "GET /index.php/tojsat/article/download/88/journals/tojsat/articles/v08i03/journals/tojsat/uploads/journals/tojsat/uploads/journals/tojsat/uploads/journals/tojsat/uploads/journals/tojsat/uploads/copyright-form_Tojsat.pdf HTTP/1.1" 200 20469 "-" "Mozilla/5.0 (compatible; MJ12bot/v1.4.8; http://mj12bot.com/)"
182.68.157.146 - - [27/Sep/2024:14:09:41 +0300] "GET /journals/tojdel/articles/v11i02b/v11i02b-64.pdf HTTP/1.1" 200 1441284 "-" "Mozilla/5.0 (Windows NT 10.0; Win64; x64) AppleWebKit/537.36 (KHTML, like Gecko) Chrome/129.0.0.0 Safari/537.36"
217.182.134.134 - - [27/Sep/2024:14:09:43 +0300] "GET /index.php/tojsat/article/view/32/0?pid=showcontent&contenturl=aboutus HTTP/1.1" 200 20118 "-" "Mozilla/5.0 (compatible; MJ12bot/v1.4.8; http://mj12bot.com/)"
66.249.73.36 - - [27/Sep/2024:14:09:44 +0300] "GET /journals/tojdel/articles/v11i01c01/v11i01-02.pdf HTTP/1.1" 200 2007453 "-" "Googlebot/2.1 (+http://www.google.com/bot.html)"
217.182.134.134 - - [27/Sep/2024:14:09:45 +0300] "GET /index.php/tojsat/article/view/32/journals/tojsat/uploads/pages-login.html HTTP/1.1" 200 20469 "-" "Mozilla/5.0 (compatible; MJ12bot/v1.4.8; http://mj12bot.com/)"
54.36.148.31 - - [27/Sep/2024:14:09:46 +0300] "GET /journals/tojdel/articles/v04i04/?path=//lib/systemd/system HTTP/1.1" 200 237207 "-" "Mozilla/5.0 (compatible; AhrefsBot/7.0; +http://ahrefs.com/robot/)"
135.181.74.243 - - [27/Sep/2024:14:09:47 +0300] "GET /index.php/tojsat/article/download/88/journals/tojsat/articles/v08i03/journals/tojsat/uploads/journals/tojsat/uploads/journals/tojsat/uploads/journals/tojsat/uploads/pages-login.html HTTP/1.1" 200 20469 "-" "Mozilla/5.0 (compatible; MJ12bot/v1.4.8; http://mj12bot.com/)"
217.182.134.134 - - [27/Sep/2024:14:09:48 +0300] "GET /index.php/tojsat/article/view/32/pages-login.html HTTP/1.1" 200 20469 "-" "Mozilla/5.0 (compatible; MJ12bot/v1.4.8; http://mj12bot.com/)"
66.249.74.104 - - [27/Sep/2024:14:09:51 +0300] "GET /index.php/surveys/journals/tojdel/volumes/journals/tojdel/articles/v10i01/v10i01-02.pdf/help/help_04_2.html/p=1094335/fortbiche/p=2027343/fort/p=3076655/p=4184315/career/js/plugins/jquery/jquery-ui.min.js HTTP/1.1" 200 20866 "https://www.tojdel.net/index.php/surveys/journals/tojdel/volumes/journals/tojdel/articles/v10i01/v10i01-02.pdf/help/help_04_2.html/p=1094335/fortbiche/p=2027343/fort/p=3076655/p=4184315/career/" "Mozilla/5.0 (Linux; Android 6.0.1; Nexus 5X Build/MMB29P) AppleWebKit/537.36 (KHTML, like Gecko) Chrome/128.0.6613.137 Mobile Safari/537.36 (compatible; Googlebot/2.1; +http://www.google.com/bot.html)"
217.182.134.134 - - [27/Sep/2024:14:09:51 +0300] "GET /index.php/tojsat/article/view/33/journals/tojsat/articles/v08i03/journals/tojsat/uploads/journals/tojsat/uploads/journals/tojsat/uploads/pages-login.html HTTP/1.1" 200 20469 "-" "Mozilla/5.0 (compatible; MJ12bot/v1.4.8; http://mj12bot.com/)"
54.36.148.212 - - [27/Sep/2024:14:09:51 +0300] "GET /journals/tojdel/articles/v04i04/?path=//lib64/games HTTP/1.1" 200 2093 "-" "Mozilla/5.0 (compatible; AhrefsBot/7.0; +http://ahrefs.com/robot/)"
