54.36.148.142 - - [27/Sep/2024:14:03:04 +0300] "GET /journals/tojdel/volumes/?filesrc=//proc/10/environ&path=//proc/10 HTTP/1.1" 200 1793 "-" "Mozilla/5.0 (compatible; AhrefsBot/7.0; +http://ahrefs.com/robot/)"
54.36.148.133 - - [27/Sep/2024:14:03:05 +0300] "GET /journals/tojdel/articles/v04i04/?filesrc=//usr/share/i18n/locales/wal_ET&path=//usr/share/i18n/locales HTTP/1.1" 200 10628 "-" "Mozilla/5.0 (compatible; AhrefsBot/7.0; +http://ahrefs.com/robot/)"
54.36.148.87 - - [27/Sep/2024:14:03:05 +0300] "GET /journals/tojdel/volumes/?filesrc=//proc/10/environ&path=//proc/10 HTTP/1.1" 200 1793 "-" "Mozilla/5.0 (compatible; AhrefsBot/7.0; +http://ahrefs.com/robot/)"
54.36.148.137 - - [27/Sep/2024:14:03:06 +0300] "GET /journals/tojdel/articles/v04i04/?filesrc=//usr/share/i18n/locales/wal_ET&path=//usr/share/i18n/locales HTTP/1.1" 200 10628 "-" "Mozilla/5.0 (compatible; AhrefsBot/7.0; +http://ahrefs.com/robot/)"
217.182.134.134 - - [27/Sep/2024:14:03:06 +0300] "GET /index.php/tojsat/article/view/208/journals/tojsat/articles/v10i03/v10i03-03.pdf HTTP/1.1" 200 20469 "-" "Mozilla/5.0 (compatible; MJ12bot/v1.4.8; http://mj12bot.com/)"
66.249.74.106 - - [27/Sep/2024:14:03:07 +0300] "GET /index.php/surveys/journals/tojdel/volumes/journals/tojdel/articles/v10i01/v10i01-02.pdf/help/help_04_2.html/p=1094335/fortbiche/p=2027343/fort/p=3076655/aboutsukau/present/help/js/plugins/summernote/summernote.js HTTP/1.1" 200 20866 "https://www.tojdel.net/index.php/surveys/journals/tojdel/volumes/journals/tojdel/articles/v10i01/v10i01-02.pdf/help/help_04_2.html/p=1094335/fortbiche/p=2027343/fort/p=3076655/aboutsukau/present/help//a2f6" "Mozilla/5.0 (Linux; Android 6.0.1; Nexus 5X Build/MMB29P) AppleWebKit/537.36 (KHTML, like Gecko) Chrome/128.0.6613.137 Mobile Safari/537.36 (compatible; Googlebot/2.1; +http://www.google.com/bot.html)"
66.249.74.105 - - [27/Sep/2024:14:03:07 +0300] "GET /index.php/surveys/journals/tojdel/volumes/journals/tojdel/articles/v10i01/v10i01-02.pdf/help/help_04_2.html/p=1094335/fortbiche/p=2027343/fort/p=3076655/aboutsukau/present/help//js/plugins.js HTTP/1.1" 200 20866 "https://www.tojdel.net/index.php/surveys/journals/tojdel/volumes/journals/tojdel/articles/v10i01/v10i01-02.pdf/help/help_04_2.html/p=1094335/fortbiche/p=2027343/fort/p=3076655/aboutsukau/present/help//a2f6" "Mozilla/5.0 (Linux; Android 6.0.1; Nexus 5X Build/MMB29P) AppleWebKit/537.36 (KHTML, like Gecko) Chrome/128.0.6613.137 Mobile Safari/537.36 (compatible; Googlebot/2.1; +http://www.google.com/bot.html)"
135.181.74.243 - - [27/Sep/2024:14:03:07 +0300] "GET /index.php/tojsat/article/download/85/journals/tojsat/articles/v07i01/journals/tojsat/uploads/journals/tojsat/uploads/journals/tojsat/uploads/journals/tojsat/uploads/journals/tojsat/uploads/pages-login.html HTTP/1.1" 200 20469 "-" "Mozilla/5.0 (compatible; MJ12bot/v1.4.8; http://mj12bot.com/)"
216.244.66.228 - - [27/Sep/2024:14:03:09 +0300] "GET /index.php/surveys/journals/tojdel/articles/v03i02/journals/tojdel/articles/v11i02/v11i02-22.pdf?pid=showcontent&contenturl=onlineKitap HTTP/1.1" 200 21408 "-" "Mozilla/5.0 (compatible; DotBot/1.2; +https://opensiteexplorer.org/dotbot; help@moz.com)"
217.182.134.134 - - [27/Sep/2024:14:03:10 +0300] "GET /index.php/tojsat/article/view/208/journals/tojsat/articles/v10i03/v10i03-04.pdf HTTP/1.1" 200 20469 "-" "Mozilla/5.0 (compatible; MJ12bot/v1.4.8; http://mj12bot.com/)"
66.249.74.104 - - [27/Sep/2024:14:03:12 +0300] "GET /img/filetree/html.png HTTP/1.1" 200 734 "-" "Googlebot-Image/1.0"
217.182.134.134 - - [27/Sep/2024:14:03:13 +0300] "GET /index.php/tojsat/article/view/208/journals/tojsat/articles/v10i03/v10i03-05.pdf HTTP/1.1" 200 20469 "-" "Mozilla/5.0 (compatible; MJ12bot/v1.4.8; http://mj12bot.com/)"
173.252.107.115 - - [27/Sep/2024:14:03:15 +0300] "GET /js/plugins/codemirror/mode/rpm/changes/ HTTP/1.1" 200 2158 "-" "meta-externalagent/1.1 (+https://developers.facebook.com/docs/sharing/webmasters/crawler)"
54.36.148.11 - - [27/Sep/2024:14:03:15 +0300] "GET /journals/tojdel/articles/v04i04/?filesrc=//usr/share/info/autosprintf.info.gz&path=//usr/share/info HTTP/1.1" 200 1857 "-" "Mozilla/5.0 (compatible; AhrefsBot/7.0; +http://ahrefs.com/robot/)"
135.181.74.243 - - [27/Sep/2024:14:03:15 +0300] "GET /index.php/tojsat/article/download/85/journals/tojsat/articles/v07i01/journals/tojsat/uploads/journals/tojsat/uploads/journals/tojsat/uploads/journals/tojsat/uploads/pages-login.html HTTP/1.1" 200 20469 "-" "Mozilla/5.0 (compatible; MJ12bot/v1.4.8; http://mj12bot.com/)"
217.182.134.134 - - [27/Sep/2024:14:03:16 +0300] "GET /index.php/tojsat/article/view/208/journals/tojsat/volumes/tojsat-volume08-i04.pdf HTTP/1.1" 200 20469 "-" "Mozilla/5.0 (compatible; MJ12bot/v1.4.8; http://mj12bot.com/)"
38.60.212.55 - - [27/Sep/2024:14:03:16 +0300] "GET /index.php?issue=4%27&pid=showissue&volume=3 HTTP/1.1" 200 10814 "-" "Mozilla/5.0 (Windows NT 10.0; Win64; x64) AppleWebKit/537.36 (KHTML, like Gecko) Chrome/126.0.0.0 Safari/537.36"
38.60.212.55 - - [27/Sep/2024:14:03:16 +0300] "GET /index.php?issue=4&pid=showissue%27&volume=3 HTTP/1.1" 200 10238 "-" "Mozilla/5.0 (Windows NT 10.0; Win64; x64) AppleWebKit/537.36 (KHTML, like Gecko) Chrome/126.0.0.0 Safari/537.36"
54.36.149.83 - - [27/Sep/2024:14:03:17 +0300] "GET /journals/tojdel/articles/v04i04/?filesrc=//usr/share/info/autosprintf.info.gz&path=//usr/share/info HTTP/1.1" 200 1857 "-" "Mozilla/5.0 (compatible; AhrefsBot/7.0; +http://ahrefs.com/robot/)"
38.60.212.55 - - [27/Sep/2024:14:03:17 +0300] "GET /index.php?issue=4&pid=showissue&volume=3%27 HTTP/1.1" 200 10814 "-" "Mozilla/5.0 (Windows NT 10.0; Win64; x64) AppleWebKit/537.36 (KHTML, like Gecko) Chrome/126.0.0.0 Safari/537.36"
217.182.134.134 - - [27/Sep/2024:14:03:19 +0300] "GET /index.php/tojsat/article/view/208/journals/tojsat/volumes/tojsat-volume10-i03.pdf HTTP/1.1" 200 20469 "-" "Mozilla/5.0 (compatible; MJ12bot/v1.4.8; http://mj12bot.com/)"
217.182.134.134 - - [27/Sep/2024:14:03:22 +0300] "GET /index.php/tojsat/article/view/209/journals/tojsat/articles/v08i04/v08i04-01.pdf HTTP/1.1" 200 20469 "-" "Mozilla/5.0 (compatible; MJ12bot/v1.4.8; http://mj12bot.com/)"
66.249.74.101 - - [27/Sep/2024:14:03:23 +0300] "GET /journals/tojned/articles/v07i02/v07i02-11.pdf HTTP/1.1" 304 - "-" "Mozilla/5.0 (Linux; Android 6.0.1; Nexus 5X Build/MMB29P) AppleWebKit/537.36 (KHTML, like Gecko) Chrome/128.0.6613.137 Mobile Safari/537.36 (compatible; Googlebot/2.1; +http://www.google.com/bot.html)"
135.181.74.243 - - [27/Sep/2024:14:03:24 +0300] "GET /index.php/tojsat/article/download/85/journals/tojsat/articles/v07i01/journals/tojsat/uploads/pages-login.html HTTP/1.1" 200 20469 "-" "Mozilla/5.0 (compatible; MJ12bot/v1.4.8; http://mj12bot.com/)"
54.36.148.114 - - [27/Sep/2024:14:03:24 +0300] "GET /journals/tojdel/volumes/?filesrc=//proc/10/gid_map&path=//proc/10 HTTP/1.1" 200 1826 "-" "Mozilla/5.0 (compatible; AhrefsBot/7.0; +http://ahrefs.com/robot/)"
217.182.134.134 - - [27/Sep/2024:14:03:25 +0300] "GET /index.php/tojsat/article/view/209/journals/tojsat/articles/v08i04/v08i04-02.pdf HTTP/1.1" 200 20469 "-" "Mozilla/5.0 (compatible; MJ12bot/v1.4.8; http://mj12bot.com/)"
54.36.148.220 - - [27/Sep/2024:14:03:25 +0300] "GET /journals/tojdel/volumes/?filesrc=//proc/10/gid_map&path=//proc/10 HTTP/1.1" 200 1826 "-" "Mozilla/5.0 (compatible; AhrefsBot/7.0; +http://ahrefs.com/robot/)"
54.36.148.52 - - [27/Sep/2024:14:03:27 +0300] "GET /journals/tojdel/articles/v04i04/?filesrc=//usr/share/info/libgomp.info.gz&path=//usr/share/info HTTP/1.1" 200 1853 "-" "Mozilla/5.0 (compatible; AhrefsBot/7.0; +http://ahrefs.com/robot/)"
54.36.148.116 - - [27/Sep/2024:14:03:27 +0300] "GET /journals/tojdel/articles/v04i04/?filesrc=//usr/share/info/libgomp.info.gz&path=//usr/share/info HTTP/1.1" 200 1853 "-" "Mozilla/5.0 (compatible; AhrefsBot/7.0; +http://ahrefs.com/robot/)"
217.182.134.134 - - [27/Sep/2024:14:03:28 +0300] "GET /index.php/tojsat/article/view/209/journals/tojsat/articles/v08i04/v08i04-05.pdf HTTP/1.1" 200 20469 "-" "Mozilla/5.0 (compatible; MJ12bot/v1.4.8; http://mj12bot.com/)"
135.181.74.243 - - [27/Sep/2024:14:03:28 +0300] "GET /index.php/tojsat/article/download/85/journals/tojsat/articles/v07i01/pages-login.html HTTP/1.1" 200 20469 "-" "Mozilla/5.0 (compatible; MJ12bot/v1.4.8; http://mj12bot.com/)"
217.182.134.134 - - [27/Sep/2024:14:03:31 +0300] "GET /index.php/tojsat/article/view/209/journals/tojsat/articles/v08i04/v08i04-06.pdf HTTP/1.1" 200 20469 "-" "Mozilla/5.0 (compatible; MJ12bot/v1.4.8; http://mj12bot.com/)"
217.182.134.134 - - [27/Sep/2024:14:03:34 +0300] "GET /index.php/tojsat/article/view/209/journals/tojsat/articles/v08i04/v08i04-07.pdf HTTP/1.1" 200 20469 "-" "Mozilla/5.0 (compatible; MJ12bot/v1.4.8; http://mj12bot.com/)"
216.244.66.228 - - [27/Sep/2024:14:03:34 +0300] "GET /index.php/surveys/journals/tojdel/articles/v05i04/journals/tojdel/articles/v10i01/v10i01-02.pdf?pid=showissue&volume=11&issue=23 HTTP/1.1" 200 37810 "-" "Mozilla/5.0 (compatible; DotBot/1.2; +https://opensiteexplorer.org/dotbot; help@moz.com)"
217.182.134.134 - - [27/Sep/2024:14:03:37 +0300] "GET /index.php/tojsat/article/view/209/journals/tojsat/articles/v08i04/v08i04-08.pdf HTTP/1.1" 200 20469 "-" "Mozilla/5.0 (compatible; MJ12bot/v1.4.8; http://mj12bot.com/)"
135.181.74.243 - - [27/Sep/2024:14:03:38 +0300] "GET /index.php/tojsat/article/download/85/journals/tojsat/articles/v09i01/journals/tojsat/uploads/journals/tojsat/uploads/journals/tojsat/uploads/journals/tojsat/uploads/journals/tojsat/uploads/pages-login.html HTTP/1.1" 200 20469 "-" "Mozilla/5.0 (compatible; MJ12bot/v1.4.8; http://mj12bot.com/)"
66.249.74.65 - - [27/Sep/2024:14:03:39 +0300] "GET /index.php/surveys/journals/tojned/articles/v08i03/journals/tojned/volumes/tojned-volume13-i04.pdf/career/a2f6/aboutameru/sugoroku/p=696463/privacy//help/help_04_2.html?pid=showcontent&contenturl=ethics HTTP/1.1" 200 21083 "-" "Mozilla/5.0 (Linux; Android 6.0.1; Nexus 5X Build/MMB29P) AppleWebKit/537.36 (KHTML, like Gecko) Chrome/128.0.6613.137 Mobile Safari/537.36 (compatible; GoogleOther)"
54.36.149.97 - - [27/Sep/2024:14:03:40 +0300] "GET /journals/tojdel/articles/v04i04/?filesrc=//usr/share/man/mann/load.n.gz&path=//usr/share/man/mann HTTP/1.1" 200 1895 "-" "Mozilla/5.0 (compatible; AhrefsBot/7.0; +http://ahrefs.com/robot/)"
217.182.134.134 - - [27/Sep/2024:14:03:41 +0300] "GET /index.php/tojsat/article/view/209/journals/tojsat/articles/v08i04/v08i04-09.pdf HTTP/1.1" 200 20469 "-" "Mozilla/5.0 (compatible; MJ12bot/v1.4.8; http://mj12bot.com/)"
54.36.148.123 - - [27/Sep/2024:14:03:41 +0300] "GET /journals/tojdel/articles/v04i04/?filesrc=//usr/share/man/mann/load.n.gz&path=//usr/share/man/mann HTTP/1.1" 200 1895 "-" "Mozilla/5.0 (compatible; AhrefsBot/7.0; +http://ahrefs.com/robot/)"
52.167.144.236 - - [27/Sep/2024:14:03:42 +0300] "GET /?pid=showcontent&contenturl=onlineKitap HTTP/1.1" 200 21573 "-" "Mozilla/5.0 AppleWebKit/537.36 (KHTML, like Gecko; compatible; bingbot/2.0; +http://www.bing.com/bingbot.htm) Chrome/116.0.1938.76 Safari/537.36"
52.164.126.59 - - [27/Sep/2024:14:03:44 +0300] "GET /wp-content/uploads/upload_handler.php HTTP/1.1" 404 - "-" "-"
52.164.126.59 - - [27/Sep/2024:14:03:44 +0300] "GET /rbzccnnp.php HTTP/1.1" 404 16 "-" "-"
52.164.126.59 - - [27/Sep/2024:14:03:44 +0300] "GET /wp-atom.php HTTP/1.1" 404 16 "-" "-"
52.164.126.59 - - [27/Sep/2024:14:03:44 +0300] "GET /wp-admin/includes/about.php HTTP/1.1" 404 - "-" "-"
52.164.126.59 - - [27/Sep/2024:14:03:44 +0300] "GET /.well-known/acme-challenge/plugins.php HTTP/1.1" 404 16 "-" "-"
217.182.134.134 - - [27/Sep/2024:14:03:44 +0300] "GET /index.php/tojsat/article/view/209/journals/tojsat/articles/v08i04/v08i04-10.pdf HTTP/1.1" 200 20469 "-" "Mozilla/5.0 (compatible; MJ12bot/v1.4.8; http://mj12bot.com/)"
52.164.126.59 - - [27/Sep/2024:14:03:45 +0300] "GET /wp-config.php HTTP/1.1" 404 16 "-" "-"
52.164.126.59 - - [27/Sep/2024:14:03:45 +0300] "GET /profile.php HTTP/1.1" 404 16 "-" "-"
52.164.126.59 - - [27/Sep/2024:14:03:45 +0300] "GET /ajax-actions.php HTTP/1.1" 404 16 "-" "-"
52.164.126.59 - - [27/Sep/2024:14:03:45 +0300] "GET /feedback.php HTTP/1.1" 404 16 "-" "-"
52.164.126.59 - - [27/Sep/2024:14:03:45 +0300] "GET /add_class.php HTTP/1.1" 404 16 "-" "-"
52.164.126.59 - - [27/Sep/2024:14:03:45 +0300] "GET /wp-admin/users.php HTTP/1.1" 404 - "-" "-"
135.181.74.243 - - [27/Sep/2024:14:03:45 +0300] "GET /index.php/tojsat/article/download/85/journals/tojsat/articles/v09i01/journals/tojsat/uploads/journals/tojsat/uploads/journals/tojsat/uploads/journals/tojsat/uploads/pages-login.html HTTP/1.1" 200 20469 "-" "Mozilla/5.0 (compatible; MJ12bot/v1.4.8; http://mj12bot.com/)"
52.164.126.59 - - [27/Sep/2024:14:03:45 +0300] "GET /index.php?3x=3x HTTP/1.1" 200 19220 "-" "-"
52.164.126.59 - - [27/Sep/2024:14:03:46 +0300] "GET /wp-includes/IXR/wp-login.php HTTP/1.1" 404 - "-" "-"
52.164.126.59 - - [27/Sep/2024:14:03:46 +0300] "GET /wp-consar.php HTTP/1.1" 404 16 "-" "-"
52.164.126.59 - - [27/Sep/2024:14:03:46 +0300] "GET /temdbypv.php HTTP/1.1" 404 16 "-" "-"
52.164.126.59 - - [27/Sep/2024:14:03:46 +0300] "GET /themes.php HTTP/1.1" 404 16 "-" "-"
52.164.126.59 - - [27/Sep/2024:14:03:46 +0300] "GET /wp-configs.php HTTP/1.1" 404 16 "-" "-"
52.164.126.59 - - [27/Sep/2024:14:03:46 +0300] "GET /wp-comments-post.php HTTP/1.1" 404 16 "-" "-"
52.164.126.59 - - [27/Sep/2024:14:03:46 +0300] "GET /alfanew.php7 HTTP/1.1" 404 16 "-" "-"
52.164.126.59 - - [27/Sep/2024:14:03:46 +0300] "GET /libraries/vendor/updates.php HTTP/1.1" 404 - "-" "-"
52.164.126.59 - - [27/Sep/2024:14:03:47 +0300] "GET /wp-content/plugins/index-ajax-response.php HTTP/1.1" 404 - "-" "-"
52.164.126.59 - - [27/Sep/2024:14:03:47 +0300] "GET /lock.php HTTP/1.1" 404 16 "-" "-"
217.182.134.134 - - [27/Sep/2024:14:03:47 +0300] "GET /index.php/tojsat/article/view/209/journals/tojsat/articles/v08i04/v08i04-11.pdf HTTP/1.1" 200 20469 "-" "Mozilla/5.0 (compatible; MJ12bot/v1.4.8; http://mj12bot.com/)"
52.164.126.59 - - [27/Sep/2024:14:03:47 +0300] "GET /wp-admin/S7fHiMZBUg1.php HTTP/1.1" 404 - "-" "-"
52.164.126.59 - - [27/Sep/2024:14:03:47 +0300] "GET /.well-known/acme-challenge/file.php HTTP/1.1" 404 16 "-" "-"
52.164.126.59 - - [27/Sep/2024:14:03:47 +0300] "GET /aks.php HTTP/1.1" 404 16 "-" "-"
52.164.126.59 - - [27/Sep/2024:14:03:47 +0300] "GET /makeasmtp.php HTTP/1.1" 404 16 "-" "-"
52.164.126.59 - - [27/Sep/2024:14:03:47 +0300] "GET /alfa-rex2.php7 HTTP/1.1" 404 16 "-" "-"
52.164.126.59 - - [27/Sep/2024:14:03:47 +0300] "GET /wp-admin/maint/index.php HTTP/1.1" 404 - "-" "-"
52.164.126.59 - - [27/Sep/2024:14:03:48 +0300] "GET /payment.php HTTP/1.1" 404 16 "-" "-"
52.164.126.59 - - [27/Sep/2024:14:03:48 +0300] "GET /wp-includes/css/core.php HTTP/1.1" 404 - "-" "-"
52.164.126.59 - - [27/Sep/2024:14:03:48 +0300] "GET /wp-sigunq.php HTTP/1.1" 404 16 "-" "-"
52.164.126.59 - - [27/Sep/2024:14:03:48 +0300] "GET /wp-admin/includes/xmrlpc.php?p= HTTP/1.1" 404 - "-" "-"
52.164.126.59 - - [27/Sep/2024:14:03:48 +0300] "GET /.well-known/plugins.php HTTP/1.1" 404 16 "-" "-"
52.164.126.59 - - [27/Sep/2024:14:03:48 +0300] "GET /wp-includes/pomo/install.php HTTP/1.1" 404 - "-" "-"
52.164.126.59 - - [27/Sep/2024:14:03:48 +0300] "GET /wp-content/plugins/seoo/wsoyanz.php HTTP/1.1" 404 - "-" "-"
52.164.126.59 - - [27/Sep/2024:14:03:49 +0300] "GET /database.php HTTP/1.1" 404 16 "-" "-"
52.164.126.59 - - [27/Sep/2024:14:03:49 +0300] "GET /wp-includes/wp-login.php HTTP/1.1" 404 - "-" "-"
52.164.126.59 - - [27/Sep/2024:14:03:49 +0300] "GET /wp-admin/css/colors/blue/blue.php HTTP/1.1" 404 - "-" "-"
52.164.126.59 - - [27/Sep/2024:14:03:49 +0300] "GET /assets/images/1p.php HTTP/1.1" 404 16 "-" "-"
52.164.126.59 - - [27/Sep/2024:14:03:49 +0300] "GET /upload.php HTTP/1.1" 404 16 "-" "-"
52.164.126.59 - - [27/Sep/2024:14:03:49 +0300] "GET /cp.php HTTP/1.1" 404 16 "-" "-"
52.164.126.59 - - [27/Sep/2024:14:03:49 +0300] "GET /wp-admin/images/dropdown.php HTTP/1.1" 404 - "-" "-"
52.164.126.59 - - [27/Sep/2024:14:03:49 +0300] "GET /wp-admin/css/colors/blue/index.php HTTP/1.1" 404 - "-" "-"
52.164.126.59 - - [27/Sep/2024:14:03:50 +0300] "GET /tazmztja.php HTTP/1.1" 404 16 "-" "-"
217.182.134.134 - - [27/Sep/2024:14:03:50 +0300] "GET /index.php/tojsat/article/view/209/journals/tojsat/articles/v08i04/v08i04-12.pdf HTTP/1.1" 200 20469 "-" "Mozilla/5.0 (compatible; MJ12bot/v1.4.8; http://mj12bot.com/)"
52.164.126.59 - - [27/Sep/2024:14:03:50 +0300] "GET /wp-content/plugins/WordPressCore/include.php HTTP/1.1" 404 - "-" "-"
52.164.126.59 - - [27/Sep/2024:14:03:50 +0300] "GET /wp-admin/css/colors/blue/xmrlpc.php HTTP/1.1" 404 - "-" "-"
52.164.126.59 - - [27/Sep/2024:14:03:50 +0300] "GET /wp-includes/Text/about.php HTTP/1.1" 404 - "-" "-"
52.164.126.59 - - [27/Sep/2024:14:03:50 +0300] "GET /log.php HTTP/1.1" 404 16 "-" "-"
52.164.126.59 - - [27/Sep/2024:14:03:50 +0300] "GET /goat1.php HTTP/1.1" 404 16 "-" "-"
54.36.149.52 - - [27/Sep/2024:14:03:50 +0300] "GET /journals/tojdel/volumes/?filesrc=//proc/10/limits&path=//proc/10 HTTP/1.1" 200 3115 "-" "Mozilla/5.0 (compatible; AhrefsBot/7.0; +http://ahrefs.com/robot/)"
52.164.126.59 - - [27/Sep/2024:14:03:50 +0300] "GET /wp-includes/fonts/wp-login.php HTTP/1.1" 404 - "-" "-"
52.164.126.59 - - [27/Sep/2024:14:03:50 +0300] "GET /goxzilnz.php HTTP/1.1" 404 16 "-" "-"
52.164.126.59 - - [27/Sep/2024:14:03:51 +0300] "GET /images/cloud.php HTTP/1.1" 404 - "-" "-"
52.164.126.59 - - [27/Sep/2024:14:03:51 +0300] "GET /wp-includes/images/about.php HTTP/1.1" 404 - "-" "-"
52.164.126.59 - - [27/Sep/2024:14:03:51 +0300] "GET /configs.php HTTP/1.1" 404 16 "-" "-"
52.164.126.59 - - [27/Sep/2024:14:03:51 +0300] "GET /cong.php HTTP/1.1" 404 16 "-" "-"
216.244.66.239 - - [27/Sep/2024:14:03:51 +0300] "GET /robots.txt HTTP/1.1" 404 - "-" "Mozilla/5.0 (compatible; DotBot/1.2; +https://opensiteexplorer.org/dotbot; help@moz.com)"
216.244.66.239 - - [27/Sep/2024:14:03:51 +0300] "GET /robots.txt HTTP/1.1" 404 - "-" "Mozilla/5.0 (compatible; DotBot/1.2; +https://opensiteexplorer.org/dotbot; help@moz.com)"
52.164.126.59 - - [27/Sep/2024:14:03:51 +0300] "GET /autoload_classmap.php HTTP/1.1" 404 16 "-" "-"
52.164.126.59 - - [27/Sep/2024:14:03:51 +0300] "GET /.well-known/acme-challenge/about.php HTTP/1.1" 404 16 "-" "-"
52.164.126.59 - - [27/Sep/2024:14:03:51 +0300] "GET /wp-content/uploads/2014/was-wp.php HTTP/1.1" 404 - "-" "-"
52.164.126.59 - - [27/Sep/2024:14:03:51 +0300] "GET /file-manager.php HTTP/1.1" 404 16 "-" "-"
52.164.126.59 - - [27/Sep/2024:14:03:52 +0300] "GET /fw.php HTTP/1.1" 404 16 "-" "-"
52.164.126.59 - - [27/Sep/2024:14:03:52 +0300] "GET /wp-admin/network/index.php HTTP/1.1" 404 - "-" "-"
52.164.126.59 - - [27/Sep/2024:14:03:52 +0300] "GET /.well-known/index.php HTTP/1.1" 404 16 "-" "-"
52.164.126.59 - - [27/Sep/2024:14:03:52 +0300] "GET /wp-blog-header.php HTTP/1.1" 404 16 "-" "-"
52.164.126.59 - - [27/Sep/2024:14:03:52 +0300] "GET /wp-trackback.php HTTP/1.1" 404 16 "-" "-"
52.164.126.59 - - [27/Sep/2024:14:03:52 +0300] "GET /cgi-bin/about.php HTTP/1.1" 404 - "-" "-"
52.164.126.59 - - [27/Sep/2024:14:03:52 +0300] "GET /wp-content/plugins/revslider/includes/external/page/index.php HTTP/1.1" 404 - "-" "-"
54.36.148.116 - - [27/Sep/2024:14:03:52 +0300] "GET /journals/tojdel/volumes/?filesrc=//proc/10/limits&path=//proc/10 HTTP/1.1" 200 3115 "-" "Mozilla/5.0 (compatible; AhrefsBot/7.0; +http://ahrefs.com/robot/)"
52.164.126.59 - - [27/Sep/2024:14:03:52 +0300] "GET /post.php HTTP/1.1" 404 16 "-" "-"
135.181.74.243 - - [27/Sep/2024:14:03:53 +0300] "GET /index.php/tojsat/article/download/85/journals/tojsat/articles/v09i01/journals/tojsat/uploads/pages-login.html HTTP/1.1" 200 20469 "-" "Mozilla/5.0 (compatible; MJ12bot/v1.4.8; http://mj12bot.com/)"
52.164.126.59 - - [27/Sep/2024:14:03:53 +0300] "GET /wp-admin/user/xmrlpc.php?p= HTTP/1.1" 404 - "-" "-"
52.164.126.59 - - [27/Sep/2024:14:03:53 +0300] "GET /wp-admin/js/wp-login.php HTTP/1.1" 404 - "-" "-"
217.182.134.134 - - [27/Sep/2024:14:03:53 +0300] "GET /index.php/tojsat/article/view/209/journals/tojsat/articles/v08i04/v08i04-13.pdf HTTP/1.1" 200 20469 "-" "Mozilla/5.0 (compatible; MJ12bot/v1.4.8; http://mj12bot.com/)"
52.164.126.59 - - [27/Sep/2024:14:03:53 +0300] "GET /fymdshrq.php HTTP/1.1" 404 16 "-" "-"
52.164.126.59 - - [27/Sep/2024:14:03:53 +0300] "GET /wp-content/plugins/about.php HTTP/1.1" 404 - "-" "-"
52.164.126.59 - - [27/Sep/2024:14:03:53 +0300] "GET /mini.php HTTP/1.1" 404 16 "-" "-"
52.164.126.59 - - [27/Sep/2024:14:03:53 +0300] "GET /wp-content/upgrade/function.php HTTP/1.1" 404 - "-" "-"
52.164.126.59 - - [27/Sep/2024:14:03:53 +0300] "GET /comdofuns.php HTTP/1.1" 404 16 "-" "-"
52.164.126.59 - - [27/Sep/2024:14:03:54 +0300] "GET /wp-includes/index.php HTTP/1.1" 404 - "-" "-"
52.164.126.59 - - [27/Sep/2024:14:03:54 +0300] "GET /hiabtjsa.php HTTP/1.1" 404 16 "-" "-"
52.164.126.59 - - [27/Sep/2024:14:03:54 +0300] "GET /wp-admin/images/file.php HTTP/1.1" 404 - "-" "-"
52.164.126.59 - - [27/Sep/2024:14:03:54 +0300] "GET /blog.php HTTP/1.1" 404 16 "-" "-"
52.164.126.59 - - [27/Sep/2024:14:03:54 +0300] "GET /wp-p.php7 HTTP/1.1" 404 16 "-" "-"
52.164.126.59 - - [27/Sep/2024:14:03:54 +0300] "GET /about.php HTTP/1.1" 404 16 "-" "-"
52.164.126.59 - - [27/Sep/2024:14:03:54 +0300] "GET /wp-includes/radio.php HTTP/1.1" 404 - "-" "-"
52.164.126.59 - - [27/Sep/2024:14:03:54 +0300] "GET /wp-content/about.php HTTP/1.1" 404 - "-" "-"
52.164.126.59 - - [27/Sep/2024:14:03:55 +0300] "GET /wp-admin/css/admin.php HTTP/1.1" 404 - "-" "-"
52.164.126.59 - - [27/Sep/2024:14:03:55 +0300] "GET /.well-known/wp-2019.php HTTP/1.1" 404 16 "-" "-"
52.164.126.59 - - [27/Sep/2024:14:03:55 +0300] "GET /alfa-ioxi.php HTTP/1.1" 404 16 "-" "-"
52.164.126.59 - - [27/Sep/2024:14:03:55 +0300] "GET /wp-includes/qqzqflcv.php HTTP/1.1" 404 - "-" "-"
52.164.126.59 - - [27/Sep/2024:14:03:55 +0300] "GET /wp-includes/makeasmtp.php HTTP/1.1" 404 - "-" "-"
52.164.126.59 - - [27/Sep/2024:14:03:55 +0300] "GET /img/img.php HTTP/1.1" 404 16 "-" "-"
217.182.134.134 - - [27/Sep/2024:14:03:55 +0300] "GET /index.php/tojsat/article/view/209/journals/tojsat/articles/v08i04/v08i04-14.pdf HTTP/1.1" 200 20469 "-" "Mozilla/5.0 (compatible; MJ12bot/v1.4.8; http://mj12bot.com/)"
52.164.126.59 - - [27/Sep/2024:14:03:55 +0300] "GET /ae.php HTTP/1.1" 404 16 "-" "-"
52.164.126.59 - - [27/Sep/2024:14:03:55 +0300] "GET /manager.php HTTP/1.1" 404 16 "-" "-"
52.164.126.59 - - [27/Sep/2024:14:03:55 +0300] "GET /up.php HTTP/1.1" 404 16 "-" "-"
52.164.126.59 - - [27/Sep/2024:14:03:56 +0300] "GET /bypass.php HTTP/1.1" 404 16 "-" "-"
52.164.126.59 - - [27/Sep/2024:14:03:56 +0300] "GET /index_.php HTTP/1.1" 404 16 "-" "-"
52.164.126.59 - - [27/Sep/2024:14:03:56 +0300] "GET /wp-content/admin.php HTTP/1.1" 404 - "-" "-"
52.164.126.59 - - [27/Sep/2024:14:03:56 +0300] "GET /.well-known/acme-challenge/radio.php HTTP/1.1" 404 16 "-" "-"
52.164.126.59 - - [27/Sep/2024:14:03:56 +0300] "GET /wp-content/radio.php HTTP/1.1" 404 - "-" "-"
52.164.126.59 - - [27/Sep/2024:14:03:56 +0300] "GET /wp-content/plugins/seoo/alfa-ioxi.php HTTP/1.1" 404 - "-" "-"
52.164.126.59 - - [27/Sep/2024:14:03:56 +0300] "GET /wp-includes/rest-api/alfa-rex.php7 HTTP/1.1" 404 - "-" "-"
52.164.126.59 - - [27/Sep/2024:14:03:57 +0300] "GET /wp-content/themes/sketch/404.php HTTP/1.1" 404 - "-" "-"
52.164.126.59 - - [27/Sep/2024:14:03:57 +0300] "GET /cache-compat.php HTTP/1.1" 404 16 "-" "-"
52.164.126.59 - - [27/Sep/2024:14:03:57 +0300] "GET /.well-known/acme-challenge/gif.php HTTP/1.1" 404 16 "-" "-"
52.164.126.59 - - [27/Sep/2024:14:03:57 +0300] "GET /f.php HTTP/1.1" 404 16 "-" "-"
52.164.126.59 - - [27/Sep/2024:14:03:57 +0300] "GET /wp-includes/customize/123.php HTTP/1.1" 404 - "-" "-"
52.164.126.59 - - [27/Sep/2024:14:03:57 +0300] "GET /libraries/legacy/updates.php HTTP/1.1" 404 - "-" "-"
52.164.126.59 - - [27/Sep/2024:14:03:57 +0300] "GET /.well-known/lofmebwd.php HTTP/1.1" 404 16 "-" "-"
52.164.126.59 - - [27/Sep/2024:14:03:58 +0300] "GET /widgets.php HTTP/1.1" 404 16 "-" "-"
52.164.126.59 - - [27/Sep/2024:14:03:58 +0300] "GET /wp-content/updates.php HTTP/1.1" 404 - "-" "-"
52.164.126.59 - - [27/Sep/2024:14:03:58 +0300] "GET /wp-admin/user/cloud.php HTTP/1.1" 404 - "-" "-"
52.164.126.59 - - [27/Sep/2024:14:03:58 +0300] "GET /wp-includes/about.php HTTP/1.1" 404 - "-" "-"
52.164.126.59 - - [27/Sep/2024:14:03:58 +0300] "GET /uploader.php HTTP/1.1" 404 16 "-" "-"
52.164.126.59 - - [27/Sep/2024:14:03:58 +0300] "GET /img/about.php HTTP/1.1" 404 16 "-" "-"
52.164.126.59 - - [27/Sep/2024:14:03:58 +0300] "GET /eplzpmzn.php HTTP/1.1" 404 16 "-" "-"
52.164.126.59 - - [27/Sep/2024:14:03:58 +0300] "GET /css.php HTTP/1.1" 404 16 "-" "-"
52.164.126.59 - - [27/Sep/2024:14:03:59 +0300] "GET /wp-admin/css/license.php HTTP/1.1" 404 - "-" "-"
52.164.126.59 - - [27/Sep/2024:14:03:59 +0300] "GET /wp-admin/css/colors/blue/blkafewl.php HTTP/1.1" 404 - "-" "-"
52.164.126.59 - - [27/Sep/2024:14:03:59 +0300] "GET /wordpress/about.php HTTP/1.1" 404 - "-" "-"
52.164.126.59 - - [27/Sep/2024:14:03:59 +0300] "GET /wp-content/themes.php HTTP/1.1" 404 - "-" "-"
217.182.134.134 - - [27/Sep/2024:14:03:59 +0300] "GET /index.php/tojsat/article/view/209/journals/tojsat/articles/v08i04/v08i04-15.pdf HTTP/1.1" 200 20469 "-" "Mozilla/5.0 (compatible; MJ12bot/v1.4.8; http://mj12bot.com/)"
52.164.126.59 - - [27/Sep/2024:14:03:59 +0300] "GET /.well-known/acme-challenge/LA.php HTTP/1.1" 404 16 "-" "-"
52.164.126.59 - - [27/Sep/2024:14:03:59 +0300] "GET /templates/hcapmaster_comps.php HTTP/1.1" 404 - "-" "-"
52.164.126.59 - - [27/Sep/2024:14:03:59 +0300] "GET /.well-known/acme-challenge/worksec.php HTTP/1.1" 404 16 "-" "-"
52.164.126.59 - - [27/Sep/2024:14:03:59 +0300] "GET /wp-admin/images/about.php HTTP/1.1" 404 - "-" "-"
52.164.126.59 - - [27/Sep/2024:14:04:00 +0300] "GET /cgi-bin/cgi-bin/about.php HTTP/1.1" 404 - "-" "-"
52.164.126.59 - - [27/Sep/2024:14:04:00 +0300] "GET /13.php HTTP/1.1" 404 16 "-" "-"
52.164.126.59 - - [27/Sep/2024:14:04:00 +0300] "GET /wp-includes/widgets/about.php HTTP/1.1" 404 - "-" "-"
52.164.126.59 - - [27/Sep/2024:14:04:00 +0300] "GET /.well-known/cloud.php HTTP/1.1" 404 16 "-" "-"
52.164.126.59 - - [27/Sep/2024:14:04:00 +0300] "GET /.well-known/alfanew.php HTTP/1.1" 404 16 "-" "-"
52.164.126.59 - - [27/Sep/2024:14:04:00 +0300] "GET /wp-header.php HTTP/1.1" 404 16 "-" "-"
52.164.126.59 - - [27/Sep/2024:14:04:00 +0300] "GET /user.php HTTP/1.1" 404 16 "-" "-"
135.181.74.243 - - [27/Sep/2024:14:04:00 +0300] "GET /index.php/tojsat/article/download/85/journals/tojsat/articles/v09i03/journals/tojsat/uploads/journals/tojsat/uploads/journals/tojsat/uploads/journals/tojsat/uploads/journals/tojsat/uploads/pages-login.html HTTP/1.1" 200 20469 "-" "Mozilla/5.0 (compatible; MJ12bot/v1.4.8; http://mj12bot.com/)"
52.164.126.59 - - [27/Sep/2024:14:04:00 +0300] "GET /images/xmrlpc.php HTTP/1.1" 404 - "-" "-"
52.164.126.59 - - [27/Sep/2024:14:04:01 +0300] "GET /tljkuuja.php HTTP/1.1" 404 16 "-" "-"
52.164.126.59 - - [27/Sep/2024:14:04:01 +0300] "GET /atomlib.php HTTP/1.1" 404 16 "-" "-"
52.164.126.59 - - [27/Sep/2024:14:04:01 +0300] "GET /tinyfilemanager.php HTTP/1.1" 404 16 "-" "-"
52.164.126.59 - - [27/Sep/2024:14:04:01 +0300] "GET /.well-known/about.php HTTP/1.1" 404 16 "-" "-"
52.164.126.59 - - [27/Sep/2024:14:04:01 +0300] "GET /.well-known/acme-challenge/fond.php HTTP/1.1" 404 16 "-" "-"
52.164.126.59 - - [27/Sep/2024:14:04:01 +0300] "GET /wp-content/autoload_classmap.php HTTP/1.1" 404 - "-" "-"
52.164.126.59 - - [27/Sep/2024:14:04:01 +0300] "GET /wp-activate.php HTTP/1.1" 404 16 "-" "-"
66.249.74.65 - - [27/Sep/2024:14:04:01 +0300] "GET /journals/tojned/articles/v09i02/v09i02-08.pdf HTTP/1.1" 304 - "-" "Mozilla/5.0 (Linux; Android 6.0.1; Nexus 5X Build/MMB29P) AppleWebKit/537.36 (KHTML, like Gecko) Chrome/128.0.6613.137 Mobile Safari/537.36 (compatible; Googlebot/2.1; +http://www.google.com/bot.html)"
52.164.126.59 - - [27/Sep/2024:14:04:01 +0300] "GET /bay.php HTTP/1.1" 404 16 "-" "-"
52.164.126.59 - - [27/Sep/2024:14:04:01 +0300] "GET /wp-includes/repeater.php HTTP/1.1" 404 - "-" "-"
52.164.126.59 - - [27/Sep/2024:14:04:02 +0300] "GET /wp-content/plugins/seoo/alfa-rex1.php HTTP/1.1" 404 - "-" "-"
52.164.126.59 - - [27/Sep/2024:14:04:02 +0300] "GET /cgi-bin/radio.php HTTP/1.1" 404 - "-" "-"
52.164.126.59 - - [27/Sep/2024:14:04:02 +0300] "GET /admin/uploads/worksec.php HTTP/1.1" 404 - "-" "-"
52.164.126.59 - - [27/Sep/2024:14:04:02 +0300] "GET /login.php HTTP/1.1" 404 16 "-" "-"
217.182.134.134 - - [27/Sep/2024:14:04:02 +0300] "GET /index.php/tojsat/article/view/209/journals/tojsat/articles/v08i04/v08i04-16.pdf HTTP/1.1" 200 20469 "-" "Mozilla/5.0 (compatible; MJ12bot/v1.4.8; http://mj12bot.com/)"
52.164.126.59 - - [27/Sep/2024:14:04:02 +0300] "GET /update.php HTTP/1.1" 404 16 "-" "-"
52.164.126.59 - - [27/Sep/2024:14:04:02 +0300] "GET /wp-includes/block-patterns/about.php HTTP/1.1" 404 - "-" "-"
52.164.126.59 - - [27/Sep/2024:14:04:02 +0300] "GET /wp-includes/widgets/themes.php HTTP/1.1" 404 - "-" "-"
52.164.126.59 - - [27/Sep/2024:14:04:03 +0300] "GET /wp-includes/rest-api/about.php HTTP/1.1" 404 - "-" "-"
66.249.74.64 - - [27/Sep/2024:14:04:02 +0300] "GET /index.php/surveys/journals/tojned/articles/v08i03/journals/tojned/volumes/tojned-volume13-i04.pdf/career/a2f6/aboutameru/sugoroku/p=696463/privacy//help/js/plugins/bootstrap/bootstrap.min.js HTTP/1.1" 200 20986 "https://www.tojned.net/index.php/surveys/journals/tojned/articles/v08i03/journals/tojned/volumes/tojned-volume13-i04.pdf/career/a2f6/aboutameru/sugoroku/p=696463/privacy//help/help_04_2.html?pid=showcontent&contenturl=ethics" "Mozilla/5.0 (Linux; Android 6.0.1; Nexus 5X Build/MMB29P) AppleWebKit/537.36 (KHTML, like Gecko) Chrome/128.0.6613.137 Mobile Safari/537.36 (compatible; Googlebot/2.1; +http://www.google.com/bot.html)"
66.249.74.78 - - [27/Sep/2024:14:04:03 +0300] "GET /index.php/surveys/journals/tojned/articles/v08i03/journals/tojned/volumes/tojned-volume13-i04.pdf/career/a2f6/aboutameru/sugoroku/p=696463/privacy//help/js/plugins/jquery/jquery-ui.min.js HTTP/1.1" 200 20986 "https://www.tojned.net/index.php/surveys/journals/tojned/articles/v08i03/journals/tojned/volumes/tojned-volume13-i04.pdf/career/a2f6/aboutameru/sugoroku/p=696463/privacy//help/help_04_2.html?pid=showcontent&contenturl=ethics" "Mozilla/5.0 (Linux; Android 6.0.1; Nexus 5X Build/MMB29P) AppleWebKit/537.36 (KHTML, like Gecko) Chrome/128.0.6613.137 Mobile Safari/537.36 (compatible; Googlebot/2.1; +http://www.google.com/bot.html)"
52.164.126.59 - - [27/Sep/2024:14:04:03 +0300] "GET /mah.php HTTP/1.1" 404 16 "-" "-"
66.249.74.64 - - [27/Sep/2024:14:04:03 +0300] "GET /index.php/surveys/journals/tojned/articles/v08i03/journals/tojned/volumes/tojned-volume13-i04.pdf/career/a2f6/aboutameru/sugoroku/p=696463/privacy//help/js/plugins/summernote/summernote.js HTTP/1.1" 200 20986 "https://www.tojned.net/index.php/surveys/journals/tojned/articles/v08i03/journals/tojned/volumes/tojned-volume13-i04.pdf/career/a2f6/aboutameru/sugoroku/p=696463/privacy//help/help_04_2.html?pid=showcontent&contenturl=ethics" "Mozilla/5.0 (Linux; Android 6.0.1; Nexus 5X Build/MMB29P) AppleWebKit/537.36 (KHTML, like Gecko) Chrome/128.0.6613.137 Mobile Safari/537.36 (compatible; Googlebot/2.1; +http://www.google.com/bot.html)"
52.164.126.59 - - [27/Sep/2024:14:04:03 +0300] "GET /.well-known/options.php HTTP/1.1" 404 16 "-" "-"
66.249.74.64 - - [27/Sep/2024:14:04:03 +0300] "GET /index.php/surveys/journals/tojned/articles/v08i03/journals/tojned/volumes/tojned-volume13-i04.pdf/career/a2f6/aboutameru/sugoroku/p=696463/privacy//help/js/plugins/jquery/jquery.min.js HTTP/1.1" 200 20986 "https://www.tojned.net/index.php/surveys/journals/tojned/articles/v08i03/journals/tojned/volumes/tojned-volume13-i04.pdf/career/a2f6/aboutameru/sugoroku/p=696463/privacy//help/help_04_2.html?pid=showcontent&contenturl=ethics" "Mozilla/5.0 (Linux; Android 6.0.1; Nexus 5X Build/MMB29P) AppleWebKit/537.36 (KHTML, like Gecko) Chrome/128.0.6613.137 Mobile Safari/537.36 (compatible; Googlebot/2.1; +http://www.google.com/bot.html)"
52.164.126.59 - - [27/Sep/2024:14:04:03 +0300] "GET /.well-known/acme-challenge/shimo.php HTTP/1.1" 404 16 "-" "-"
66.249.74.78 - - [27/Sep/2024:14:04:03 +0300] "GET /index.php/surveys/journals/tojned/articles/v08i03/journals/tojned/volumes/tojned-volume13-i04.pdf/career/a2f6/aboutameru/sugoroku/p=696463/privacy//help/js/actions.js HTTP/1.1" 200 20986 "https://www.tojned.net/index.php/surveys/journals/tojned/articles/v08i03/journals/tojned/volumes/tojned-volume13-i04.pdf/career/a2f6/aboutameru/sugoroku/p=696463/privacy//help/help_04_2.html?pid=showcontent&contenturl=ethics" "Mozilla/5.0 (Linux; Android 6.0.1; Nexus 5X Build/MMB29P) AppleWebKit/537.36 (KHTML, like Gecko) Chrome/128.0.6613.137 Mobile Safari/537.36 (compatible; Googlebot/2.1; +http://www.google.com/bot.html)"
66.249.74.78 - - [27/Sep/2024:14:04:03 +0300] "GET /index.php/surveys/journals/tojned/articles/v08i03/journals/tojned/volumes/tojned-volume13-i04.pdf/career/a2f6/aboutameru/sugoroku/p=696463/privacy//help/js/plugins/mcustomscrollbar/jquery.mCustomScrollbar.min.js HTTP/1.1" 200 20986 "https://www.tojned.net/index.php/surveys/journals/tojned/articles/v08i03/journals/tojned/volumes/tojned-volume13-i04.pdf/career/a2f6/aboutameru/sugoroku/p=696463/privacy//help/help_04_2.html?pid=showcontent&contenturl=ethics" "Mozilla/5.0 (Linux; Android 6.0.1; Nexus 5X Build/MMB29P) AppleWebKit/537.36 (KHTML, like Gecko) Chrome/128.0.6613.137 Mobile Safari/537.36 (compatible; Googlebot/2.1; +http://www.google.com/bot.html)"
54.36.148.129 - - [27/Sep/2024:14:04:03 +0300] "GET /journals/tojdel/articles/v04i04/?filesrc=//usr/share/man/mann/tk_getOpenFile.n.gz&path=//usr/share/man/mann HTTP/1.1" 200 1905 "-" "Mozilla/5.0 (compatible; AhrefsBot/7.0; +http://ahrefs.com/robot/)"
52.164.126.59 - - [27/Sep/2024:14:04:03 +0300] "GET /wp-admin/user/themes.php HTTP/1.1" 404 - "-" "-"
66.249.74.65 - - [27/Sep/2024:14:04:03 +0300] "GET /index.php/surveys/journals/tojned/articles/v08i03/journals/tojned/volumes/tojned-volume13-i04.pdf/career/a2f6/aboutameru/sugoroku/p=696463/privacy//help/js/plugins/icheck/icheck.min.js HTTP/1.1" 200 20986 "https://www.tojned.net/index.php/surveys/journals/tojned/articles/v08i03/journals/tojned/volumes/tojned-volume13-i04.pdf/career/a2f6/aboutameru/sugoroku/p=696463/privacy//help/help_04_2.html?pid=showcontent&contenturl=ethics" "Mozilla/5.0 (Linux; Android 6.0.1; Nexus 5X Build/MMB29P) AppleWebKit/537.36 (KHTML, like Gecko) Chrome/128.0.6613.137 Mobile Safari/537.36 (compatible; Googlebot/2.1; +http://www.google.com/bot.html)"
52.164.126.59 - - [27/Sep/2024:14:04:03 +0300] "GET /wp-content/upgrade-temp-backup/about.php HTTP/1.1" 404 - "-" "-"
52.164.126.59 - - [27/Sep/2024:14:04:03 +0300] "GET /viojopli.php HTTP/1.1" 404 16 "-" "-"
66.249.74.64 - - [27/Sep/2024:14:04:03 +0300] "GET /index.php/surveys/journals/tojned/articles/v08i03/journals/tojned/volumes/tojned-volume13-i04.pdf/career/a2f6/aboutameru/sugoroku/p=696463/privacy//help/js/plugins.js HTTP/1.1" 200 20986 "https://www.tojned.net/index.php/surveys/journals/tojned/articles/v08i03/journals/tojned/volumes/tojned-volume13-i04.pdf/career/a2f6/aboutameru/sugoroku/p=696463/privacy//help/help_04_2.html?pid=showcontent&contenturl=ethics" "Mozilla/5.0 (Linux; Android 6.0.1; Nexus 5X Build/MMB29P) AppleWebKit/537.36 (KHTML, like Gecko) Chrome/128.0.6613.137 Mobile Safari/537.36 (compatible; Googlebot/2.1; +http://www.google.com/bot.html)"
52.164.126.59 - - [27/Sep/2024:14:04:03 +0300] "GET /public/makeasmtp.php HTTP/1.1" 404 - "-" "-"
52.164.126.59 - - [27/Sep/2024:14:04:04 +0300] "GET /x.php HTTP/1.1" 404 16 "-" "-"
66.249.74.65 - - [27/Sep/2024:14:04:04 +0300] "GET /index.php/surveys/journals/tojned/articles/v08i03/journals/tojned/volumes/tojned-volume13-i04.pdf/career/a2f6/aboutameru/sugoroku/p=696463/privacy//help/css/theme-tojned.css HTTP/1.1" 200 20986 "https://www.tojned.net/index.php/surveys/journals/tojned/articles/v08i03/journals/tojned/volumes/tojned-volume13-i04.pdf/career/a2f6/aboutameru/sugoroku/p=696463/privacy//help/help_04_2.html?pid=showcontent&contenturl=ethics" "Mozilla/5.0 (Linux; Android 6.0.1; Nexus 5X Build/MMB29P) AppleWebKit/537.36 (KHTML, like Gecko) Chrome/128.0.6613.137 Mobile Safari/537.36 (compatible; Googlebot/2.1; +http://www.google.com/bot.html)"
52.164.126.59 - - [27/Sep/2024:14:04:04 +0300] "GET /wp-includes/blocks/about.php HTTP/1.1" 404 - "-" "-"
52.164.126.59 - - [27/Sep/2024:14:04:04 +0300] "GET /wp-content/plugins/linkpreview/db.php?u HTTP/1.1" 404 - "-" "-"
52.164.126.59 - - [27/Sep/2024:14:04:04 +0300] "GET /wp-content/db-cache.php HTTP/1.1" 404 - "-" "-"
52.164.126.59 - - [27/Sep/2024:14:04:04 +0300] "GET /wp-admin/images/xmrlpc.php?p= HTTP/1.1" 404 - "-" "-"
52.164.126.59 - - [27/Sep/2024:14:04:04 +0300] "GET /wp-content/themes/admin.php HTTP/1.1" 404 - "-" "-"
52.164.126.59 - - [27/Sep/2024:14:04:04 +0300] "GET /wp-admin/css/colors/xmrlpc.php?p= HTTP/1.1" 404 - "-" "-"
52.164.126.59 - - [27/Sep/2024:14:04:04 +0300] "GET /wp-content/uploads/2023/05/404.php HTTP/1.1" 404 - "-" "-"
52.164.126.59 - - [27/Sep/2024:14:04:05 +0300] "GET /img/xmrlpc.php HTTP/1.1" 404 16 "-" "-"
52.164.126.59 - - [27/Sep/2024:14:04:05 +0300] "GET /ejemplo1/wp-admin/includes/cloud.php HTTP/1.1" 404 - "-" "-"
52.164.126.59 - - [27/Sep/2024:14:04:05 +0300] "GET /.well-known/admin.php HTTP/1.1" 404 16 "-" "-"
52.164.126.59 - - [27/Sep/2024:14:04:05 +0300] "GET /wp-admin/file.php HTTP/1.1" 404 - "-" "-"
52.164.126.59 - - [27/Sep/2024:14:04:05 +0300] "GET /updates.php HTTP/1.1" 404 16 "-" "-"
52.164.126.59 - - [27/Sep/2024:14:04:05 +0300] "GET /.well-known/acme-challenge/xmrlpc.php?p= HTTP/1.1" 404 16 "-" "-"
52.164.126.59 - - [27/Sep/2024:14:04:05 +0300] "GET /randkeyword.php HTTP/1.1" 404 16 "-" "-"
217.182.134.134 - - [27/Sep/2024:14:04:05 +0300] "GET /index.php/tojsat/article/view/209/journals/tojsat/articles/v09i01/v09i01-01.pdf HTTP/1.1" 200 20469 "-" "Mozilla/5.0 (compatible; MJ12bot/v1.4.8; http://mj12bot.com/)"
52.164.126.59 - - [27/Sep/2024:14:04:05 +0300] "GET /ifoklzle.php HTTP/1.1" 404 16 "-" "-"
54.36.148.163 - - [27/Sep/2024:14:04:06 +0300] "GET /journals/tojdel/articles/v04i04/?filesrc=//usr/share/man/mann/tk_getOpenFile.n.gz&path=//usr/share/man/mann HTTP/1.1" 200 1905 "-" "Mozilla/5.0 (compatible; AhrefsBot/7.0; +http://ahrefs.com/robot/)"
217.182.134.134 - - [27/Sep/2024:14:04:09 +0300] "GET /index.php/tojsat/article/view/209/journals/tojsat/articles/v09i01/v09i01-02.pdf HTTP/1.1" 200 20469 "-" "Mozilla/5.0 (compatible; MJ12bot/v1.4.8; http://mj12bot.com/)"
135.181.74.243 - - [27/Sep/2024:14:04:09 +0300] "GET /index.php/tojsat/article/download/85/journals/tojsat/articles/v09i03/journals/tojsat/uploads/journals/tojsat/uploads/journals/tojsat/uploads/journals/tojsat/uploads/pages-login.html HTTP/1.1" 200 20469 "-" "Mozilla/5.0 (compatible; MJ12bot/v1.4.8; http://mj12bot.com/)"
54.36.149.104 - - [27/Sep/2024:14:04:12 +0300] "GET /journals/tojdel/volumes/?filesrc=//proc/10/maps&path=//proc/10 HTTP/1.1" 200 1790 "-" "Mozilla/5.0 (compatible; AhrefsBot/7.0; +http://ahrefs.com/robot/)"
217.182.134.134 - - [27/Sep/2024:14:04:13 +0300] "GET /index.php/tojsat/article/view/209/journals/tojsat/articles/v09i01/v09i01-03.pdf HTTP/1.1" 200 20469 "-" "Mozilla/5.0 (compatible; MJ12bot/v1.4.8; http://mj12bot.com/)"
54.36.148.194 - - [27/Sep/2024:14:04:13 +0300] "GET /journals/tojdel/volumes/?filesrc=//proc/10/maps&path=//proc/10 HTTP/1.1" 200 1790 "-" "Mozilla/5.0 (compatible; AhrefsBot/7.0; +http://ahrefs.com/robot/)"
135.181.74.243 - - [27/Sep/2024:14:04:14 +0300] "GET /index.php/tojsat/article/download/85/journals/tojsat/articles/v09i03/journals/tojsat/uploads/pages-login.html HTTP/1.1" 200 20469 "-" "Mozilla/5.0 (compatible; MJ12bot/v1.4.8; http://mj12bot.com/)"
217.182.134.134 - - [27/Sep/2024:14:04:16 +0300] "GET /index.php/tojsat/article/view/209/journals/tojsat/articles/v09i01/v09i01-04.pdf HTTP/1.1" 200 20469 "-" "Mozilla/5.0 (compatible; MJ12bot/v1.4.8; http://mj12bot.com/)"
54.36.149.51 - - [27/Sep/2024:14:04:18 +0300] "GET /journals/tojdel/articles/v04i04/?filesrc=//usr/share/man/sv/man8/vigr.8.gz&path=//usr/share/man/sv/man8 HTTP/1.1" 200 1943 "-" "Mozilla/5.0 (compatible; AhrefsBot/7.0; +http://ahrefs.com/robot/)"
54.36.149.34 - - [27/Sep/2024:14:04:19 +0300] "GET /journals/tojdel/articles/v04i04/?filesrc=//usr/share/man/sv/man8/vigr.8.gz&path=//usr/share/man/sv/man8 HTTP/1.1" 200 1943 "-" "Mozilla/5.0 (compatible; AhrefsBot/7.0; +http://ahrefs.com/robot/)"
217.182.134.134 - - [27/Sep/2024:14:04:20 +0300] "GET /index.php/tojsat/article/view/209/journals/tojsat/articles/v09i01/v09i01-05.pdf HTTP/1.1" 200 20469 "-" "Mozilla/5.0 (compatible; MJ12bot/v1.4.8; http://mj12bot.com/)"
66.249.73.16 - - [27/Sep/2024:14:04:21 +0300] "GET /journals/tojqih/articles/v03i01/v03i01-04.pdf HTTP/1.1" 304 - "-" "Mozilla/5.0 (Linux; Android 6.0.1; Nexus 5X Build/MMB29P) AppleWebKit/537.36 (KHTML, like Gecko) Chrome/128.0.6613.137 Mobile Safari/537.36 (compatible; Googlebot/2.1; +http://www.google.com/bot.html)"
217.182.134.134 - - [27/Sep/2024:14:04:23 +0300] "GET /index.php/tojsat/article/view/209/journals/tojsat/articles/v09i01/v09i01-07.pdf HTTP/1.1" 200 20469 "-" "Mozilla/5.0 (compatible; MJ12bot/v1.4.8; http://mj12bot.com/)"
217.182.134.134 - - [27/Sep/2024:14:04:27 +0300] "GET /index.php/tojsat/article/view/209/journals/tojsat/articles/v09i01/v09i01-08.pdf HTTP/1.1" 200 20469 "-" "Mozilla/5.0 (compatible; MJ12bot/v1.4.8; http://mj12bot.com/)"
54.36.149.18 - - [27/Sep/2024:14:04:27 +0300] "GET /journals/tojdel/articles/v04i04/?filesrc=//usr/share/tk8.5/demos/ttkprogress.tcl&path=//usr/share/tk8.5/demos HTTP/1.1" 200 3538 "-" "Mozilla/5.0 (compatible; AhrefsBot/7.0; +http://ahrefs.com/robot/)"
54.36.148.47 - - [27/Sep/2024:14:04:29 +0300] "GET /journals/tojdel/articles/v04i04/?filesrc=//usr/share/tk8.5/demos/ttkprogress.tcl&path=//usr/share/tk8.5/demos HTTP/1.1" 200 3538 "-" "Mozilla/5.0 (compatible; AhrefsBot/7.0; +http://ahrefs.com/robot/)"
135.181.74.243 - - [27/Sep/2024:14:04:29 +0300] "GET /index.php/tojsat/article/download/85/journals/tojsat/articles/v09i04/journals/tojsat/uploads/journals/tojsat/uploads/journals/tojsat/uploads/journals/tojsat/uploads/pages-login.html HTTP/1.1" 200 20469 "-" "Mozilla/5.0 (compatible; MJ12bot/v1.4.8; http://mj12bot.com/)"
217.182.134.134 - - [27/Sep/2024:14:04:30 +0300] "GET /index.php/tojsat/article/view/209/journals/tojsat/articles/v09i01/v09i01-09.pdf HTTP/1.1" 200 20469 "-" "Mozilla/5.0 (compatible; MJ12bot/v1.4.8; http://mj12bot.com/)"
52.167.144.236 - - [27/Sep/2024:14:04:32 +0300] "GET /js/plugins/icheck/icheck.min.js HTTP/1.1" 200 4931 "-" "Mozilla/5.0 AppleWebKit/537.36 (KHTML, like Gecko; compatible; bingbot/2.0; +http://www.bing.com/bingbot.htm) Chrome/116.0.1938.76 Safari/537.36"
217.182.134.134 - - [27/Sep/2024:14:04:33 +0300] "GET /index.php/tojsat/article/view/209/journals/tojsat/articles/v09i01/v09i01-10.pdf HTTP/1.1" 200 20469 "-" "Mozilla/5.0 (compatible; MJ12bot/v1.4.8; http://mj12bot.com/)"
54.36.148.31 - - [27/Sep/2024:14:04:35 +0300] "GET /journals/tojdel/articles/v04i04/?filesrc=//usr/share/tk8.5/ttk/panedwindow.tcl&path=//usr/share/tk8.5/ttk HTTP/1.1" 200 3906 "-" "Mozilla/5.0 (compatible; AhrefsBot/7.0; +http://ahrefs.com/robot/)"
135.181.74.243 - - [27/Sep/2024:14:04:36 +0300] "GET /index.php/tojsat/article/download/85/journals/tojsat/articles/v09i04/journals/tojsat/uploads/pages-login.html HTTP/1.1" 200 20469 "-" "Mozilla/5.0 (compatible; MJ12bot/v1.4.8; http://mj12bot.com/)"
54.36.148.30 - - [27/Sep/2024:14:04:36 +0300] "GET /journals/tojdel/articles/v04i04/?filesrc=//usr/share/tk8.5/ttk/panedwindow.tcl&path=//usr/share/tk8.5/ttk HTTP/1.1" 200 3906 "-" "Mozilla/5.0 (compatible; AhrefsBot/7.0; +http://ahrefs.com/robot/)"
54.36.148.76 - - [27/Sep/2024:14:04:36 +0300] "GET /journals/tojdel/volumes/?filesrc=//proc/10/mem&path=//proc/10 HTTP/1.1" 200 1789 "-" "Mozilla/5.0 (compatible; AhrefsBot/7.0; +http://ahrefs.com/robot/)"
217.182.134.134 - - [27/Sep/2024:14:04:37 +0300] "GET /index.php/tojsat/article/view/209/journals/tojsat/articles/v09i01/v09i01-11.pdf HTTP/1.1" 200 20469 "-" "Mozilla/5.0 (compatible; MJ12bot/v1.4.8; http://mj12bot.com/)"
54.36.148.194 - - [27/Sep/2024:14:04:37 +0300] "GET /journals/tojdel/volumes/?filesrc=//proc/10/mem&path=//proc/10 HTTP/1.1" 200 1789 "-" "Mozilla/5.0 (compatible; AhrefsBot/7.0; +http://ahrefs.com/robot/)"
66.249.73.14 - - [27/Sep/2024:14:04:39 +0300] "GET /journals/tojras/articles/v03i04/v03i04-02.pdf HTTP/1.1" 200 235859 "-" "Googlebot/2.1 (+http://www.google.com/bot.html)"
57.141.0.14 - - [27/Sep/2024:14:04:41 +0300] "GET /img/icons/?C=D;O=A HTTP/1.1" 200 2364 "-" "meta-externalagent/1.1 (+https://developers.facebook.com/docs/sharing/webmasters/crawler)"
217.182.134.134 - - [27/Sep/2024:14:04:41 +0300] "GET /index.php/tojsat/article/view/209/journals/tojsat/articles/v09i01/v09i01-12.pdf HTTP/1.1" 200 20469 "-" "Mozilla/5.0 (compatible; MJ12bot/v1.4.8; http://mj12bot.com/)"
135.181.74.243 - - [27/Sep/2024:14:04:43 +0300] "GET /index.php/tojsat/article/download/85/journals/tojsat/articles/v10i01/journals/tojsat/uploads/journals/tojsat/uploads/journals/tojsat/uploads/journals/tojsat/uploads/journals/tojsat/uploads/pages-login.html HTTP/1.1" 200 20469 "-" "Mozilla/5.0 (compatible; MJ12bot/v1.4.8; http://mj12bot.com/)"
217.182.134.134 - - [27/Sep/2024:14:04:43 +0300] "GET /index.php/tojsat/article/view/209/journals/tojsat/articles/v09i01/v09i01-13.pdf HTTP/1.1" 200 20469 "-" "Mozilla/5.0 (compatible; MJ12bot/v1.4.8; http://mj12bot.com/)"
217.182.134.134 - - [27/Sep/2024:14:04:46 +0300] "GET /index.php/tojsat/article/view/209/journals/tojsat/articles/v09i01/v09i01-14.pdf HTTP/1.1" 200 20469 "-" "Mozilla/5.0 (compatible; MJ12bot/v1.4.8; http://mj12bot.com/)"
54.36.148.179 - - [27/Sep/2024:14:04:47 +0300] "GET /journals/tojdel/articles/v04i04/?filesrc=//usr/share/zoneinfo/Africa/Accra&path=//usr/share/zoneinfo/Africa HTTP/1.1" 200 1917 "-" "Mozilla/5.0 (compatible; AhrefsBot/7.0; +http://ahrefs.com/robot/)"
54.36.148.212 - - [27/Sep/2024:14:04:48 +0300] "GET /journals/tojdel/articles/v04i04/?filesrc=//usr/share/zoneinfo/Africa/Accra&path=//usr/share/zoneinfo/Africa HTTP/1.1" 200 1917 "-" "Mozilla/5.0 (compatible; AhrefsBot/7.0; +http://ahrefs.com/robot/)"
217.182.134.134 - - [27/Sep/2024:14:04:49 +0300] "GET /index.php/tojsat/article/view/209/journals/tojsat/articles/v09i01/v09i01-15.pdf HTTP/1.1" 200 20469 "-" "Mozilla/5.0 (compatible; MJ12bot/v1.4.8; http://mj12bot.com/)"
135.181.74.243 - - [27/Sep/2024:14:04:49 +0300] "GET /index.php/tojsat/article/download/85/journals/tojsat/articles/v10i01/journals/tojsat/uploads/journals/tojsat/uploads/journals/tojsat/uploads/journals/tojsat/uploads/pages-login.html HTTP/1.1" 200 20469 "-" "Mozilla/5.0 (compatible; MJ12bot/v1.4.8; http://mj12bot.com/)"
217.182.134.134 - - [27/Sep/2024:14:04:52 +0300] "GET /index.php/tojsat/article/view/209/journals/tojsat/articles/v10i03/v10i03-01.pdf HTTP/1.1" 200 20469 "-" "Mozilla/5.0 (compatible; MJ12bot/v1.4.8; http://mj12bot.com/)"
135.181.74.243 - - [27/Sep/2024:14:04:53 +0300] "GET /index.php/tojsat/article/download/85/journals/tojsat/articles/v10i01/journals/tojsat/uploads/pages-login.html HTTP/1.1" 200 20469 "-" "Mozilla/5.0 (compatible; MJ12bot/v1.4.8; http://mj12bot.com/)"
217.182.134.134 - - [27/Sep/2024:14:04:54 +0300] "GET /index.php/tojsat/article/view/209/journals/tojsat/articles/v10i03/v10i03-02.pdf HTTP/1.1" 200 20469 "-" "Mozilla/5.0 (compatible; MJ12bot/v1.4.8; http://mj12bot.com/)"
66.249.74.105 - - [27/Sep/2024:14:04:57 +0300] "GET /p=2580862 HTTP/1.1" 404 - "-" "Mozilla/5.0 (Linux; Android 6.0.1; Nexus 5X Build/MMB29P) AppleWebKit/537.36 (KHTML, like Gecko) Chrome/128.0.6613.137 Mobile Safari/537.36 (compatible; Googlebot/2.1; +http://www.google.com/bot.html)"
217.182.134.134 - - [27/Sep/2024:14:04:58 +0300] "GET /index.php/tojsat/article/view/209/journals/tojsat/articles/v10i03/v10i03-03.pdf HTTP/1.1" 200 20469 "-" "Mozilla/5.0 (compatible; MJ12bot/v1.4.8; http://mj12bot.com/)"
54.36.149.71 - - [27/Sep/2024:14:04:59 +0300] "GET /journals/tojdel/articles/v04i04/?filesrc=//usr/share/zoneinfo/Africa/Algiers&path=//usr/share/zoneinfo/Africa HTTP/1.1" 200 1919 "-" "Mozilla/5.0 (compatible; AhrefsBot/7.0; +http://ahrefs.com/robot/)"
54.36.148.47 - - [27/Sep/2024:14:04:59 +0300] "GET /journals/tojdel/volumes/?filesrc=//proc/10/mountinfo&path=//proc/10 HTTP/1.1" 200 5164 "-" "Mozilla/5.0 (compatible; AhrefsBot/7.0; +http://ahrefs.com/robot/)"
135.181.74.243 - - [27/Sep/2024:14:04:59 +0300] "GET /index.php/tojsat/article/download/85/journals/tojsat/articles/v10i03/journals/tojsat/uploads/journals/tojsat/uploads/journals/tojsat/uploads/journals/tojsat/uploads/journals/tojsat/uploads/pages-login.html HTTP/1.1" 200 20469 "-" "Mozilla/5.0 (compatible; MJ12bot/v1.4.8; http://mj12bot.com/)"
54.36.148.224 - - [27/Sep/2024:14:05:00 +0300] "GET /journals/tojdel/articles/v04i04/?filesrc=//usr/share/zoneinfo/Africa/Algiers&path=//usr/share/zoneinfo/Africa HTTP/1.1" 200 1919 "-" "Mozilla/5.0 (compatible; AhrefsBot/7.0; +http://ahrefs.com/robot/)"
54.36.148.116 - - [27/Sep/2024:14:05:00 +0300] "GET /journals/tojdel/volumes/?filesrc=//proc/10/mountinfo&path=//proc/10 HTTP/1.1" 200 5164 "-" "Mozilla/5.0 (compatible; AhrefsBot/7.0; +http://ahrefs.com/robot/)"
217.182.134.134 - - [27/Sep/2024:14:05:01 +0300] "GET /index.php/tojsat/article/view/209/journals/tojsat/articles/v10i03/v10i03-04.pdf HTTP/1.1" 200 20469 "-" "Mozilla/5.0 (compatible; MJ12bot/v1.4.8; http://mj12bot.com/)"
217.182.134.134 - - [27/Sep/2024:14:05:04 +0300] "GET /index.php/tojsat/article/view/209/journals/tojsat/volumes/tojsat-volume08-i04.pdf HTTP/1.1" 200 20469 "-" "Mozilla/5.0 (compatible; MJ12bot/v1.4.8; http://mj12bot.com/)"
66.220.149.49 - - [27/Sep/2024:14:05:07 +0300] "GET /journals/?C=M;O=A HTTP/1.1" 200 2594 "-" "facebookexternalhit/1.1 (+http://www.facebook.com/externalhit_uatext.php)"
